

{"id":695,"date":"2020-06-09T16:58:35","date_gmt":"2020-06-09T20:58:35","guid":{"rendered":"http:\/\/www.uajms.edu.bo\/secretaria-academica\/?page_id=695"},"modified":"2020-06-09T16:58:35","modified_gmt":"2020-06-09T20:58:35","slug":"reglamentos-2","status":"publish","type":"page","link":"https:\/\/www.uajms.edu.bo\/secretaria-academica\/reglamentos-2\/","title":{"rendered":"Reglamentos"},"content":{"rendered":"<p>&nbsp;<\/p>\n<table style=\"border-collapse: collapse;width: 90%\" border=\"1\">\n<tbody>\n<tr style=\"height: 24px\">\n<td style=\"width: 6.27514%;height: 24px\"><strong>N\u00ba<\/strong><\/td>\n<td style=\"width: 13.8507%;height: 24px\"><strong>REGLAMENTO<\/strong><\/td>\n<td style=\"width: 5.12307%;height: 24px\"><strong>NRO. RESOLUCI\u00d3N<\/strong><\/td>\n<td style=\"width: 8.92117%;height: 24px\"><strong>DESCARGAR<\/strong><\/td>\n<\/tr>\n<tr style=\"height: 24px\">\n<td style=\"width: 6.27514%;height: 24px\">1<\/td>\n<td style=\"width: 13.8507%;height: 24px;text-align: left\">Reglemento del XII Congreso de Universidades<\/td>\n<td style=\"width: 5.12307%;height: 24px;text-align: left\">Nacional<\/td>\n<td style=\"width: 8.92117%;height: 24px\"><a class=\"gdlr-core-button gdlr-core-button-transparent gdlr-core-button-with-border align-text-center\" href=\"https:\/\/drive.google.com\/file\/d\/1AiJwGJkQ6gx6Qm7P1Z92bL3vV8r7GmQT\/view?usp=sharing\">Descargar<\/a><\/td>\n<\/tr>\n<tr style=\"height: 24px\">\n<td style=\"width: 6.27514%;height: 24px\">2<\/td>\n<td style=\"width: 13.8507%;height: 24px;text-align: left\">Modelo Acad\u00e9mico CEUB 2015-2021<\/td>\n<td style=\"width: 5.12307%;height: 24px;text-align: left\">Nacional<\/td>\n<td style=\"width: 8.92117%;height: 24px\"><a class=\"gdlr-core-button gdlr-core-button-transparent gdlr-core-button-with-border align-text-center\" href=\"https:\/\/drive.google.com\/file\/d\/1AiJwGJkQ6gx6Qm7P1Z92bL3vV8r7GmQT\">Descargar<\/a><\/td>\n<\/tr>\n<tr style=\"height: 24px\">\n<td style=\"width: 6.27514%;height: 24px\">2<\/td>\n<td style=\"width: 13.8507%;height: 24px;text-align: left\">Reglamento de Funcionamiento de Departamentos Acad\u00e9micos<\/td>\n<td style=\"width: 5.12307%;height: 24px;text-align: left\">R.Vicerrectoral 10\/10<\/td>\n<td style=\"width: 8.92117%;height: 24px\"><a class=\"gdlr-core-button gdlr-core-button-transparent gdlr-core-button-with-border align-text-center\" href=\"https:\/\/drive.google.com\/file\/d\/1AiJwGJkQ6gx6Qm7P1Z92bL3vV8r7GmQT\">Descargar<\/a><\/td>\n<\/tr>\n<tr style=\"height: 24px\">\n<td style=\"width: 6.27514%;height: 24px\">2<\/td>\n<td style=\"width: 13.8507%;height: 24px;text-align: left\">Reglamento de Admisi\u00f3n Docente<\/td>\n<td style=\"width: 5.12307%;height: 24px;text-align: left\">R.Vicerrectoral 145\/19<\/td>\n<td style=\"width: 8.92117%;height: 24px\"><a class=\"gdlr-core-button gdlr-core-button-transparent gdlr-core-button-with-border align-text-center\" href=\"https:\/\/drive.google.com\/file\/d\/1AiJwGJkQ6gx6Qm7P1Z92bL3vV8r7GmQT\">Descargar<\/a><\/td>\n<\/tr>\n<\/tbody>\n<\/table>\n<p>&nbsp;<\/p>\n<p>Para acceder a lineamientos de otras gestiones, acceder a la Gaceta Universitaria a trav\u00e9s del siguiente link <em><a href=\"http:\/\/6_35_10_RVI_035 -lineamiento evaluacion docente 2019\">Gaceta Universitaria<\/a><\/em><\/p>\n","protected":false},"excerpt":{"rendered":"<p>&nbsp; N\u00ba REGLAMENTO NRO. RESOLUCI\u00d3N DESCARGAR 1 Reglemento del XII Congreso de Universidades Nacional Descargar 2 Modelo Acad\u00e9mico CEUB 2015-2021 Nacional Descargar 2 Reglamento de Funcionamiento de Departamentos Acad\u00e9micos R.Vicerrectoral [&hellip;]<\/p>\n","protected":false},"author":1,"featured_media":0,"parent":0,"menu_order":0,"comment_status":"closed","ping_status":"closed","template":"","meta":{"jetpack_post_was_ever_published":false,"_joinchat":[],"footnotes":""},"class_list":["post-695","page","type-page","status-publish","hentry"],"jetpack_sharing_enabled":true,"jetpack_shortlink":"https:\/\/wp.me\/PbcOlg-bd","publishpress_future_action":{"enabled":false,"date":"2026-05-07 12:01:26","action":"change-status","newStatus":"draft","terms":[],"taxonomy":"","extraData":[]},"publishpress_future_workflow_manual_trigger":{"enabledWorkflows":[]},"_links":{"self":[{"href":"https:\/\/www.uajms.edu.bo\/secretaria-academica\/wp-json\/wp\/v2\/pages\/695","targetHints":{"allow":["GET"]}}],"collection":[{"href":"https:\/\/www.uajms.edu.bo\/secretaria-academica\/wp-json\/wp\/v2\/pages"}],"about":[{"href":"https:\/\/www.uajms.edu.bo\/secretaria-academica\/wp-json\/wp\/v2\/types\/page"}],"author":[{"embeddable":true,"href":"https:\/\/www.uajms.edu.bo\/secretaria-academica\/wp-json\/wp\/v2\/users\/1"}],"replies":[{"embeddable":true,"href":"https:\/\/www.uajms.edu.bo\/secretaria-academica\/wp-json\/wp\/v2\/comments?post=695"}],"version-history":[{"count":2,"href":"https:\/\/www.uajms.edu.bo\/secretaria-academica\/wp-json\/wp\/v2\/pages\/695\/revisions"}],"predecessor-version":[{"id":697,"href":"https:\/\/www.uajms.edu.bo\/secretaria-academica\/wp-json\/wp\/v2\/pages\/695\/revisions\/697"}],"wp:attachment":[{"href":"https:\/\/www.uajms.edu.bo\/secretaria-academica\/wp-json\/wp\/v2\/media?parent=695"}],"curies":[{"name":"wp","href":"https:\/\/api.w.org\/{rel}","templated":true}]}}