

{"id":4511,"date":"2022-11-07T13:55:08","date_gmt":"2022-11-07T17:55:08","guid":{"rendered":"https:\/\/www.uajms.edu.bo\/posgrado\/?page_id=4511"},"modified":"2022-11-07T13:56:54","modified_gmt":"2022-11-07T17:56:54","slug":"estrategias-de-marketing-digital-y-posicionamiento-web-seo-y-sem","status":"publish","type":"page","link":"https:\/\/www.uajms.edu.bo\/posgrado\/estrategias-de-marketing-digital-y-posicionamiento-web-seo-y-sem\/","title":{"rendered":"ESTRATEGIAS DE MARKETING DIGITAL Y POSICIONAMIENTO WEB (SEO Y SEM)."},"content":{"rendered":"\n<p><strong>PRESENTACI\u00d3N:<\/strong><\/p>\n\n\n\n<p><em>El marketing digital ha cobrado mucha importancia en los \u00faltimos a\u00f1os, pues internet y sus diferentes plataformas se han convertido en uno de los principales canales de b\u00fasqueda de cualquier servicio, producto o persona.<\/em><\/p>\n\n\n\n<p><em>De all\u00ed la importancia de adquirir conocimientos sobre el dise\u00f1o de estrategias y el manejo de herramientas que permitan<\/em> <em>integrar en la web todos los procesos publicitarios y esfuerzos comerciales de una marca, negocio, empresa u organizaci\u00f3n y as\u00ed optimizar la visibilidad de sus p\u00e1ginas web y lograr un posicionamiento adecuado.<\/em><\/p>\n\n\n\n<p><em>Este curso facilita los conocimientos fundamentales y necesarios para quien desee aprende a cerca del marketing digital y estrategias de posicionamiento web.<\/em><\/p>\n\n\n\n<p><strong>COMPETENCIA A DESARROLLAR:<\/strong><\/p>\n\n\n\n<p><em>Una vez culminado el curso el alumno obtendr\u00e1 conocimientos sobre las bases fundamentales del marketing digital, las estrategias SEO y SEM, las herramientas digitales disponibles para posicionar p\u00e1ginas webs y sobre el funcionamiento b\u00e1sico de los buscadores, anal\u00edtica web y m\u00e9tricas.<\/em><\/p>\n\n\n\n<p><strong>MODALIDAD:<\/strong><\/p>\n\n\n\n<p><em>100% Virtual.<\/em><\/p>\n\n\n\n<p><strong>CONTENIDO DEL CURSO:<\/strong><\/p>\n\n\n\n<p><strong><em>&nbsp;&nbsp;&nbsp;&nbsp;&nbsp;&nbsp;&nbsp;&nbsp;&nbsp;&nbsp;&nbsp;&nbsp;&nbsp; Tema 1. Fundamentos b\u00e1sicos del marketing digital<\/em><\/strong><em><\/em><\/p>\n\n\n\n<p><strong><em>Tema 2.<\/em><\/strong><em> <strong>Posicionamiento web (SEO y SEM)<\/strong><\/em><\/p>\n\n\n\n<p><strong><em>2.1.<\/em><\/strong><em> Posicionamiento org\u00e1nico en buscadores &#8211; SEO (Search engine optimization)<\/em><\/p>\n\n\n\n<p><strong><em>&nbsp;&nbsp;&nbsp;&nbsp;&nbsp;&nbsp;&nbsp;&nbsp; &nbsp;&nbsp;&nbsp;&nbsp;&nbsp;&nbsp;&nbsp;&nbsp;2.1.1.<\/em><\/strong><em> SEO on page y SEO off page<\/em><\/p>\n\n\n\n<p><em>&nbsp;&nbsp;&nbsp;&nbsp;&nbsp;&nbsp;&nbsp;&nbsp;&nbsp; <strong>2.2.<\/strong> Posicionamiento pagado en buscadores &#8211; SEM (Search engine marketing)<\/em><\/p>\n\n\n\n<p><strong><em>&nbsp;&nbsp;&nbsp;&nbsp;&nbsp;&nbsp;&nbsp;&nbsp;&nbsp;&nbsp;&nbsp;&nbsp;&nbsp;&nbsp;&nbsp;&nbsp; 2.2.1.<\/em><\/strong><em> Estrategia SEM<\/em><\/p>\n\n\n\n<p><strong><em>&nbsp;&nbsp;&nbsp;&nbsp;&nbsp;&nbsp;&nbsp;&nbsp;&nbsp;&nbsp;&nbsp; &nbsp;&nbsp;&nbsp;&nbsp;&nbsp;2.2.2.<\/em><\/strong><em> Google Ads<\/em><\/p>\n\n\n\n<p><strong><em>&nbsp;&nbsp;&nbsp;&nbsp;&nbsp;&nbsp;&nbsp;&nbsp; 2.3.<\/em><\/strong><em> Diferencias y comparativas entre SEO y SEM<\/em><\/p>\n\n\n\n<p><strong><em>Tema 3. Anal\u00edtica Web<\/em><\/strong><\/p>\n\n\n\n<p><em>&nbsp;&nbsp;&nbsp;&nbsp;&nbsp;&nbsp;&nbsp;&nbsp;&nbsp;&nbsp;&nbsp;&nbsp; 3.1. M\u00e9tricas<\/em><\/p>\n\n\n\n<p><em>&nbsp;&nbsp;&nbsp;&nbsp;&nbsp;&nbsp;&nbsp; &nbsp;&nbsp;&nbsp;&nbsp;&nbsp;3.2. Google Analitics&nbsp;&nbsp;&nbsp;&nbsp;&nbsp;&nbsp;&nbsp;&nbsp;<\/em><\/p>\n\n\n\n<p><strong>DIRIGIDO A:<\/strong><\/p>\n\n\n\n<p><em>Este curso virtual est\u00e1 dirigido a profesionales y estudiantes de \u00e1reas de marketing, comercio, empresa, otras disciplinas y personas en general, que tengan inter\u00e9s en profundizar sus conocimientos sobre marketing digital, anal\u00edtica web y posicionamiento web; y quieran aprender sobre estrategias y herramientas para la gesti\u00f3n y el logro del posicionamiento de una p\u00e1gina web.<\/em><\/p>\n\n\n\n<p><strong>DURACI\u00d3N:&nbsp;&nbsp;&nbsp;&nbsp;&nbsp;&nbsp;&nbsp;&nbsp;&nbsp;<\/strong><\/p>\n\n\n\n<p><em>El curso tendr\u00e1 una duraci\u00f3n de 2 semanas.<\/em><\/p>\n\n\n\n<p><strong>COSTOS <\/strong><\/p>\n\n\n\n<p>              <strong>PROFESIONALES:<\/strong> 200 Bs.<\/p>\n\n\n\n<p>              <strong>ESTUDIANTES:<\/strong> 100 Bs.<\/p>\n\n\n\n<p>              <strong>CUENTA BANCARIA: BANCO UNI\u00d3N \u2013 CUENTA CORRIENTE N\u00b0 1-6035089<\/strong><\/p>\n\n\n\n<p><strong>REQUISITOS DE ADMISION AL CURSO:<\/strong><\/p>\n\n\n\n<p><em>Conocimientos generales en manejo de plataformas de b\u00fasqueda online.<\/em><em><\/em><\/p>\n\n\n\n<p><strong>CUPO MINIMO Y M\u00c1XIMO DE PARTICIPANTES:<\/strong><\/p>\n\n\n\n<p><em>El cupo m\u00ednimo de estudiantes para el curso es de 30 y el m\u00e1ximo de 50.<\/em><\/p>\n\n\n\n<p><strong>METODOLOGIA DE ENSE\u00d1ANZA: &nbsp;&nbsp;<\/strong><em>&nbsp;<\/em><\/p>\n\n\n\n<ul class=\"wp-block-list\"><li><em>Lecci\u00f3n magistral\/expositiva<\/em><\/li><li><em>Sesiones de discusi\u00f3n y debate<\/em><\/li><li><em>Lectura cr\u00edtica de fuentes y documentos<\/em><\/li><li><em>Participaci\u00f3n en foro<\/em><\/li><li><em>Realizaci\u00f3n de caso pr\u00e1ctico<\/em><\/li><\/ul>\n\n\n\n<p><strong>DOCENTE (S) DEL CURSO:<\/strong><\/p>\n\n\n\n<p><strong><em>Docente:<\/em><\/strong><em><\/em><\/p>\n\n\n\n<p><em>Msc. Lic. Grecia De la Serna Torrez.<\/em><\/p>\n\n\n\n<p><strong><em>Curriculum vitae resumido:<\/em><\/strong><\/p>\n\n\n\n<ul class=\"wp-block-list\"><li><em>M\u00e1ster en Marketing y Comportamiento del Consumidor &#8211; Universidad de Granada.<\/em><\/li><li><em>M\u00e1ster en Econom\u00eda y Organizaci\u00f3n de Empresas &#8211; Universidad de Granada.<\/em><\/li><li><em>Diplomado en Teor\u00eda y Pr\u00e1ctica Pedag\u00f3gica Universitaria &#8211; Secretar\u00eda de Educaci\u00f3n Continua, Universidad Aut\u00f3noma Juan Misael Saracho.<\/em><\/li><li><em>Licenciada en Administraci\u00f3n de Empresas &#8211; Universidad Aut\u00f3noma Juan Misael Saracho.<\/em><\/li><\/ul>\n\n\n\n<p><strong><em>Experiencia en el \u00e1rea:<\/em><\/strong><\/p>\n\n\n\n<ul class=\"wp-block-list\"><li><em>Redactora de contenido para marketing y empresa &nbsp;&nbsp;&nbsp;&nbsp;&nbsp;&nbsp;&nbsp;&nbsp;&nbsp;<\/em><\/li><\/ul>\n\n\n\n<p><em>Departamento de Pedagog\u00eda<\/em><\/p>\n\n\n\n<p><em>EUROINNOVA EDITORIAL<\/em><\/p>\n\n\n\n<p><em>Granada, Espa\u00f1a<\/em><\/p>\n\n\n\n<p><strong>CRONOGRAMA DEL CURSO<\/strong><\/p>\n\n\n\n<figure class=\"wp-block-table\"><table><tbody><tr><td><strong>CURSO DE<\/strong> <strong>ESTRATEGIAS DE MARKETING DIGITAL Y POSICIONAMIENTO WEB &nbsp;&nbsp;&nbsp;&nbsp;&nbsp;&nbsp;&nbsp;&nbsp;&nbsp;&nbsp;&nbsp;&nbsp;&nbsp;(SEO Y SEM)<\/strong><\/td><\/tr><tr><td>&nbsp;<\/td><td><strong>CLASE 1<\/strong><\/td><td><strong>CLASE 2<\/strong><\/td><td><strong>CLASE 3<\/strong><\/td><\/tr><tr><td><strong>SEMANA 1<\/strong><\/td><td><strong><em>(Tema 1 y e inicio de tema 2)<\/em><\/strong> <em>1. Fundamentos b\u00e1sicos del marketing digital<\/em> <em>2. Posicionamiento web (SEO y SEM)<\/em><\/td><td><strong><em>&nbsp;(continuaci\u00f3n tema 2)<\/em><\/strong> <em>2.1. Posicionamiento org\u00e1nico en buscadores &#8211; SEO<\/em> <em>&nbsp;2.1.1. SEO on page y SEO off page<\/em><\/td><td><strong><em>(continuaci\u00f3n tema 2, pautas para participaci\u00f3n en foro)<\/em><\/strong> <em>2.2. Posicionamiento pagado en buscadores \u2013 SEM<\/em> <em>2.2.1. Estrategia SEM<\/em> <em>&nbsp;<\/em><\/td><\/tr><tr><td><strong>SEMANA 2<\/strong><\/td><td><strong><em>(finalizaci\u00f3n tema 2)<\/em><\/strong> <em>2.2.2. Google Ads<\/em> <em>2.3. Diferencias y comparativas entre SEO y SEM<\/em> <em>&nbsp;<\/em><\/td><td><strong><em>(inicio de tema 3)<\/em><\/strong> <em>3. Anal\u00edtica Web<\/em> <em>3.1. M\u00e9tricas<\/em> <em>&nbsp;<\/em><\/td><td><strong><em>(finalizaci\u00f3n tema 3, pautas para la realizaci\u00f3n de caso pr\u00e1ctico)<\/em><\/strong> <em>3.2. Google Analitics<\/em><\/td><\/tr><\/tbody><\/table><\/figure>\n\n\n\n<p><strong><em>INFORMES E INSCRIPCIONES:<\/em><\/strong><em><\/em><\/p>\n\n\n\n<p><strong><em>SEDE CENTRAL TARIJA&nbsp;&nbsp;&nbsp;&nbsp;&nbsp;&nbsp;&nbsp;&nbsp;&nbsp;&nbsp;&nbsp;&nbsp;&nbsp;&nbsp;&nbsp;&nbsp;&nbsp;&nbsp;&nbsp;&nbsp;&nbsp;&nbsp;&nbsp;&nbsp;&nbsp;&nbsp;&nbsp;&nbsp;&nbsp;&nbsp;&nbsp;&nbsp;&nbsp;&nbsp;&nbsp;&nbsp;&nbsp;&nbsp;&nbsp;&nbsp;&nbsp;&nbsp;&nbsp;&nbsp;&nbsp;&nbsp;&nbsp;&nbsp;&nbsp;&nbsp;&nbsp;&nbsp;&nbsp;&nbsp;&nbsp;&nbsp;&nbsp;&nbsp;&nbsp;&nbsp;&nbsp;&nbsp;&nbsp;&nbsp;&nbsp;&nbsp;&nbsp;&nbsp;&nbsp;&nbsp;&nbsp;&nbsp;&nbsp;&nbsp;&nbsp;&nbsp;&nbsp;&nbsp;&nbsp;&nbsp;&nbsp;&nbsp;&nbsp;&nbsp;&nbsp;&nbsp;&nbsp;&nbsp;&nbsp;&nbsp;&nbsp;&nbsp;&nbsp;&nbsp;&nbsp;&nbsp;&nbsp;&nbsp;&nbsp;&nbsp;&nbsp;&nbsp;&nbsp;&nbsp;&nbsp;&nbsp;&nbsp;&nbsp;&nbsp;&nbsp; <\/em><\/strong><em><\/em><\/p>\n\n\n\n<p><em>Direcci\u00f3n: Calle Ingavi esq. Padilla N\u00b0 689&nbsp;&nbsp;&nbsp;&nbsp;&nbsp;&nbsp;&nbsp;&nbsp;&nbsp;&nbsp;&nbsp;&nbsp;&nbsp;&nbsp;&nbsp;&nbsp;&nbsp;&nbsp;&nbsp;&nbsp;&nbsp;&nbsp;&nbsp;&nbsp;&nbsp;&nbsp;&nbsp;&nbsp;&nbsp;&nbsp;&nbsp;&nbsp;&nbsp;&nbsp;&nbsp;&nbsp;&nbsp;&nbsp;&nbsp;&nbsp;&nbsp;&nbsp;&nbsp;&nbsp;&nbsp;&nbsp;&nbsp;&nbsp;&nbsp;&nbsp;&nbsp;&nbsp;&nbsp;&nbsp;&nbsp;&nbsp;&nbsp;&nbsp;&nbsp;&nbsp;&nbsp;&nbsp;&nbsp;&nbsp;&nbsp;&nbsp;&nbsp;&nbsp;&nbsp;&nbsp;&nbsp;&nbsp;&nbsp;&nbsp;&nbsp;&nbsp;&nbsp;&nbsp;&nbsp;&nbsp;<\/em><\/p>\n\n\n\n<p><em>Tel\u00e9fono: 6642814&nbsp;&nbsp;&nbsp;&nbsp;&nbsp;&nbsp;&nbsp;&nbsp;&nbsp;&nbsp;&nbsp;&nbsp;&nbsp;&nbsp;&nbsp;&nbsp;&nbsp;&nbsp;&nbsp;&nbsp;&nbsp;&nbsp;&nbsp;&nbsp;&nbsp;&nbsp;&nbsp;&nbsp;&nbsp;&nbsp;&nbsp;&nbsp;&nbsp;&nbsp;&nbsp;&nbsp;&nbsp;&nbsp;&nbsp;&nbsp;&nbsp;&nbsp;&nbsp;&nbsp;&nbsp;&nbsp;&nbsp;&nbsp;&nbsp;&nbsp;&nbsp;&nbsp;&nbsp;&nbsp;&nbsp;&nbsp;&nbsp;&nbsp;&nbsp;&nbsp;&nbsp;&nbsp;&nbsp;&nbsp;&nbsp;&nbsp;&nbsp;&nbsp;&nbsp;&nbsp;&nbsp;&nbsp;&nbsp;&nbsp;&nbsp;&nbsp;&nbsp;&nbsp;&nbsp;&nbsp;&nbsp;&nbsp;&nbsp;&nbsp;&nbsp;&nbsp;&nbsp;&nbsp;&nbsp;&nbsp;&nbsp;&nbsp;&nbsp;&nbsp;&nbsp;&nbsp;&nbsp;&nbsp;&nbsp;&nbsp;&nbsp;&nbsp;&nbsp;&nbsp;&nbsp;&nbsp;&nbsp;&nbsp;&nbsp;&nbsp;&nbsp;&nbsp;&nbsp;&nbsp;&nbsp;&nbsp; <\/em><em>Facebook:&nbsp;<strong>posgradosuajms&nbsp;&nbsp;&nbsp;<\/strong><\/em><\/p>\n\n\n\n<p>   <\/p>\n\n\n\n<p><\/p>\n","protected":false},"excerpt":{"rendered":"<p>PRESENTACI\u00d3N: El marketing digital ha cobrado mucha importancia en los \u00faltimos a\u00f1os, pues internet y sus diferentes plataformas se han convertido en uno de los principales canales de b\u00fasqueda de [&hellip;]<\/p>\n","protected":false},"author":118,"featured_media":0,"parent":0,"menu_order":0,"comment_status":"closed","ping_status":"closed","template":"","meta":{"jetpack_post_was_ever_published":false,"_joinchat":[],"footnotes":""},"class_list":["post-4511","page","type-page","status-publish","hentry"],"jetpack_sharing_enabled":true,"jetpack_shortlink":"https:\/\/wp.me\/P5Qmml-1aL","publishpress_future_action":{"enabled":false,"date":"2026-04-17 10:09:10","action":"change-status","newStatus":"draft","terms":[],"taxonomy":"","extraData":[]},"publishpress_future_workflow_manual_trigger":{"enabledWorkflows":[]},"_links":{"self":[{"href":"https:\/\/www.uajms.edu.bo\/posgrado\/wp-json\/wp\/v2\/pages\/4511","targetHints":{"allow":["GET"]}}],"collection":[{"href":"https:\/\/www.uajms.edu.bo\/posgrado\/wp-json\/wp\/v2\/pages"}],"about":[{"href":"https:\/\/www.uajms.edu.bo\/posgrado\/wp-json\/wp\/v2\/types\/page"}],"author":[{"embeddable":true,"href":"https:\/\/www.uajms.edu.bo\/posgrado\/wp-json\/wp\/v2\/users\/118"}],"replies":[{"embeddable":true,"href":"https:\/\/www.uajms.edu.bo\/posgrado\/wp-json\/wp\/v2\/comments?post=4511"}],"version-history":[{"count":2,"href":"https:\/\/www.uajms.edu.bo\/posgrado\/wp-json\/wp\/v2\/pages\/4511\/revisions"}],"predecessor-version":[{"id":4513,"href":"https:\/\/www.uajms.edu.bo\/posgrado\/wp-json\/wp\/v2\/pages\/4511\/revisions\/4513"}],"wp:attachment":[{"href":"https:\/\/www.uajms.edu.bo\/posgrado\/wp-json\/wp\/v2\/media?parent=4511"}],"curies":[{"name":"wp","href":"https:\/\/api.w.org\/{rel}","templated":true}]}}