

{"id":4488,"date":"2022-11-03T09:41:38","date_gmt":"2022-11-03T13:41:38","guid":{"rendered":"https:\/\/www.uajms.edu.bo\/posgrado\/?page_id=4488"},"modified":"2022-11-03T10:54:05","modified_gmt":"2022-11-03T14:54:05","slug":"proceso-de-enfermeria-taxonomias-nanda-noc-nic","status":"publish","type":"page","link":"https:\/\/www.uajms.edu.bo\/posgrado\/proceso-de-enfermeria-taxonomias-nanda-noc-nic\/","title":{"rendered":"\u201cPROCESO DE ENFERMER\u00cdA: TAXONOM\u00cdAS NANDA NOC NIC\u201d"},"content":{"rendered":"\n<p><strong>PRESENTACI\u00d3N:<\/strong><\/p>\n\n\n\n<p><em>En el presente curso de describir\u00e1n las 5 etapas del proceso de enfermer\u00eda: Valoraci\u00f3n, diagn\u00f3stico, planeaci\u00f3n, ejecuci\u00f3n y evaluaci\u00f3n incluyendo las herramientas taxon\u00f3micas para su implementaci\u00f3n en la pr\u00e1ctica cl\u00ednica de enfermer\u00eda: NANDA, NOC, NIC. A trav\u00e9s de casos cl\u00ednicos breves y demostraciones del desarrollo de los lenguajes estandarizados y ejercicios de pensamiento cr\u00edtico para el dise\u00f1o de planes de cuidados de enfermer\u00eda basados en evidencias cient\u00edficas y las m\u00e1s recientes actualizaciones de sus conceptos.<\/em><\/p>\n\n\n\n<p><strong>MODALIDAD:<\/strong><\/p>\n\n\n\n<p>Virtual<\/p>\n\n\n\n<p><strong>REQUISITOS DE INSCRIPCI\u00d3N<\/strong><\/p>\n\n\n\n<ul class=\"wp-block-list\"><li>Fotocopia de Carnet de Identidad<\/li><li>Boleta de dep\u00f3sito bancario por matriculaci\u00f3n al programa<\/li><\/ul>\n\n\n\n<p><strong>DURACI\u00d3N<\/strong><\/p>\n\n\n\n<p><em>9, 10 y 11 de noviembre. A partir de las 19:00 a las 21:00 hrs. hora de Bolivia.<\/em><\/p>\n\n\n\n<p><strong>COSTOS:<\/strong><\/p>\n\n\n\n<ul class=\"wp-block-list\"><li>Profesionales 120 Bs.<\/li><li>Estudiantes     50 Bs.<\/li><\/ul>\n\n\n\n<p>     <strong>CUENTA BANCARIA: BANCO UNI\u00d3N &#8211; CUENTA CORRIENTE N\u00b0 1-6035089<\/strong><\/p>\n\n\n\n<p><strong>METODOLOG\u00cdA<\/strong><\/p>\n\n\n\n<p>Videoconferencia, Presentaci\u00f3n con diapositivas v\u00eda zoom.<\/p>\n\n\n\n<p>Ejercicios de notas en formatos nuevos con apoyo de material did\u00e1ctico: Algoritmos NNN y libros de enfermer\u00eda NANDA 2021-2023, NOC 6\u00aa edici\u00f3n y NIC 7\u00aa Edici\u00f3n. <\/p>\n\n\n\n<p><strong>EVALUACI\u00d3N<\/strong><em> <\/em><strong>DEL CURSO<\/strong><em>:<\/em><\/p>\n\n\n\n<p>Participaci\u00f3n oral en grupo. Realizaci\u00f3n de diagn\u00f3sticos y notas en taller. <strong><\/strong><\/p>\n\n\n\n<p><strong>CONTENIDO DEL CURSO:<\/strong><\/p>\n\n\n\n<figure class=\"wp-block-table\"><table><tbody><tr><td><strong>TEMA<\/strong><\/td><\/tr><tr><td><strong>VALORACI\u00d3N<\/strong> Signos y s\u00edntomas en los patrones funcionales de salud y su relaci\u00f3n con los Dominios y clases de la Taxonom\u00eda NANDA<\/td><\/tr><tr><td><strong>DIAGN\u00d3STICO<\/strong> Diagn\u00f3sticos de enfermer\u00eda NANDA Internacional 2018-2020 y 2021-2023 ALGORITMO DIAGN\u00d3STICO ENFERMERO ACTUALIZACI\u00d3N 2021<\/td><\/tr><tr><td><strong>VALORACI\u00d3N, PLANEACI\u00d3N Y EVALUACI\u00d3N<\/strong> Taxonom\u00eda NOC C\u00f3mo buscar un resultado<\/td><\/tr><tr><td><strong>PLANEACI\u00d3N Y EJECUCI\u00d3N<\/strong> Taxonom\u00eda NIC C\u00f3mo buscar una intervenci\u00f3n<\/td><\/tr><\/tbody><\/table><\/figure>\n\n\n\n<p><strong>DOCENTE (S) DEL CURSO:<\/strong><\/p>\n\n\n\n<p><em>Lic. Enf. Erik Rafael Hern\u00e1ndez Navarrete<\/em><\/p>\n\n\n\n<p><em>Enfermero docente y asistencial Instituto Mexicano del Seguro Social (IMSS) y Colegio de Enfermer\u00eda de La Sierra (COLENSI). Profesor de cursos y diplomados de PAE. Autor del libro ALGORITMOS NNN.<\/em><\/p>\n\n\n\n<p><\/p>\n","protected":false},"excerpt":{"rendered":"<p>PRESENTACI\u00d3N: En el presente curso de describir\u00e1n las 5 etapas del proceso de enfermer\u00eda: Valoraci\u00f3n, diagn\u00f3stico, planeaci\u00f3n, ejecuci\u00f3n y evaluaci\u00f3n incluyendo las herramientas taxon\u00f3micas para su implementaci\u00f3n en la pr\u00e1ctica [&hellip;]<\/p>\n","protected":false},"author":118,"featured_media":0,"parent":0,"menu_order":0,"comment_status":"closed","ping_status":"closed","template":"","meta":{"jetpack_post_was_ever_published":false,"_joinchat":[],"footnotes":""},"class_list":["post-4488","page","type-page","status-publish","hentry"],"jetpack_sharing_enabled":true,"jetpack_shortlink":"https:\/\/wp.me\/P5Qmml-1ao","publishpress_future_action":{"enabled":false,"date":"2026-05-24 11:39:45","action":"change-status","newStatus":"draft","terms":[],"taxonomy":"","extraData":[]},"publishpress_future_workflow_manual_trigger":{"enabledWorkflows":[]},"_links":{"self":[{"href":"https:\/\/www.uajms.edu.bo\/posgrado\/wp-json\/wp\/v2\/pages\/4488","targetHints":{"allow":["GET"]}}],"collection":[{"href":"https:\/\/www.uajms.edu.bo\/posgrado\/wp-json\/wp\/v2\/pages"}],"about":[{"href":"https:\/\/www.uajms.edu.bo\/posgrado\/wp-json\/wp\/v2\/types\/page"}],"author":[{"embeddable":true,"href":"https:\/\/www.uajms.edu.bo\/posgrado\/wp-json\/wp\/v2\/users\/118"}],"replies":[{"embeddable":true,"href":"https:\/\/www.uajms.edu.bo\/posgrado\/wp-json\/wp\/v2\/comments?post=4488"}],"version-history":[{"count":5,"href":"https:\/\/www.uajms.edu.bo\/posgrado\/wp-json\/wp\/v2\/pages\/4488\/revisions"}],"predecessor-version":[{"id":4502,"href":"https:\/\/www.uajms.edu.bo\/posgrado\/wp-json\/wp\/v2\/pages\/4488\/revisions\/4502"}],"wp:attachment":[{"href":"https:\/\/www.uajms.edu.bo\/posgrado\/wp-json\/wp\/v2\/media?parent=4488"}],"curies":[{"name":"wp","href":"https:\/\/api.w.org\/{rel}","templated":true}]}}