

{"id":4288,"date":"2022-09-27T21:22:48","date_gmt":"2022-09-28T01:22:48","guid":{"rendered":"https:\/\/www.uajms.edu.bo\/posgrado\/?page_id=4288"},"modified":"2022-09-27T21:55:23","modified_gmt":"2022-09-28T01:55:23","slug":"curso-excel-basico-intermedio","status":"publish","type":"page","link":"https:\/\/www.uajms.edu.bo\/posgrado\/curso-excel-basico-intermedio\/","title":{"rendered":"CURSO EXCEL B\u00c1SICO\/INTERMEDIO"},"content":{"rendered":"\n<p><strong>MODALIDAD:<\/strong><\/p>\n\n\n\n<p>Clases multimodales sincr\u00f3nicas virtuales con plataforma virtual asincr\u00f3nica y sesiones de videoconferencia en vivo.<\/p>\n\n\n\n<p><strong>DURACI\u00d3N:&nbsp;&nbsp;&nbsp;&nbsp;&nbsp;&nbsp;&nbsp;&nbsp;&nbsp;<\/strong><\/p>\n\n\n\n<p>4 SEMANAS<\/p>\n\n\n\n<p><strong>DURACI\u00d3N:<\/strong><\/p>\n\n\n\n<p>4 semanas, equivalente a 60 horas acad\u00e9micas.<\/p>\n\n\n\n<p><strong>DIRIGIDO A:<\/strong><\/p>\n\n\n\n<p>Profesionales\/Estudiantes<\/p>\n\n\n\n<p>Este curso no es solo si est\u00e1s iniciando con Excel, sino tambi\u00e9n, si ya tienes tiempo utiliz\u00e1ndolo, pero de una manera muy b\u00e1sica.<\/p>\n\n\n\n<p><strong>REQUISITOS DE ADMISION AL CURSO:<\/strong><\/p>\n\n\n\n<p>Se debe contar con una computadora con Conexi\u00f3n a Internet, con Sonido y Micr\u00f3fono.<\/p>\n\n\n\n<p>Debes tener Microsoft Excel instalado en cualquiera de las siguientes versiones: 2013, 2016, 2019 u Office 365.<\/p>\n\n\n\n<p>El curso se dicta en ambiente Windows (Se puede tomar en MAC Apple, solo se debe tomar en cuenta que las herramientas pueden cambiar un poco la manera de llegarles y aplicarlas).<\/p>\n\n\n\n<p><strong>OBJETIVOS ESPEC\u00cdFICOS: &nbsp;&nbsp;<\/strong><\/p>\n\n\n\n<p>Brindar herramientas de Excel en su versi\u00f3n 2013 en adelante, enfoc\u00e1ndonos en:<\/p>\n\n\n\n<ol class=\"wp-block-list\" type=\"i\"><li>Emplear una planilla de c\u00e1lculo para ingresar valores r\u00e1pidamente,<\/li><li>Operar con ellos, ordenarlos, armar tablas, crear gr\u00e1ficos, podremos realizar desde simples c\u00e1lculos aritm\u00e9ticos hasta funciones elevadas.<\/li><li>Operar herramientas para interactuar con conjuntos de datos para analizarlos mediante tablas y gr\u00e1ficos, podremos buscar valores en listas, quitar duplicados, entre otras herramientas.<\/li><\/ol>\n\n\n\n<p><strong>METODOLOGIA:<\/strong><\/p>\n\n\n\n<p>Todo el programa se realizar\u00e1 mediante el estudio de Casos Pr\u00e1cticos. Despu\u00e9s de cada m\u00f3dulo semanal se tiene una evaluaci\u00f3n.<\/p>\n\n\n\n<p>Estructura de los m\u00f3dulos:<\/p>\n\n\n\n<p>Cada m\u00f3dulo tiene una duraci\u00f3n de 1 semana de lunes a viernes. Sesiones sincr\u00f3nicas en vivo de horas 19:00 a 22:00 de lunes a viernes. Actividades asincr\u00f3nicas en plataforma virtual durante la semana los martes y jueves<\/p>\n\n\n\n<p><strong>CONTENIDO DEL CURSO:<\/strong><\/p>\n\n\n\n<p><strong><em>Modulo 1 Entorno Excel<\/em><\/strong><\/p>\n\n\n\n<ul class=\"wp-block-list\"><li>Introducci\u00f3n<\/li><li>Reconocer el entorno de trabajo (Celdas, Columnas, Filas, Hojas, Pesta\u00f1as, Pesta\u00f1as Contextuales, barra de f\u00f3rmulas).<\/li><li>Como moverse en la hoja de c\u00e1lculo<\/li><li>Introducir datos<\/li><li>Crear un archivo o Libro nuevo.<\/li><li>Crear un libro nuevo desde una Plantillas de Excel.<\/li><li>Cambiar el nombre a la hoja.<\/li><li>Colocar un color de identificaci\u00f3n a cada hoja.<\/li><li>Insertar \/ Eliminar una hoja.<\/li><li>Mover o Copiar hoja de c\u00e1lculo en el libro actual u otro.<\/li><li>Modificar la visibilidad de una hoja.<\/li><li>Trabajar en dos libros al mismo tiempo.<\/li><li>Inmovilizar Columnas o Filas o Ambas para mejor visualizaci\u00f3n del archivo.<\/li><li>Opciones de relleno<\/li><li>Formato de celdas<br><\/li><\/ul>\n\n\n\n<p><strong><em>Modulo 2 F\u00f3rmulas y funciones<\/em><\/strong><\/p>\n\n\n\n<ul class=\"wp-block-list\"><li>Operadores<\/li><li>F\u00f3rmulas<\/li><li>Referencias de celda<\/li><li>Funci\u00f3n suma<\/li><li>Autosuma<\/li><li>Nombres de rango<\/li><\/ul>\n\n\n\n<p><strong><em>Modulo 3 Funciones<\/em><\/strong><\/p>\n\n\n\n<ul class=\"wp-block-list\"><li>Matem\u00e1ticas: SUMA (), CONTAR( ), REDONDEAR( ), REDONDEAR.ENTRE( )<\/li><li>Estad\u00edsticas: PROMEDIO (), MAX(), MIN( ), K.ESIMO.MAYOR( ), K.ESIMO.MENOR( )<\/li><li>Fechas: HOY(), AHORA(), DIAS.LAB( )<\/li><li>Texto: MAYUSC(), MINUS(), NOMPROPIO()<\/li><li>L\u00f3gicas: Si(), Y(), O(), SIERROR()<\/li><li>Financieras PAGO(), VA(), VF()<\/li><li>B\u00fasqueda: BUSCARV()<\/li><\/ul>\n\n\n\n<p><strong><em>M\u00f3dulo 4 Gr\u00e1ficos y An\u00e1lisis de datos<\/em><\/strong><\/p>\n\n\n\n<ul class=\"wp-block-list\"><li>Colocar filtros a una tabla sencilla.<\/li><li>Crear una tabla desde cero.<\/li><li>Crear una tabla desde un rango de celdas.<\/li><li>Insertar \/ Eliminar una Fila o Columna.<\/li><li>Cambiar el estilo de la tabla.<\/li><li>Agregar la Fila de Totales (Suma, Promedio, Recuento).<\/li><li>Resaltar la primera o la \u00faltima columna.<\/li><li>Aplicar Filtros.<\/li><li>Insertar una f\u00f3rmula en una columna de la tabla.<\/li><li>Quitar Duplicados.<\/li><li>Insertar Segmentaci\u00f3n de Datos.<\/li><li>Herramientas de datos.<\/li><li>An\u00e1lisis de hip\u00f3tesis.<\/li><li>Gr\u00e1ficos de Barras.<\/li><li>Gr\u00e1ficos Circular.<\/li><li>Gr\u00e1ficos de L\u00ednea<\/li><li>SmartArt<\/li><\/ul>\n\n\n\n<p><strong>CURRICULUM VITAE DOCENTE<\/strong><\/p>\n\n\n\n<p>Lic. Marco Antonio Lavayen Rodriguez<\/p>\n\n\n\n<p>Economista con especialidad en Proyectos, Micro Peque\u00f1a Empresa y Microsoft Excel. Con m\u00e1s de 25 a\u00f1os en el ejercicio profesional. Ha dictado cursos de Excel a empresas de diferentes rubros. Certificado en nivel Experto en Excel versi\u00f3n 2019.<\/p>\n","protected":false},"excerpt":{"rendered":"<p>MODALIDAD: Clases multimodales sincr\u00f3nicas virtuales con plataforma virtual asincr\u00f3nica y sesiones de videoconferencia en vivo. DURACI\u00d3N:&nbsp;&nbsp;&nbsp;&nbsp;&nbsp;&nbsp;&nbsp;&nbsp;&nbsp; 4 SEMANAS DURACI\u00d3N: 4 semanas, equivalente a 60 horas acad\u00e9micas. DIRIGIDO A: Profesionales\/Estudiantes Este [&hellip;]<\/p>\n","protected":false},"author":118,"featured_media":0,"parent":0,"menu_order":0,"comment_status":"closed","ping_status":"closed","template":"","meta":{"jetpack_post_was_ever_published":false,"_joinchat":[],"footnotes":""},"class_list":["post-4288","page","type-page","status-publish","hentry"],"jetpack_sharing_enabled":true,"jetpack_shortlink":"https:\/\/wp.me\/P5Qmml-17a","publishpress_future_action":{"enabled":false,"date":"2026-04-12 00:27:20","action":"change-status","newStatus":"draft","terms":[],"taxonomy":"","extraData":[]},"publishpress_future_workflow_manual_trigger":{"enabledWorkflows":[]},"_links":{"self":[{"href":"https:\/\/www.uajms.edu.bo\/posgrado\/wp-json\/wp\/v2\/pages\/4288","targetHints":{"allow":["GET"]}}],"collection":[{"href":"https:\/\/www.uajms.edu.bo\/posgrado\/wp-json\/wp\/v2\/pages"}],"about":[{"href":"https:\/\/www.uajms.edu.bo\/posgrado\/wp-json\/wp\/v2\/types\/page"}],"author":[{"embeddable":true,"href":"https:\/\/www.uajms.edu.bo\/posgrado\/wp-json\/wp\/v2\/users\/118"}],"replies":[{"embeddable":true,"href":"https:\/\/www.uajms.edu.bo\/posgrado\/wp-json\/wp\/v2\/comments?post=4288"}],"version-history":[{"count":5,"href":"https:\/\/www.uajms.edu.bo\/posgrado\/wp-json\/wp\/v2\/pages\/4288\/revisions"}],"predecessor-version":[{"id":4333,"href":"https:\/\/www.uajms.edu.bo\/posgrado\/wp-json\/wp\/v2\/pages\/4288\/revisions\/4333"}],"wp:attachment":[{"href":"https:\/\/www.uajms.edu.bo\/posgrado\/wp-json\/wp\/v2\/media?parent=4288"}],"curies":[{"name":"wp","href":"https:\/\/api.w.org\/{rel}","templated":true}]}}