

{"id":795,"date":"2020-09-09T12:00:30","date_gmt":"2020-09-09T12:00:30","guid":{"rendered":"http:\/\/www.uajms.edu.bo\/oferta-academica\/?page_id=795"},"modified":"2020-09-09T12:00:30","modified_gmt":"2020-09-09T12:00:30","slug":"gabinete-psicopedagogico-institucional","status":"publish","type":"page","link":"https:\/\/www.uajms.edu.bo\/oferta-academica\/gabinete-psicopedagogico-institucional\/","title":{"rendered":"GABINETE PSICOPEDAGOGICO INSTITUCIONAL"},"content":{"rendered":"<p><strong>OBJETIVO PRINCIPAL<\/strong><\/p>\n<p>Implementar un espacio multidisciplinario para atender los problemas de repitencia y deserci\u00f3n elevando la calidad de formaci\u00f3n profesional de los estudiantes.<\/p>\n<p>Actualmente el GPPI se encuentra trabajando en dos de sus tres \u00e1reas, con un equipo t\u00e9cnico compuesto por psic\u00f3logos.<\/p>\n<p><strong>AREA I\u00a0 ORIENTACION VOCACIONAL<\/strong><\/p>\n<p>En el que se ejecuta un programa con estrategias metodol\u00f3gicas adecuadas para desarrollar en los estudiantes (bachilleres) la autodeterminaci\u00f3n en el proceso de elecci\u00f3n profesional u ocupacional.<\/p>\n<ul>\n<li><em>CURSOS DE ORIENTACION VOCACIONAL Y PROFESIONAL<\/em><\/li>\n<li><em>CONFERENCIAS DE ORIENTACION PROFESIONAL<\/em><\/li>\n<li><em>EVENTO INSTITUCIONAL \u201cUNIVERSIDAD ABIERTA\u201d<\/em><\/li>\n<\/ul>\n<p><strong>AREA II DIAGNOSTICO Y TRATAMIENTO DE PROBLEMAS DE APRENDIZAJE<\/strong><\/p>\n<p>Apoyar\u00e1 a trav\u00e9s del psicodiagn\u00f3stico, programas psicol\u00f3gicos, la introducci\u00f3n de programas psicopedag\u00f3gicos dirigidos a enfrentar los problemas de deserci\u00f3n y repitencia<\/p>\n<p><strong><em>CONFERENCIA INDUCCI\u00d3N A LA VIDA UNIVERSITARIA<\/em><\/strong><\/p>\n<p>Debido a la situaci\u00f3n actual que se atraviesa por el COVID-19, se ha implementado la atenci\u00f3n telef\u00f3nica\u00a0 para la contenci\u00f3n psicol\u00f3gica, la que de manera regular se desarrollar\u00eda con una atenci\u00f3n presencial en consultorio.<\/p>\n","protected":false},"excerpt":{"rendered":"<p>OBJETIVO PRINCIPAL Implementar un espacio multidisciplinario para atender los problemas de repitencia y deserci\u00f3n elevando la calidad de formaci\u00f3n profesional de los estudiantes. Actualmente el GPPI se encuentra trabajando en [&hellip;]<\/p>\n","protected":false},"author":1,"featured_media":0,"parent":0,"menu_order":0,"comment_status":"closed","ping_status":"closed","template":"","meta":{"_joinchat":[],"footnotes":""},"class_list":["post-795","page","type-page","status-publish","hentry"],"jetpack_sharing_enabled":true,"publishpress_future_action":{"enabled":false,"date":"2026-04-28 11:19:10","action":"change-status","newStatus":"draft","terms":[],"taxonomy":"","extraData":[]},"publishpress_future_workflow_manual_trigger":{"enabledWorkflows":[]},"_links":{"self":[{"href":"https:\/\/www.uajms.edu.bo\/oferta-academica\/wp-json\/wp\/v2\/pages\/795","targetHints":{"allow":["GET"]}}],"collection":[{"href":"https:\/\/www.uajms.edu.bo\/oferta-academica\/wp-json\/wp\/v2\/pages"}],"about":[{"href":"https:\/\/www.uajms.edu.bo\/oferta-academica\/wp-json\/wp\/v2\/types\/page"}],"author":[{"embeddable":true,"href":"https:\/\/www.uajms.edu.bo\/oferta-academica\/wp-json\/wp\/v2\/users\/1"}],"replies":[{"embeddable":true,"href":"https:\/\/www.uajms.edu.bo\/oferta-academica\/wp-json\/wp\/v2\/comments?post=795"}],"version-history":[{"count":2,"href":"https:\/\/www.uajms.edu.bo\/oferta-academica\/wp-json\/wp\/v2\/pages\/795\/revisions"}],"predecessor-version":[{"id":1124,"href":"https:\/\/www.uajms.edu.bo\/oferta-academica\/wp-json\/wp\/v2\/pages\/795\/revisions\/1124"}],"wp:attachment":[{"href":"https:\/\/www.uajms.edu.bo\/oferta-academica\/wp-json\/wp\/v2\/media?parent=795"}],"curies":[{"name":"wp","href":"https:\/\/api.w.org\/{rel}","templated":true}]}}