

{"id":71,"date":"2018-09-05T19:45:18","date_gmt":"2018-09-05T19:45:18","guid":{"rendered":"http:\/\/www.uajms.edu.bo\/oferta-academica\/?page_id=71"},"modified":"2018-09-05T22:29:11","modified_gmt":"2018-09-05T22:29:11","slug":"carrera-de-economia","status":"publish","type":"page","link":"https:\/\/www.uajms.edu.bo\/oferta-academica\/carrera-de-economia\/","title":{"rendered":"Carrera de Econom\u00eda"},"content":{"rendered":"<p><strong>Nivel:<\/strong> Licenciatura<br \/>\n<strong>Duraci\u00f3n:<\/strong> 10 semestres<br \/>\n<strong>Grado Acad\u00e9mico:<\/strong> Licenciado(a) en Econom\u00eda<br \/>\n<strong>T\u00edtulo en Provisi\u00f3n Nacional:<\/strong> Economista<\/p>\n<h1>Actividades B\u00e1sicas de la Profesi\u00f3n<\/h1>\n<p>Las actividades y funciones b\u00e1sicas que el Economista debe desarrollar como parte de su desempe\u00f1o profesional a nivel de comprensi\u00f3n y an\u00e1lisis se las especifica por sectores:<\/p>\n<h2>Sector P\u00fablico<\/h2>\n<ul>\n<li>Diagnosticar, valorar y plantear soluciones sobre el comportamiento macroecon\u00f3mico de la producci\u00f3n y consumo nacional e internacional en su dimensi\u00f3n temporal y espacial, as\u00ed como en su contexto hist\u00f3rico y de perspectiva; con referencia a otros aspectos de producci\u00f3n y productividad, bonanza y recepci\u00f3n, empleo, opci\u00f3n tecnol\u00f3gica, competitividad, fuentes de desarrollo sostenible, impacto econ\u00f3mico y social, evaluaci\u00f3n econ\u00f3mica y social; aplicando m\u00e9todos econom\u00e9tricos, de insumo producto y otros.<\/li>\n<li>Valorar las actuales opciones econ\u00f3micas del modelo vigente basadas en las econom\u00edas de escala, la valoraci\u00f3n tecnol\u00f3gica informativa y globalizaci\u00f3n productiva, pero tambi\u00e9n sus problemas sociales, conexos y de deterioro de la calidad ambiental de vida por el uso economista de los recursos, a trav\u00e9s de la aplicaci\u00f3n de modelos de impacto.<\/li>\n<li>Elaborar, administrar y evaluar las actividades de gesti\u00f3n p\u00fablica (presupuestos, POAs, y otros) en el marco de los sistemas normativos vigentes aplicando instrumentos de finanzas p\u00fablicas.<\/li>\n<li>Elaborar, administrar y evaluar planes y proyectos de desarrollo econ\u00f3mico y social en el \u00e1mbito nacional, regional, sub-regional, local y sectorial.<\/li>\n<\/ul>\n<h2>Sector privado<\/h2>\n<ul>\n<li>Diagnosticar, valorar y plantear soluciones sobre los problemas econ\u00f3micos de la empresa, refereidos a su eficiencia, competitividad, opciones de costos y beneficios, riesgos, capacidad de influir y operar en las pol\u00edticas econ\u00f3micas y en el entorno social.<\/li>\n<li>Valorar, organizar, administrar la econom\u00eda financiera de empresas de distinta dimensi\u00f3n, acudiendo a m\u00e9todos de an\u00e1lisis de equilibrio, estad\u00edsticos, programaci\u00f3 lineal y otros.<\/li>\n<li>Elaborar y evaluar proyectos de inversi\u00f3n privados y prestar asesoramiento en aspectos econ\u00f3mico financieros y decisiones de inversi\u00f3n.<\/li>\n<li>Generar su propia actividad econ\u00f3mica en \u00e1reas de su competencia.<\/li>\n<\/ul>\n<h2>Sector de Inversi\u00f3n social Internacional<\/h2>\n<p>Diagnosticar; valorar y plantear soluciones a las alternativas de la inversi\u00f3n social, nacional, de cooperaci\u00f3n y de origen externo, incursionando en los nuevos criterios.<\/p>\n<h1>Campos Ocupacionales<\/h1>\n<ul>\n<li>Investigaci\u00f3n<\/li>\n<li>Dise\u00f1o de proyectos<\/li>\n<li>An\u00e1lisis<\/li>\n<li>Gesti\u00f3n de proyectos.<\/li>\n<li>Planificaci\u00f3n<\/li>\n<li>Organizaci\u00f3n Institucional.<\/li>\n<li>Docencia<\/li>\n<li>Consultor\u00eda<\/li>\n<li>Asesor Econ\u00f3mico financiero.<\/li>\n<\/ul>\n<h1>Objetivos del Perfil<\/h1>\n<p>La formaci\u00f3n del economista est\u00e1 dirigida a cumplir los objetivos profesionales en las siguientes \u00e1reas:<\/p>\n<ul>\n<li>Diagnosticar, valorar y plantear soluciones en el quehacer de la producci\u00f3n macroecon\u00f3mica de los pa\u00edses, en su situaci\u00f3n est\u00e1tica y din\u00e1mica, de eficiencia e impacto econ\u00f3mico-social, mediante m\u00e9todos apropiados.<\/li>\n<li>Elaborar planes y proyectos nacionales, sectoriales, regionales y locales, as\u00ed como dise\u00f1ar, aplicar y evaluar pol\u00edticas econ\u00f3micas<\/li>\n<li>Diagnosticar, valorar y plantear soluciones para enfrentar la eficiencia, competitividad, costos-beneficios, riesgos y resultados en su contexto interno y externo.<\/li>\n<li>Investigar problemas econ\u00f3micos para recomendar soluciones a los m\u00faltiples cuestionamientos econ\u00f3micos, como en la asignaci\u00f3n de recursos y otros.<\/li>\n<\/ul>\n<h1>Plan de Estudios<\/h1>\n<p><a href=\"http:\/\/www.uajms.edu.bo\/oferta-academica\/plan-de-estudios-carrera-de-economia\/\">http:\/\/www.uajms.edu.bo\/oferta-academica\/plan-de-estudios-carrera-de-economia\/<\/a><\/p>\n","protected":false},"excerpt":{"rendered":"<p>Nivel: Licenciatura Duraci\u00f3n: 10 semestres Grado Acad\u00e9mico: Licenciado(a) en Econom\u00eda T\u00edtulo en Provisi\u00f3n Nacional: Economista Actividades B\u00e1sicas de la Profesi\u00f3n Las actividades y funciones b\u00e1sicas que el Economista debe desarrollar [&hellip;]<\/p>\n","protected":false},"author":1,"featured_media":74,"parent":0,"menu_order":0,"comment_status":"closed","ping_status":"closed","template":"","meta":{"_joinchat":[],"footnotes":""},"class_list":["post-71","page","type-page","status-publish","has-post-thumbnail","hentry"],"jetpack_sharing_enabled":true,"publishpress_future_action":{"enabled":false,"date":"2026-05-05 00:54:32","action":"change-status","newStatus":"draft","terms":[],"taxonomy":"","extraData":[]},"publishpress_future_workflow_manual_trigger":{"enabledWorkflows":[]},"_links":{"self":[{"href":"https:\/\/www.uajms.edu.bo\/oferta-academica\/wp-json\/wp\/v2\/pages\/71","targetHints":{"allow":["GET"]}}],"collection":[{"href":"https:\/\/www.uajms.edu.bo\/oferta-academica\/wp-json\/wp\/v2\/pages"}],"about":[{"href":"https:\/\/www.uajms.edu.bo\/oferta-academica\/wp-json\/wp\/v2\/types\/page"}],"author":[{"embeddable":true,"href":"https:\/\/www.uajms.edu.bo\/oferta-academica\/wp-json\/wp\/v2\/users\/1"}],"replies":[{"embeddable":true,"href":"https:\/\/www.uajms.edu.bo\/oferta-academica\/wp-json\/wp\/v2\/comments?post=71"}],"version-history":[{"count":5,"href":"https:\/\/www.uajms.edu.bo\/oferta-academica\/wp-json\/wp\/v2\/pages\/71\/revisions"}],"predecessor-version":[{"id":657,"href":"https:\/\/www.uajms.edu.bo\/oferta-academica\/wp-json\/wp\/v2\/pages\/71\/revisions\/657"}],"wp:featuredmedia":[{"embeddable":true,"href":"https:\/\/www.uajms.edu.bo\/oferta-academica\/wp-json\/wp\/v2\/media\/74"}],"wp:attachment":[{"href":"https:\/\/www.uajms.edu.bo\/oferta-academica\/wp-json\/wp\/v2\/media?parent=71"}],"curies":[{"name":"wp","href":"https:\/\/api.w.org\/{rel}","templated":true}]}}