

{"id":586,"date":"2018-10-03T14:09:14","date_gmt":"2018-10-03T14:09:14","guid":{"rendered":"http:\/\/www.uajms.edu.bo\/oferta-academica\/?page_id=586"},"modified":"2018-10-15T14:35:27","modified_gmt":"2018-10-15T14:35:27","slug":"ingenieria-agronomica","status":"publish","type":"page","link":"https:\/\/www.uajms.edu.bo\/oferta-academica\/ingenieria-agronomica\/","title":{"rendered":"Ingenier\u00eda Agron\u00f3mica"},"content":{"rendered":"<p><iframe src=\"https:\/\/www.youtube.com\/embed\/LHjoIAddkvs\" width=\"1280\" height=\"720\" frameborder=\"0\" allowfullscreen=\"allowfullscreen\"><\/iframe><\/p>\n<p><strong>Nivel:<\/strong>\u00a0Licenciatura<br \/>\n<strong>Duraci\u00f3n:<\/strong>\u00a010 semestres<br \/>\n<strong>Grado Acad\u00e9mico:<\/strong>\u00a0Licenciado(a) en Ingenier\u00eda Agron\u00f3mica<br \/>\n<strong>T\u00edtulo en Provisi\u00f3n Nacional:<\/strong>\u00a0Ingeniero(a) Agr\u00f3nomo(a)<\/p>\n<p><strong>MISI\u00d3N<\/strong><\/p>\n<p>Ser una carrera referente y reconocida por su calidad acad\u00e9mica y compromiso con la sociedad, en la formaci\u00f3n de ingenieros agr\u00f3nomos \u00edntegros, emprendedores e innovadores, seg\u00fan par\u00e1metros y normativas nacionales e internacionales.<\/p>\n<p><strong>VISI\u00d3N<\/strong><\/p>\n<p>Formar profesionales \u00edntegros con capacidad de an\u00e1lisis e iniciativa en el dise\u00f1o, construcci\u00f3n y desarrollo de tecnolog\u00edas apropiadas para la soluci\u00f3n de problemas de saneamiento y salud p\u00fablica, que proyecten alternativas de manejo integral de sistemas, procesos e infraestructura, incorporando el componente social como elemento primordial para el desarrollo de proyectos de INGENIER\u00cdA.<\/p>\n<p><strong>OBJETIVO GENERAL<\/strong><\/p>\n<p>Formar profesionales id\u00f3neos, capaces de abordar la problem\u00e1tica de la agricultura boliviana a partir del conocimiento de la realidad y proponer e implementar acciones para el desarrollo integral del sector.<\/p>\n<p><strong>PERFIL PROFESIONAL<\/strong><\/p>\n<p>El ingeniero agr\u00f3nomo es un profesional que posee:<\/p>\n<ul>\n<li>Una formaci\u00f3n integral e id\u00f3nea en aspectos, cient\u00edficos, tecnol\u00f3gicos, productivos, ecol\u00f3gicos, culturales y sociales, as\u00ed como autoestima, liderazgo, \u00e9tica profesional y sensibilidad social; demostrando competencia para el desarrollo de las ciencias agr\u00edcolas, con capacidad para diagnosticar la realidad y encontrar soluciones en funci\u00f3n a los recursos disponibles..<\/li>\n<li>Actitud innovadora y esp\u00edritu emprendedor, competitivo y empresarial, capaz de desempe\u00f1arse eficientemente en los diversos eslabones de la cadena productiva y agronegocios.<\/li>\n<li>Capacidad para difundir tecnolog\u00eda agr\u00edcola, promoviendo el auto desarrollo y actuando como agente de cambio para mejorar el nivel socioecon\u00f3mico del productor con seguridad y soberan\u00eda alimentaria.<\/li>\n<li>Capacidad para planificar, ejecutar y evaluar procesos de desarrollo rural a nivel municipal, regional y nacional.<\/li>\n<li>Conocimiento de los agroecosistemas y sus requerimientos de conservaci\u00f3n y resiliencia a problemas del cambio clim\u00e1tico, promoviendo el uso y manejo sustentable de los recursos naturales, de acuerdo al avance de la ciencia, tecnolog\u00eda, saberes locales y ancestrales.<\/li>\n<li>Disposici\u00f3n para una superaci\u00f3n continua, investigaci\u00f3n, innovaci\u00f3n y generaci\u00f3n de nuevas tecnolog\u00edas, en respuesta a la problem\u00e1tica agr\u00edcola de la regi\u00f3n y el pa\u00eds\u2026<\/li>\n<\/ul>\n<p><strong>ESCENARIOS DE ACTUACI\u00d3N PROFESIONAL<\/strong><\/p>\n<ul>\n<li>Organismos del estado y de gobierno en sus diferentes niveles<\/li>\n<li>Empresas de producci\u00f3n agr\u00edcola.<\/li>\n<li>Industria agr\u00edcola.<\/li>\n<li>Empresas de comercializaci\u00f3n de insumos y productos agr\u00edcolas.<\/li>\n<li>Empresas de producci\u00f3n y comercializaci\u00f3n de maquinaria y equipo agr\u00edcola.<\/li>\n<li>Entidades financieras.<\/li>\n<li>Consultoras.<\/li>\n<li>ONGs<\/li>\n<li>Centros de Investigaci\u00f3n.<\/li>\n<li>Centros de educaci\u00f3n media y superior.<\/li>\n<\/ul>\n<p><strong>PLAN DE ESTUDIOS<\/strong><\/p>\n<blockquote><p><a href=\"http:\/\/www.uajms.edu.bo\/oferta-academica\/plan-de-estudios-carrera-de-ing-agronomica-yacuiba\/\">http:\/\/www.uajms.edu.bo\/oferta-academica\/plan-de-estudios-carrera-de-ing-agronomica-yacuiba\/<\/a><\/p><\/blockquote>\n<p>&nbsp;<\/p>\n","protected":false},"excerpt":{"rendered":"<p>Nivel:\u00a0Licenciatura Duraci\u00f3n:\u00a010 semestres Grado Acad\u00e9mico:\u00a0Licenciado(a) en Ingenier\u00eda Agron\u00f3mica T\u00edtulo en Provisi\u00f3n Nacional:\u00a0Ingeniero(a) Agr\u00f3nomo(a) MISI\u00d3N Ser una carrera referente y reconocida por su calidad acad\u00e9mica y compromiso con la sociedad, en [&hellip;]<\/p>\n","protected":false},"author":1,"featured_media":0,"parent":0,"menu_order":0,"comment_status":"closed","ping_status":"closed","template":"","meta":{"_joinchat":[],"footnotes":""},"class_list":["post-586","page","type-page","status-publish","hentry"],"jetpack_sharing_enabled":true,"publishpress_future_action":{"enabled":false,"date":"2026-04-29 10:37:40","action":"change-status","newStatus":"draft","terms":[],"taxonomy":"","extraData":[]},"publishpress_future_workflow_manual_trigger":{"enabledWorkflows":[]},"_links":{"self":[{"href":"https:\/\/www.uajms.edu.bo\/oferta-academica\/wp-json\/wp\/v2\/pages\/586","targetHints":{"allow":["GET"]}}],"collection":[{"href":"https:\/\/www.uajms.edu.bo\/oferta-academica\/wp-json\/wp\/v2\/pages"}],"about":[{"href":"https:\/\/www.uajms.edu.bo\/oferta-academica\/wp-json\/wp\/v2\/types\/page"}],"author":[{"embeddable":true,"href":"https:\/\/www.uajms.edu.bo\/oferta-academica\/wp-json\/wp\/v2\/users\/1"}],"replies":[{"embeddable":true,"href":"https:\/\/www.uajms.edu.bo\/oferta-academica\/wp-json\/wp\/v2\/comments?post=586"}],"version-history":[{"count":3,"href":"https:\/\/www.uajms.edu.bo\/oferta-academica\/wp-json\/wp\/v2\/pages\/586\/revisions"}],"predecessor-version":[{"id":617,"href":"https:\/\/www.uajms.edu.bo\/oferta-academica\/wp-json\/wp\/v2\/pages\/586\/revisions\/617"}],"wp:attachment":[{"href":"https:\/\/www.uajms.edu.bo\/oferta-academica\/wp-json\/wp\/v2\/media?parent=586"}],"curies":[{"name":"wp","href":"https:\/\/api.w.org\/{rel}","templated":true}]}}