

{"id":455,"date":"2018-09-26T22:28:49","date_gmt":"2018-09-26T22:28:49","guid":{"rendered":"http:\/\/www.uajms.edu.bo\/oferta-academica\/?page_id=455"},"modified":"2018-10-15T22:55:12","modified_gmt":"2018-10-15T22:55:12","slug":"carrera-de-odontologia","status":"publish","type":"page","link":"https:\/\/www.uajms.edu.bo\/oferta-academica\/carrera-de-odontologia\/","title":{"rendered":"Carrera de Odontolog\u00eda"},"content":{"rendered":"<p><iframe src=\"https:\/\/www.youtube.com\/embed\/e0g45iCEfBU\" width=\"1280\" height=\"720\" frameborder=\"0\" allowfullscreen=\"allowfullscreen\"><\/iframe><\/p>\n<p><strong>Nivel:<\/strong>\u00a0Licenciatura<br \/>\n<strong>Duraci\u00f3n:<\/strong>\u00a010 semestres<br \/>\n<strong>Grado Acad\u00e9mico:<\/strong>\u00a0Licenciado(a) en Odontolog\u00eda<br \/>\n<strong>T\u00edtulo en Provisi\u00f3n Nacional:<\/strong>\u00a0Odont\u00f3logo(a)<\/p>\n<h1>TAREAS DEL ODONT\u00d3LOGO<\/h1>\n<ul>\n<li>Diagnosticar el estado de salud bucodental, e identificar las patolog\u00edas que pudieran presentarse en el paciente.<\/li>\n<li>Determinar el tratamiento adecuado a las patolog\u00edas bucodentales.<\/li>\n<li>Rehabilitar la funci\u00f3n y est\u00e9tica del aparato masticatorio y \u00e1rea maxilofacial.<\/li>\n<li>Educar a la comunidad en los problemas de la salud oral.<\/li>\n<\/ul>\n<h1>PERFIL PROFESIONAL<\/h1>\n<ol>\n<li><span class=\"fontstyle0\">Tener actitudes : Sensibilidad social y de servicio.<\/span><\/li>\n<li><span class=\"fontstyle0\">Tener condiciones f\u00edsicas adecuadas para el manejo odontol\u00f3gico.<\/span><\/li>\n<li><span class=\"fontstyle0\">Tener conocimientos previos e inclinaci\u00f3n a la Biolog\u00eda, Ciencias Naturales y Qu\u00edmica Biol\u00f3gica.<\/span><\/li>\n<\/ol>\n<h1>MODALIDAD DE GRADUACI\u00d3N<\/h1>\n<ul>\n<li><span class=\"fontstyle0\">Internado Rotatorio<\/span><\/li>\n<li><span class=\"fontstyle0\">Elaboraci\u00f3n y defensa de la Tesis de grado.<\/span><\/li>\n<li><span class=\"fontstyle0\">Examen de grado de acuerdo a reglamentaci\u00f3n <\/span><\/li>\n<\/ul>\n<h1>PLAN DE ESTUDIOS<\/h1>\n<blockquote><p><a href=\"http:\/\/www.uajms.edu.bo\/oferta-academica\/plan-de-estudios-carrera-de-odontologia\/\">http:\/\/www.uajms.edu.bo\/oferta-academica\/plan-de-estudios-carrera-de-odontologia\/<\/a><\/p><\/blockquote>\n","protected":false},"excerpt":{"rendered":"<p>Nivel:\u00a0Licenciatura Duraci\u00f3n:\u00a010 semestres Grado Acad\u00e9mico:\u00a0Licenciado(a) en Odontolog\u00eda T\u00edtulo en Provisi\u00f3n Nacional:\u00a0Odont\u00f3logo(a) TAREAS DEL ODONT\u00d3LOGO Diagnosticar el estado de salud bucodental, e identificar las patolog\u00edas que pudieran presentarse en el paciente. [&hellip;]<\/p>\n","protected":false},"author":1,"featured_media":0,"parent":0,"menu_order":0,"comment_status":"closed","ping_status":"closed","template":"","meta":{"_joinchat":[],"footnotes":""},"class_list":["post-455","page","type-page","status-publish","hentry"],"jetpack_sharing_enabled":true,"publishpress_future_action":{"enabled":false,"date":"2026-05-03 05:57:22","action":"change-status","newStatus":"draft","terms":[],"taxonomy":"","extraData":[]},"publishpress_future_workflow_manual_trigger":{"enabledWorkflows":[]},"_links":{"self":[{"href":"https:\/\/www.uajms.edu.bo\/oferta-academica\/wp-json\/wp\/v2\/pages\/455","targetHints":{"allow":["GET"]}}],"collection":[{"href":"https:\/\/www.uajms.edu.bo\/oferta-academica\/wp-json\/wp\/v2\/pages"}],"about":[{"href":"https:\/\/www.uajms.edu.bo\/oferta-academica\/wp-json\/wp\/v2\/types\/page"}],"author":[{"embeddable":true,"href":"https:\/\/www.uajms.edu.bo\/oferta-academica\/wp-json\/wp\/v2\/users\/1"}],"replies":[{"embeddable":true,"href":"https:\/\/www.uajms.edu.bo\/oferta-academica\/wp-json\/wp\/v2\/comments?post=455"}],"version-history":[{"count":5,"href":"https:\/\/www.uajms.edu.bo\/oferta-academica\/wp-json\/wp\/v2\/pages\/455\/revisions"}],"predecessor-version":[{"id":671,"href":"https:\/\/www.uajms.edu.bo\/oferta-academica\/wp-json\/wp\/v2\/pages\/455\/revisions\/671"}],"wp:attachment":[{"href":"https:\/\/www.uajms.edu.bo\/oferta-academica\/wp-json\/wp\/v2\/media?parent=455"}],"curies":[{"name":"wp","href":"https:\/\/api.w.org\/{rel}","templated":true}]}}