

{"id":314,"date":"2018-09-13T21:52:40","date_gmt":"2018-09-13T21:52:40","guid":{"rendered":"http:\/\/www.uajms.edu.bo\/oferta-academica\/?page_id=314"},"modified":"2021-10-26T12:08:55","modified_gmt":"2021-10-26T12:08:55","slug":"carrera-de-ingenieria-quimica","status":"publish","type":"page","link":"https:\/\/www.uajms.edu.bo\/oferta-academica\/carrera-de-ingenieria-quimica\/","title":{"rendered":"Carrera de Ingenier\u00eda Qu\u00edmica"},"content":{"rendered":"<p><iframe src=\"https:\/\/www.youtube.com\/embed\/HYtwPXOwArU\" width=\"560\" height=\"315\" frameborder=\"0\" allowfullscreen=\"allowfullscreen\"><\/iframe><\/p>\n<p><strong>Nivel:<\/strong>\u00a0Licenciatura<br \/><strong>Duraci\u00f3n:<\/strong>\u00a010 semestres<br \/><strong>Grado Acad\u00e9mico:<\/strong>\u00a0Licenciado(a) en Ingenier\u00eda Qu\u00edmica<br \/><strong>T\u00edtulo en Provisi\u00f3n Nacional:<\/strong>\u00a0Ingeniero(a) Qu\u00edmica<\/p>\n<p><strong>P\u00e1gina Web:\u00a0<a href=\"http:\/\/www.uajms.edu.bo\/fcyt\/ingenieria-quimica\/\">http:\/\/www.uajms.edu.bo\/fcyt\/ingenieria-quimica\/<\/a><\/strong><\/p>\n<h1>Perfil Profesional<\/h1>\n<p>El Perfil Profesional propuesto para la Carrera de Ingenier\u00eda Qu\u00edmica responde a los requerimientos de la \u00e9poca actual del pa\u00eds y de la regi\u00f3n, existiendo un v\u00ednculo entre el proceso educativo y el entorno social, cuyos objetivos son compatibles con los establecidos por el MERCOSUR, estos son:<\/p>\n<ul>\n<li>Proyectar, dise\u00f1ar, y montar procesos tecnol\u00f3gicos industriales incorporando el desarrollo de la gesti\u00f3n sostenible y que sean econ\u00f3micamente viables e involucren procesos qu\u00edmicos, fisicoqu\u00edmicos, o biotecnol\u00f3gicos, garantizado la estrecha vinculaci\u00f3n de los conocimientos adquiridos por v\u00eda acad\u00e9mica con la realidad mundial, nacional y en particular con la regional.<\/li>\n<li>Gestionar, mantener, controlar y operar procesos tecnol\u00f3gicos industriales que involucren procesos qu\u00edmicos, fisicoqu\u00edmicos y biotecnol\u00f3gicos con respeto hacia el medio ambiente, la seguridad personal e industrial y la legislaci\u00f3n vigente.<\/li>\n<li>Dise\u00f1ar, ejecutar, evaluar y adaptar tecnolog\u00eda para el mejor aprovechamiento de recursos naturales o materias primas comprendiendo integralmente los problemas ambientales y sus alternativas de soluci\u00f3n a partir de un proceso de investigaci\u00f3n que respondan a las demandas del sector productivo.<\/li>\n<li>Modelar y\/o simular procesos tecnol\u00f3gicos industriales donde intervienen operaciones unitarias o las destinadas a prevenir o evitar la contaminaci\u00f3n ambiental con un alto nivel de responsabilidad, buscando la optimizaci\u00f3n de los mismos.<\/li>\n<\/ul>\n<h1>\u00bfQu\u00e9 hace un Ingeniero Qu\u00edmico?<\/h1>\n<p><iframe title=\"\u00bfQu\u00e9 hace un Ingeniero Qu\u00edmico?\" width=\"1150\" height=\"647\" src=\"https:\/\/www.youtube.com\/embed\/yC0zuoBsG30?feature=oembed\" frameborder=\"0\" allow=\"accelerometer; autoplay; clipboard-write; encrypted-media; gyroscope; picture-in-picture\" allowfullscreen><\/iframe><\/p>\n<p>(Fuente: Instituto Tecnol\u00f3gico de Buenos Aires ITBA)<\/p>\n<h1>Plan de Estudios<\/h1>\n<blockquote>\n<p><a href=\"http:\/\/www.uajms.edu.bo\/oferta-academica\/plan-de-estudios-ingenieria-quimica\/\">http:\/\/www.uajms.edu.bo\/oferta-academica\/plan-de-estudios-ingenieria-quimica\/<\/a><\/p>\n<\/blockquote>\n<p>Entre los aspectos m\u00e1s relevantes del Plan de Estudios se destacan:<\/p>\n<p>Las materias integradoras o globalizadoras que tienen la particularidad de integrar conocimientos de un determinado nivel y son de entrenamiento profesional que permite al estudiante integrar todo lo que sabe hacer hasta un determinado nivel resolviendo problemas de la actividad profesional.<\/p>\n<p>La flexibilidad del Plan de Estudios, se encuentra en las materias electivas y optativas que pueden ser planificadas por cada estudiante de acuerdo con sus intereses y preferencias. Las materias electivas que se ofrecen al estudiante son de corte human\u00edstico mientras que las materias optativas son de corte t\u00e9cnico, es decir referidas a la profesi\u00f3n. De esta manera estas materias, junto con las materias obligatorias contribuyen a la obligaci\u00f3n integral de los estudiantes de la Carrera.<\/p>\n<p>El Plan de Estudios contempla, a trav\u00e9s del vencimiento de las materias Seminario y Proyecto de Ingenier\u00eda Qu\u00edmica del\u00a0\u00a0 noveno y d\u00e9cimo semestre, la graduaci\u00f3n de los estudiantes cuyos objetivos est\u00e1n en correspondencia estrecha con los objetivos del perfil profesional.<\/p>\n<p>Entre otros aspectos y de acuerdo a las Pol\u00edticas Curriculares de la Universidad, se logra disminuir la carga horaria lectiva total, la misma que alcanza las 5022 horas, en cuanto al tiempo de duraci\u00f3n de la Carrera es de 5 a\u00f1os, con un r\u00e9gimen acad\u00e9mico semestral con administraci\u00f3n anual.<\/p>\n\n\n<p><\/p>\n","protected":false},"excerpt":{"rendered":"<p>Nivel:\u00a0LicenciaturaDuraci\u00f3n:\u00a010 semestresGrado Acad\u00e9mico:\u00a0Licenciado(a) en Ingenier\u00eda Qu\u00edmicaT\u00edtulo en Provisi\u00f3n Nacional:\u00a0Ingeniero(a) Qu\u00edmica P\u00e1gina Web:\u00a0http:\/\/www.uajms.edu.bo\/fcyt\/ingenieria-quimica\/ Perfil Profesional El Perfil Profesional propuesto para la Carrera de Ingenier\u00eda Qu\u00edmica responde a los requerimientos de la [&hellip;]<\/p>\n","protected":false},"author":1,"featured_media":0,"parent":0,"menu_order":0,"comment_status":"closed","ping_status":"closed","template":"","meta":{"_joinchat":[],"footnotes":""},"class_list":["post-314","page","type-page","status-publish","hentry"],"jetpack_sharing_enabled":true,"publishpress_future_action":{"enabled":false,"date":"2026-05-23 01:12:54","action":"change-status","newStatus":"draft","terms":[],"taxonomy":"","extraData":[]},"publishpress_future_workflow_manual_trigger":{"enabledWorkflows":[]},"_links":{"self":[{"href":"https:\/\/www.uajms.edu.bo\/oferta-academica\/wp-json\/wp\/v2\/pages\/314","targetHints":{"allow":["GET"]}}],"collection":[{"href":"https:\/\/www.uajms.edu.bo\/oferta-academica\/wp-json\/wp\/v2\/pages"}],"about":[{"href":"https:\/\/www.uajms.edu.bo\/oferta-academica\/wp-json\/wp\/v2\/types\/page"}],"author":[{"embeddable":true,"href":"https:\/\/www.uajms.edu.bo\/oferta-academica\/wp-json\/wp\/v2\/users\/1"}],"replies":[{"embeddable":true,"href":"https:\/\/www.uajms.edu.bo\/oferta-academica\/wp-json\/wp\/v2\/comments?post=314"}],"version-history":[{"count":5,"href":"https:\/\/www.uajms.edu.bo\/oferta-academica\/wp-json\/wp\/v2\/pages\/314\/revisions"}],"predecessor-version":[{"id":1016,"href":"https:\/\/www.uajms.edu.bo\/oferta-academica\/wp-json\/wp\/v2\/pages\/314\/revisions\/1016"}],"wp:attachment":[{"href":"https:\/\/www.uajms.edu.bo\/oferta-academica\/wp-json\/wp\/v2\/media?parent=314"}],"curies":[{"name":"wp","href":"https:\/\/api.w.org\/{rel}","templated":true}]}}