

{"id":3361,"date":"2023-05-03T18:26:04","date_gmt":"2023-05-03T18:26:04","guid":{"rendered":"https:\/\/www.uajms.edu.bo\/fod\/?page_id=3361"},"modified":"2023-05-03T18:26:07","modified_gmt":"2023-05-03T18:26:07","slug":"recensione-di-vegasplus-casino","status":"publish","type":"page","link":"https:\/\/www.uajms.edu.bo\/fod\/?page_id=3361","title":{"rendered":"Recensione di VegasPlus Casino"},"content":{"rendered":"\n<p>Il 2019 ha visto il lancio del sito di gioco online VegasPlus. Si pu\u00f2 essere sicuri che la piattaforma fornisce un ambiente di gioco sicuro e onesto perch\u00e9 ha una licenza Curacao eGaming. Inoltre, offre incredibili bonus, giochi di prim&#8217;ordine e assistenza clienti disponibile 24\/7. Leggi la nostra recensione approfondita per saperne di pi\u00f9 su <a href=\"https:\/\/casinononaams.it\/vegasplus\/\">VegasPlus casino<\/a>.<\/p>\n<p>C&#8217;\u00e8 una mecca del gioco con una luminosit\u00e0 maggiore di Las Vegas? Ci sono luoghi come Monaco e Monte Carlo, di sicuro, ma quando la maggior parte delle persone pensa al gioco d&#8217;azzardo e tutto ci\u00f2 che lo accompagna, pensano immediatamente a Las Vegas.<\/p>\n<p><img decoding=\"async\" src=\"https:\/\/cdn.pixabay.com\/photo\/2016\/08\/31\/11\/02\/poker-1633138_960_720.jpg\" style=\"max-width: 100%;height: auto\" \/><\/p>\n<p>Ci sono diversi luoghi con \u00abVegas\u00bb nei loro nomi, quindi \u00e8 chiaro che le numerose aziende di gioco online con soldi veri del mondo condividono questo sentimento. E ora per un altro. Con un plus questa volta. A + indica che stai andando al di sopra e al di l\u00e0 e facendo di pi\u00f9. Tuttavia, un plus potrebbe riferirsi anche ad alcuni bonus piacevoli e generosi?Puoi scommettere il tuo dollaro inferiore che lo fa in questo caso.<\/p>\n<p>Alla fine, non \u00e8 tutto sulle promozioni? La maggior parte delle sedi offrono gli stessi tipi di giochi dagli stessi fornitori di software, ma gli incentivi appropriati possono dare ai giocatori che scelgono di sedersi e mettere soldi in un centro di scommesse un&#8217;esperienza memorabile.<\/p>\n<p>Come si confronta VegasPlus, allora? Cosa ha pianificato il loro staff per i giocatori che stanno pensando di effettuare un deposito e iniziare a giocare ai loro giochi da tavolo e alle slot preferite?<\/p>\n<h2>Offerte bonus<\/h2>\n<p>Iniziare con qualcosa di diverso dal pacchetto di benvenuto introduttivo non sarebbe appropriato, quindi seguiremo l&#8217;esempio. Due offerte diverse ma collegate costituiscono il pacchetto di benvenuto. Il primo \u00e8 una partita di deposito completa che non \u00e8 n\u00e9 molto sgargiante n\u00e9 particolarmente sottile.<\/p>\n<p>Il secondo incentivo di deposito, che \u00e8 un bonus del 50% con un limite di partita significativamente pi\u00f9 grande, viene dopo quello. Quando li aggiungi, hai una considerevole quantit\u00e0 di denaro aggiuntivo a tua disposizione per iniziare, e lo apprezziamo sempre. Ci sono anche pi\u00f9 giri disponibili per i nuovi giocatori, quindi non \u00e8 tutto ci\u00f2 che \u00e8 in offerta qui. \u00c8 un po &#8216; una seccatura, ma poich\u00e9 \u00e8 stato distribuito per cinque giorni di fila, serve come un piacevole piccolo vantaggio per continuare a tornare.<\/p>\n<p>Inoltre, i giocatori riceveranno giri gratuiti aggiuntivi per i giochi rilasciati di recente e cashback in base al loro status VIP (ne parleremo pi\u00f9 avanti). Il disegno settimanale e il fatto che tutti i depositi ricevono bonus se effettuati utilizzando la casella \u00abDeposito rapido\u00bb vista in ogni finestra di gioco a cui si accede sul sito web completano la scaletta bonus.<\/p>\n<p>A chi non piace sentirsi importante? Parliamo di questo programma VIP. Questo club ha sette livelli, a partire dal bronzo e termina con diamanti rossi. Man mano che i giocatori avanzano nei ranghi, possono anticipare promozioni speciali, pi\u00f9 giri su giochi nuovi di zecca, bonus di compleanno, manager VIP e maggiori restrizioni di deposito e prelievo.<\/p>\n<h2>Giochi<\/h2>\n<p>Nel complesso, questa \u00e8 una grande offerta, e questo stabilimento ovviamente ottiene incentivi giusti. Panoramica del gioco<br \/>Passiamo ad un altro argomento che piace a tutti ora che abbiamo una migliore comprensione di come funzionano le promozioni. i giochi reali.<\/p>\n<p>Giochi da una variet\u00e0 di sviluppatori di software, tra cui NetEnt, Wazdan, Yggdrasil, Booongo, Pragmatic Play, e molti altri, sono disponibili in questa posizione.<\/p>\n<p>Alcuni dei marchi pi\u00f9 noti del settore sono rappresentati in questa scuderia di sviluppatori, i quali creano un eccellente piacere di gioco. Con cos\u00ec tanti diversi stili di gioco disponibili, si pu\u00f2 essere sicuri di trovare qualcosa che ti piace, che si tratti di slot o un gioco da tavolo che vi aiuter\u00e0 a migliorare la vostra tecnica di scommesse roulette.<\/p>\n<p>Detto questo, diamo un&#8217;occhiata pi\u00f9 da vicino:<\/p>\n<p>Le slot machine includono quanto segue: Book of Dead, 9 Lions, Legend of Cleopatra, Diamond Wild, Dragon Pearls Hold and Win, Valley of the Pharaohs, Starburst, Vikings go Berzerk, Samba Carnival, Fire Joker, Lucky Staxx 40 Lines, Viking Runecraft, Sevens and Fruits, Gemix, House of Doom, Dwarven Gold Deluxe, Wild North, Moon Princess, Jade Magician e altro ancora.<\/p>\n<p>Naturalmente, si pu\u00f2 anche giocare a tavolo e giochi dal vivo qui, proprio come la maggior parte dei luoghi. Entrambi i giochi con e senza croupier dal vivo sono disponibili, tra cui poker, blackjack, roulette, video poker, baccarat e altri giochi.<\/p>\n<h2>Casin\u00f2 cellulare<\/h2>\n<p>Questa posizione include tutto ci\u00f2 che devi sapere sul gioco mobile. E se non lo facessero, sarebbe strano. La nuova frontiera nel settore \u00e8 il gioco d&#8217;azzardo con denaro reale mobile, e sempre pi\u00f9 operatori, sviluppatori di giochi e fornitori di contenuti si stanno rendendo conto che i giocatori d&#8217;azzardo di oggi non vogliono essere limitati ai loro computer desktop, ma piuttosto vogliono correre liberi e scommettere quando e dove vogliono.<\/p>\n<p>Se sei uno di quegli scommettitori, dovresti essere consapevole che VegasPlus ha un sito web mobile all&#8217;avanguardia e facilmente navigabile che offre tutte le stesse possibilit\u00e0 del suo equivalente desktop. Inoltre, non ci sono problemi con i giochi. Ci\u00f2 \u00e8 dovuto al fatto che tutti gli attuali fornitori di software, compresi quelli con cui la sede ha collaborato, offrono giochi basati su HTML5 che sono mobile-friendly. Ci\u00f2 implica che, indipendentemente dalle dimensioni dello schermo, i giochi appariranno chiari e splendidi e saranno preparati per i tuoi giri o scommesse.<\/p>\n<p><img decoding=\"async\" src=\"https:\/\/cdn.pixabay.com\/photo\/2014\/12\/14\/19\/36\/cube-568191_960_720.jpg\" style=\"max-width: 100%;height: auto\" \/><\/p>\n<h2>Sto finendo<\/h2>\n<p>Vegas, incentivi, e le imprese mobile-friendly sono tutte cose che adoriamo. Tutti e tre sono presenti in questo casin\u00f2. Non ci sono quindi scuse per non effettuare un deposito e approfittare di tutti i bonus e giochi quando e dove si sceglie.<\/p>\n<p>L&#8217;eccellente programma VIP e l&#8217;ampia gamma di bonus sono forse le caratteristiche migliori, ma tutti gli appassionati di criptovaluta possono stare tranquilli sapendo che le tue valute virtuali sono ugualmente riconosciute e accolte perch\u00e9 Bitcoin \u00e8 accettato sia per i depositi che per i prelievi. \u00c8 stato saggio da parte di questo operatore entrare in esso ed essere uno dei pionieri nell&#8217;area poich\u00e9 il gioco d&#8217;azzardo di criptovaluta \u00e8 costantemente alla ricerca di una posizione che consentirebbe veramente alle persone di scommettere e Bitcoin sta solo aumentando di popolarit\u00e0.<\/p>\n<p>Ci sono alcune preoccupazioni minori, come il tetto di 150 euro di bonus e la soglia minima di prelievo un po &#8216; alta. Inoltre, si dovrebbe essere consapevoli del fatto che v&#8217;\u00e8 una tassa se si richiede pi\u00f9 di 4 prelievi al mese.<\/p>\n","protected":false},"excerpt":{"rendered":"<p>Il 2019 ha visto il lancio del sito di gioco online VegasPlus. Si pu\u00f2 essere sicuri che la piattaforma fornisce un ambiente [&hellip;]<\/p>\n","protected":false},"author":19,"featured_media":0,"parent":0,"menu_order":0,"comment_status":"closed","ping_status":"closed","template":"","meta":{"_joinchat":[],"footnotes":""},"class_list":["post-3361","page","type-page","status-publish","hentry"],"jetpack_sharing_enabled":true,"publishpress_future_action":{"enabled":false,"date":"2026-05-15 12:00:01","action":"change-status","newStatus":"draft","terms":[],"taxonomy":"","extraData":[]},"publishpress_future_workflow_manual_trigger":{"enabledWorkflows":[]},"_links":{"self":[{"href":"https:\/\/www.uajms.edu.bo\/fod\/index.php?rest_route=\/wp\/v2\/pages\/3361","targetHints":{"allow":["GET"]}}],"collection":[{"href":"https:\/\/www.uajms.edu.bo\/fod\/index.php?rest_route=\/wp\/v2\/pages"}],"about":[{"href":"https:\/\/www.uajms.edu.bo\/fod\/index.php?rest_route=\/wp\/v2\/types\/page"}],"author":[{"embeddable":true,"href":"https:\/\/www.uajms.edu.bo\/fod\/index.php?rest_route=\/wp\/v2\/users\/19"}],"replies":[{"embeddable":true,"href":"https:\/\/www.uajms.edu.bo\/fod\/index.php?rest_route=%2Fwp%2Fv2%2Fcomments&post=3361"}],"version-history":[{"count":1,"href":"https:\/\/www.uajms.edu.bo\/fod\/index.php?rest_route=\/wp\/v2\/pages\/3361\/revisions"}],"predecessor-version":[{"id":3362,"href":"https:\/\/www.uajms.edu.bo\/fod\/index.php?rest_route=\/wp\/v2\/pages\/3361\/revisions\/3362"}],"wp:attachment":[{"href":"https:\/\/www.uajms.edu.bo\/fod\/index.php?rest_route=%2Fwp%2Fv2%2Fmedia&parent=3361"}],"curies":[{"name":"wp","href":"https:\/\/api.w.org\/{rel}","templated":true}]}}