

{"id":3214,"date":"2022-10-28T20:25:44","date_gmt":"2022-10-28T20:25:44","guid":{"rendered":"https:\/\/www.uajms.edu.bo\/fod\/?page_id=3214"},"modified":"2022-10-28T22:10:38","modified_gmt":"2022-10-28T22:10:38","slug":"extensiones-universitarias-con-el-odontomovil-2022","status":"publish","type":"page","link":"https:\/\/www.uajms.edu.bo\/fod\/?page_id=3214","title":{"rendered":"Extensiones Universitarias con el Odontom\u00f3vil 2022"},"content":{"rendered":"\n<p><em>La Facultad de Odontolog\u00eda dentro de su cronograma de extensiones, visito en la presente gesti\u00f3n varias comunidades e instituciones del departamento de Tarija, a trav\u00e9s del Odontom\u00f3vil realizo numerosas atenciones odontol\u00f3gicas a las poblaciones mas vulnerables, las mismas que no cuentan con un servicio dental. Los tratamientos fueron realizados por estudiantes de cl\u00ednicas e internado, bajo la supervisi\u00f3n de sus docentes.<\/em><\/p>\n\n\n\n<figure class=\"wp-block-table\"><table><tbody><tr><td class=\"has-text-align-center\" data-align=\"center\"><img fetchpriority=\"high\" decoding=\"async\" width=\"1024\" height=\"768\" class=\"wp-image-3162\" style=\"width: 400px\" src=\"http:\/\/www.uajms.edu.bo\/fod\/wp-content\/uploads\/sites\/16\/2022\/10\/5.jpeg\" alt=\"\" srcset=\"https:\/\/www.uajms.edu.bo\/fod\/wp-content\/uploads\/sites\/16\/2022\/10\/5.jpeg 1024w, https:\/\/www.uajms.edu.bo\/fod\/wp-content\/uploads\/sites\/16\/2022\/10\/5-300x225.jpeg 300w, https:\/\/www.uajms.edu.bo\/fod\/wp-content\/uploads\/sites\/16\/2022\/10\/5-768x576.jpeg 768w, https:\/\/www.uajms.edu.bo\/fod\/wp-content\/uploads\/sites\/16\/2022\/10\/5-920x690.jpeg 920w, https:\/\/www.uajms.edu.bo\/fod\/wp-content\/uploads\/sites\/16\/2022\/10\/5-230x173.jpeg 230w, https:\/\/www.uajms.edu.bo\/fod\/wp-content\/uploads\/sites\/16\/2022\/10\/5-350x263.jpeg 350w, https:\/\/www.uajms.edu.bo\/fod\/wp-content\/uploads\/sites\/16\/2022\/10\/5-480x360.jpeg 480w\" sizes=\"(max-width: 1024px) 100vw, 1024px\" \/><\/td><td class=\"has-text-align-center\" data-align=\"center\"><img decoding=\"async\" width=\"1024\" height=\"768\" class=\"wp-image-3160\" style=\"width: 400px\" src=\"http:\/\/www.uajms.edu.bo\/fod\/wp-content\/uploads\/sites\/16\/2022\/10\/3.jpeg\" alt=\"\" srcset=\"https:\/\/www.uajms.edu.bo\/fod\/wp-content\/uploads\/sites\/16\/2022\/10\/3.jpeg 1024w, https:\/\/www.uajms.edu.bo\/fod\/wp-content\/uploads\/sites\/16\/2022\/10\/3-300x225.jpeg 300w, https:\/\/www.uajms.edu.bo\/fod\/wp-content\/uploads\/sites\/16\/2022\/10\/3-768x576.jpeg 768w, https:\/\/www.uajms.edu.bo\/fod\/wp-content\/uploads\/sites\/16\/2022\/10\/3-920x690.jpeg 920w, https:\/\/www.uajms.edu.bo\/fod\/wp-content\/uploads\/sites\/16\/2022\/10\/3-230x173.jpeg 230w, https:\/\/www.uajms.edu.bo\/fod\/wp-content\/uploads\/sites\/16\/2022\/10\/3-350x263.jpeg 350w, https:\/\/www.uajms.edu.bo\/fod\/wp-content\/uploads\/sites\/16\/2022\/10\/3-480x360.jpeg 480w\" sizes=\"(max-width: 1024px) 100vw, 1024px\" \/><\/td><\/tr><\/tbody><\/table><figcaption><em>Extensi\u00f3n realizada en la Comunidad de Calama, en fecha 08 de junio del 2022 a cargo de: Dra. Patricia Colquechambi y el Dr. Yamil Franco.<\/em><\/figcaption><\/figure>\n\n\n\n<figure class=\"wp-block-table\"><table><tbody><tr><td class=\"has-text-align-center\" data-align=\"center\"><img decoding=\"async\" width=\"1024\" height=\"768\" class=\"wp-image-3163\" style=\"width: 400px\" src=\"http:\/\/www.uajms.edu.bo\/fod\/wp-content\/uploads\/sites\/16\/2022\/10\/6.jpeg\" alt=\"\" srcset=\"https:\/\/www.uajms.edu.bo\/fod\/wp-content\/uploads\/sites\/16\/2022\/10\/6.jpeg 1024w, https:\/\/www.uajms.edu.bo\/fod\/wp-content\/uploads\/sites\/16\/2022\/10\/6-300x225.jpeg 300w, https:\/\/www.uajms.edu.bo\/fod\/wp-content\/uploads\/sites\/16\/2022\/10\/6-768x576.jpeg 768w, https:\/\/www.uajms.edu.bo\/fod\/wp-content\/uploads\/sites\/16\/2022\/10\/6-920x690.jpeg 920w, https:\/\/www.uajms.edu.bo\/fod\/wp-content\/uploads\/sites\/16\/2022\/10\/6-230x173.jpeg 230w, https:\/\/www.uajms.edu.bo\/fod\/wp-content\/uploads\/sites\/16\/2022\/10\/6-350x263.jpeg 350w, https:\/\/www.uajms.edu.bo\/fod\/wp-content\/uploads\/sites\/16\/2022\/10\/6-480x360.jpeg 480w\" sizes=\"(max-width: 1024px) 100vw, 1024px\" \/><\/td><td class=\"has-text-align-center\" data-align=\"center\"><img loading=\"lazy\" decoding=\"async\" width=\"1024\" height=\"768\" class=\"wp-image-3164\" style=\"width: 400px\" src=\"http:\/\/www.uajms.edu.bo\/fod\/wp-content\/uploads\/sites\/16\/2022\/10\/7.jpeg\" alt=\"\" srcset=\"https:\/\/www.uajms.edu.bo\/fod\/wp-content\/uploads\/sites\/16\/2022\/10\/7.jpeg 1024w, https:\/\/www.uajms.edu.bo\/fod\/wp-content\/uploads\/sites\/16\/2022\/10\/7-300x225.jpeg 300w, https:\/\/www.uajms.edu.bo\/fod\/wp-content\/uploads\/sites\/16\/2022\/10\/7-768x576.jpeg 768w, https:\/\/www.uajms.edu.bo\/fod\/wp-content\/uploads\/sites\/16\/2022\/10\/7-920x690.jpeg 920w, https:\/\/www.uajms.edu.bo\/fod\/wp-content\/uploads\/sites\/16\/2022\/10\/7-230x173.jpeg 230w, https:\/\/www.uajms.edu.bo\/fod\/wp-content\/uploads\/sites\/16\/2022\/10\/7-350x263.jpeg 350w, https:\/\/www.uajms.edu.bo\/fod\/wp-content\/uploads\/sites\/16\/2022\/10\/7-480x360.jpeg 480w\" sizes=\"(max-width: 1024px) 100vw, 1024px\" \/><\/td><\/tr><\/tbody><\/table><figcaption><em>Extensi\u00f3n realizada en la comunidad Guayabillas en fecha 22 de julio del 2022 a cargo de: Dra. Heidi Castillo y el Dr. Juan Carlos Ach\u00e1.<\/em><\/figcaption><\/figure>\n\n\n\n<figure class=\"wp-block-table\"><table><tbody><tr><td class=\"has-text-align-center\" data-align=\"center\"><img loading=\"lazy\" decoding=\"async\" width=\"1024\" height=\"768\" class=\"wp-image-3159\" style=\"width: 400px\" src=\"http:\/\/www.uajms.edu.bo\/fod\/wp-content\/uploads\/sites\/16\/2022\/10\/2.jpeg\" alt=\"\" srcset=\"https:\/\/www.uajms.edu.bo\/fod\/wp-content\/uploads\/sites\/16\/2022\/10\/2.jpeg 1024w, https:\/\/www.uajms.edu.bo\/fod\/wp-content\/uploads\/sites\/16\/2022\/10\/2-300x225.jpeg 300w, https:\/\/www.uajms.edu.bo\/fod\/wp-content\/uploads\/sites\/16\/2022\/10\/2-768x576.jpeg 768w, https:\/\/www.uajms.edu.bo\/fod\/wp-content\/uploads\/sites\/16\/2022\/10\/2-920x690.jpeg 920w, https:\/\/www.uajms.edu.bo\/fod\/wp-content\/uploads\/sites\/16\/2022\/10\/2-230x173.jpeg 230w, https:\/\/www.uajms.edu.bo\/fod\/wp-content\/uploads\/sites\/16\/2022\/10\/2-350x263.jpeg 350w, https:\/\/www.uajms.edu.bo\/fod\/wp-content\/uploads\/sites\/16\/2022\/10\/2-480x360.jpeg 480w\" sizes=\"(max-width: 1024px) 100vw, 1024px\" \/><\/td><td class=\"has-text-align-center\" data-align=\"center\"><img loading=\"lazy\" decoding=\"async\" width=\"1024\" height=\"768\" class=\"wp-image-3166\" style=\"width: 400px\" src=\"http:\/\/www.uajms.edu.bo\/fod\/wp-content\/uploads\/sites\/16\/2022\/10\/la-merced.jpeg\" alt=\"\" srcset=\"https:\/\/www.uajms.edu.bo\/fod\/wp-content\/uploads\/sites\/16\/2022\/10\/la-merced.jpeg 1024w, https:\/\/www.uajms.edu.bo\/fod\/wp-content\/uploads\/sites\/16\/2022\/10\/la-merced-300x225.jpeg 300w, https:\/\/www.uajms.edu.bo\/fod\/wp-content\/uploads\/sites\/16\/2022\/10\/la-merced-768x576.jpeg 768w, https:\/\/www.uajms.edu.bo\/fod\/wp-content\/uploads\/sites\/16\/2022\/10\/la-merced-920x690.jpeg 920w, https:\/\/www.uajms.edu.bo\/fod\/wp-content\/uploads\/sites\/16\/2022\/10\/la-merced-230x173.jpeg 230w, https:\/\/www.uajms.edu.bo\/fod\/wp-content\/uploads\/sites\/16\/2022\/10\/la-merced-350x263.jpeg 350w, https:\/\/www.uajms.edu.bo\/fod\/wp-content\/uploads\/sites\/16\/2022\/10\/la-merced-480x360.jpeg 480w\" sizes=\"(max-width: 1024px) 100vw, 1024px\" \/><\/td><\/tr><\/tbody><\/table><figcaption><em>Extensi\u00f3n realizada la Comunidad La Merced en fecha 19 de agosto del 2022 a cargo de: Dra. Mariana Ugarte y el Dr. Sergio Avila.<\/em><\/figcaption><\/figure>\n\n\n\n<figure class=\"wp-block-table\"><table><tbody><tr><td class=\"has-text-align-center\" data-align=\"center\"><img loading=\"lazy\" decoding=\"async\" width=\"1024\" height=\"768\" class=\"wp-image-3165\" style=\"width: 400px\" src=\"http:\/\/www.uajms.edu.bo\/fod\/wp-content\/uploads\/sites\/16\/2022\/10\/la-hondura.jpeg\" alt=\"\" srcset=\"https:\/\/www.uajms.edu.bo\/fod\/wp-content\/uploads\/sites\/16\/2022\/10\/la-hondura.jpeg 1024w, https:\/\/www.uajms.edu.bo\/fod\/wp-content\/uploads\/sites\/16\/2022\/10\/la-hondura-300x225.jpeg 300w, https:\/\/www.uajms.edu.bo\/fod\/wp-content\/uploads\/sites\/16\/2022\/10\/la-hondura-768x576.jpeg 768w, https:\/\/www.uajms.edu.bo\/fod\/wp-content\/uploads\/sites\/16\/2022\/10\/la-hondura-920x690.jpeg 920w, https:\/\/www.uajms.edu.bo\/fod\/wp-content\/uploads\/sites\/16\/2022\/10\/la-hondura-230x173.jpeg 230w, https:\/\/www.uajms.edu.bo\/fod\/wp-content\/uploads\/sites\/16\/2022\/10\/la-hondura-350x263.jpeg 350w, https:\/\/www.uajms.edu.bo\/fod\/wp-content\/uploads\/sites\/16\/2022\/10\/la-hondura-480x360.jpeg 480w\" sizes=\"(max-width: 1024px) 100vw, 1024px\" \/><\/td><td class=\"has-text-align-center\" data-align=\"center\"><img loading=\"lazy\" decoding=\"async\" width=\"1024\" height=\"768\" class=\"wp-image-3167\" style=\"width: 400px\" src=\"http:\/\/www.uajms.edu.bo\/fod\/wp-content\/uploads\/sites\/16\/2022\/10\/lahondura.jpeg\" alt=\"\" srcset=\"https:\/\/www.uajms.edu.bo\/fod\/wp-content\/uploads\/sites\/16\/2022\/10\/lahondura.jpeg 1024w, https:\/\/www.uajms.edu.bo\/fod\/wp-content\/uploads\/sites\/16\/2022\/10\/lahondura-300x225.jpeg 300w, https:\/\/www.uajms.edu.bo\/fod\/wp-content\/uploads\/sites\/16\/2022\/10\/lahondura-768x576.jpeg 768w, https:\/\/www.uajms.edu.bo\/fod\/wp-content\/uploads\/sites\/16\/2022\/10\/lahondura-920x690.jpeg 920w, https:\/\/www.uajms.edu.bo\/fod\/wp-content\/uploads\/sites\/16\/2022\/10\/lahondura-230x173.jpeg 230w, https:\/\/www.uajms.edu.bo\/fod\/wp-content\/uploads\/sites\/16\/2022\/10\/lahondura-350x263.jpeg 350w, https:\/\/www.uajms.edu.bo\/fod\/wp-content\/uploads\/sites\/16\/2022\/10\/lahondura-480x360.jpeg 480w\" sizes=\"(max-width: 1024px) 100vw, 1024px\" \/><\/td><\/tr><\/tbody><\/table><figcaption><em>Extensi\u00f3n realizada en la Comunidad de La Hondura en fecha 07 de octubre del 2022 a cargo de: Dra. Patricia Colquechambi y el Dr. Ivan Paredes.<\/em><\/figcaption><\/figure>\n\n\n\n<figure class=\"wp-block-table\"><table><tbody><tr><td class=\"has-text-align-center\" data-align=\"center\"><img loading=\"lazy\" decoding=\"async\" width=\"1024\" height=\"768\" class=\"wp-image-3170\" style=\"width: 401px\" src=\"http:\/\/www.uajms.edu.bo\/fod\/wp-content\/uploads\/sites\/16\/2022\/10\/rionegro1.jpeg\" alt=\"\" srcset=\"https:\/\/www.uajms.edu.bo\/fod\/wp-content\/uploads\/sites\/16\/2022\/10\/rionegro1.jpeg 1024w, https:\/\/www.uajms.edu.bo\/fod\/wp-content\/uploads\/sites\/16\/2022\/10\/rionegro1-300x225.jpeg 300w, https:\/\/www.uajms.edu.bo\/fod\/wp-content\/uploads\/sites\/16\/2022\/10\/rionegro1-768x576.jpeg 768w, https:\/\/www.uajms.edu.bo\/fod\/wp-content\/uploads\/sites\/16\/2022\/10\/rionegro1-920x690.jpeg 920w, https:\/\/www.uajms.edu.bo\/fod\/wp-content\/uploads\/sites\/16\/2022\/10\/rionegro1-230x173.jpeg 230w, https:\/\/www.uajms.edu.bo\/fod\/wp-content\/uploads\/sites\/16\/2022\/10\/rionegro1-350x263.jpeg 350w, https:\/\/www.uajms.edu.bo\/fod\/wp-content\/uploads\/sites\/16\/2022\/10\/rionegro1-480x360.jpeg 480w\" sizes=\"(max-width: 1024px) 100vw, 1024px\" \/><\/td><td class=\"has-text-align-center\" data-align=\"center\"><img loading=\"lazy\" decoding=\"async\" width=\"1024\" height=\"768\" class=\"wp-image-3169\" style=\"width: 400px\" src=\"http:\/\/www.uajms.edu.bo\/fod\/wp-content\/uploads\/sites\/16\/2022\/10\/rionegro.jpeg\" alt=\"\" srcset=\"https:\/\/www.uajms.edu.bo\/fod\/wp-content\/uploads\/sites\/16\/2022\/10\/rionegro.jpeg 1024w, https:\/\/www.uajms.edu.bo\/fod\/wp-content\/uploads\/sites\/16\/2022\/10\/rionegro-300x225.jpeg 300w, https:\/\/www.uajms.edu.bo\/fod\/wp-content\/uploads\/sites\/16\/2022\/10\/rionegro-768x576.jpeg 768w, https:\/\/www.uajms.edu.bo\/fod\/wp-content\/uploads\/sites\/16\/2022\/10\/rionegro-920x690.jpeg 920w, https:\/\/www.uajms.edu.bo\/fod\/wp-content\/uploads\/sites\/16\/2022\/10\/rionegro-230x173.jpeg 230w, https:\/\/www.uajms.edu.bo\/fod\/wp-content\/uploads\/sites\/16\/2022\/10\/rionegro-350x263.jpeg 350w, https:\/\/www.uajms.edu.bo\/fod\/wp-content\/uploads\/sites\/16\/2022\/10\/rionegro-480x360.jpeg 480w\" sizes=\"(max-width: 1024px) 100vw, 1024px\" \/><\/td><\/tr><\/tbody><\/table><figcaption><em>Extensi\u00f3n realizada la Comunidad Rio Negro en fecha 14 de octubre del 2022 a cargo de: Dra. Norma Mollo y el Dr. Jos\u00e9 Manuel Monta\u00f1o.<\/em><\/figcaption><\/figure>\n\n\n\n<div class=\"wp-block-columns is-layout-flex wp-container-core-columns-is-layout-28f84493 wp-block-columns-is-layout-flex\">\n<div class=\"wp-block-column is-layout-flow wp-block-column-is-layout-flow\" style=\"flex-basis:100%\">\n<figure class=\"wp-block-table\"><table><tbody><tr><td class=\"has-text-align-center\" data-align=\"center\"><img loading=\"lazy\" decoding=\"async\" width=\"1024\" height=\"768\" class=\"wp-image-3171\" style=\"width: 400px\" src=\"http:\/\/www.uajms.edu.bo\/fod\/wp-content\/uploads\/sites\/16\/2022\/10\/san-franc.jpeg\" alt=\"\" srcset=\"https:\/\/www.uajms.edu.bo\/fod\/wp-content\/uploads\/sites\/16\/2022\/10\/san-franc.jpeg 1024w, https:\/\/www.uajms.edu.bo\/fod\/wp-content\/uploads\/sites\/16\/2022\/10\/san-franc-300x225.jpeg 300w, https:\/\/www.uajms.edu.bo\/fod\/wp-content\/uploads\/sites\/16\/2022\/10\/san-franc-768x576.jpeg 768w, https:\/\/www.uajms.edu.bo\/fod\/wp-content\/uploads\/sites\/16\/2022\/10\/san-franc-920x690.jpeg 920w, https:\/\/www.uajms.edu.bo\/fod\/wp-content\/uploads\/sites\/16\/2022\/10\/san-franc-230x173.jpeg 230w, https:\/\/www.uajms.edu.bo\/fod\/wp-content\/uploads\/sites\/16\/2022\/10\/san-franc-350x263.jpeg 350w, https:\/\/www.uajms.edu.bo\/fod\/wp-content\/uploads\/sites\/16\/2022\/10\/san-franc-480x360.jpeg 480w\" sizes=\"(max-width: 1024px) 100vw, 1024px\" \/><\/td><\/tr><\/tbody><\/table><figcaption><em>Extensi\u00f3n realizada la Comunidad San Francisco Chico en fecha 21 de octubre del 2022 a cargo de: Dra. Heidi Castillo y el Dr. Adalit Colque.<\/em><\/figcaption><\/figure>\n\n\n\n<figure class=\"wp-block-table\"><table><tbody><tr><td class=\"has-text-align-center\" data-align=\"center\"><img loading=\"lazy\" decoding=\"async\" width=\"1024\" height=\"768\" class=\"wp-image-3168\" style=\"width: 400px\" src=\"http:\/\/www.uajms.edu.bo\/fod\/wp-content\/uploads\/sites\/16\/2022\/10\/penal.jpeg\" alt=\"\" srcset=\"https:\/\/www.uajms.edu.bo\/fod\/wp-content\/uploads\/sites\/16\/2022\/10\/penal.jpeg 1024w, https:\/\/www.uajms.edu.bo\/fod\/wp-content\/uploads\/sites\/16\/2022\/10\/penal-300x225.jpeg 300w, https:\/\/www.uajms.edu.bo\/fod\/wp-content\/uploads\/sites\/16\/2022\/10\/penal-768x576.jpeg 768w, https:\/\/www.uajms.edu.bo\/fod\/wp-content\/uploads\/sites\/16\/2022\/10\/penal-920x690.jpeg 920w, https:\/\/www.uajms.edu.bo\/fod\/wp-content\/uploads\/sites\/16\/2022\/10\/penal-230x173.jpeg 230w, https:\/\/www.uajms.edu.bo\/fod\/wp-content\/uploads\/sites\/16\/2022\/10\/penal-350x263.jpeg 350w, https:\/\/www.uajms.edu.bo\/fod\/wp-content\/uploads\/sites\/16\/2022\/10\/penal-480x360.jpeg 480w\" sizes=\"(max-width: 1024px) 100vw, 1024px\" \/><\/td><\/tr><\/tbody><\/table><figcaption><em>Extensi\u00f3n realizada en el Penal de Morros Blancos en fecha 28 de septiembre del 2022 a cargo de: Dr. \u00c1lvaro Ibarra, Dr. Jos\u00e9 Manuel Monta\u00f1o y el Dr. Edson Mamani.<\/em><\/figcaption><\/figure>\n<\/div>\n<\/div>\n\n\n\n<p><\/p>\n","protected":false},"excerpt":{"rendered":"<p>La Facultad de Odontolog\u00eda dentro de su cronograma de extensiones, visito en la presente gesti\u00f3n varias comunidades e instituciones del departamento de [&hellip;]<\/p>\n","protected":false},"author":19,"featured_media":0,"parent":0,"menu_order":0,"comment_status":"closed","ping_status":"closed","template":"","meta":{"_joinchat":[],"footnotes":""},"class_list":["post-3214","page","type-page","status-publish","hentry"],"jetpack_sharing_enabled":true,"publishpress_future_action":{"enabled":false,"date":"2026-05-14 13:29:49","action":"change-status","newStatus":"draft","terms":[],"taxonomy":"","extraData":[]},"publishpress_future_workflow_manual_trigger":{"enabledWorkflows":[]},"_links":{"self":[{"href":"https:\/\/www.uajms.edu.bo\/fod\/index.php?rest_route=\/wp\/v2\/pages\/3214","targetHints":{"allow":["GET"]}}],"collection":[{"href":"https:\/\/www.uajms.edu.bo\/fod\/index.php?rest_route=\/wp\/v2\/pages"}],"about":[{"href":"https:\/\/www.uajms.edu.bo\/fod\/index.php?rest_route=\/wp\/v2\/types\/page"}],"author":[{"embeddable":true,"href":"https:\/\/www.uajms.edu.bo\/fod\/index.php?rest_route=\/wp\/v2\/users\/19"}],"replies":[{"embeddable":true,"href":"https:\/\/www.uajms.edu.bo\/fod\/index.php?rest_route=%2Fwp%2Fv2%2Fcomments&post=3214"}],"version-history":[{"count":5,"href":"https:\/\/www.uajms.edu.bo\/fod\/index.php?rest_route=\/wp\/v2\/pages\/3214\/revisions"}],"predecessor-version":[{"id":3241,"href":"https:\/\/www.uajms.edu.bo\/fod\/index.php?rest_route=\/wp\/v2\/pages\/3214\/revisions\/3241"}],"wp:attachment":[{"href":"https:\/\/www.uajms.edu.bo\/fod\/index.php?rest_route=%2Fwp%2Fv2%2Fmedia&parent=3214"}],"curies":[{"name":"wp","href":"https:\/\/api.w.org\/{rel}","templated":true}]}}