

{"id":2136,"date":"2021-02-09T15:21:10","date_gmt":"2021-02-09T15:21:10","guid":{"rendered":"http:\/\/www.uajms.edu.bo\/fod\/?page_id=2136"},"modified":"2021-02-10T13:40:34","modified_gmt":"2021-02-10T13:40:34","slug":"seguro-universitario","status":"publish","type":"page","link":"https:\/\/www.uajms.edu.bo\/fod\/?page_id=2136","title":{"rendered":"SEGURO UNIVERSITARIO"},"content":{"rendered":"[vc_row][vc_column width=\u00bb1\/2&#8243;][vc_custom_heading text=\u00bbUniversidad Aut\u00f3noma \u00abJuan Misael Saracho\u00ab\u00bb font_container=\u00bbtag:h5|text_align:left\u00bb use_theme_fonts=\u00bbyes\u00bb css=\u00bb.vc_custom_1612963054413{margin-top: 0px !important;}\u00bb][vc_custom_heading text=\u00bbSEGURO SOCIAL UNIVERSITARIO ESTUDIANTIL\u00bb use_theme_fonts=\u00bbyes\u00bb css=\u00bb.vc_custom_1612963071674{margin-top: 0px !important;}\u00bb][vc_column_text css=\u00bb.vc_custom_1612964188394{padding-top: 15px !important;}\u00bb]<em>Es un seguro m\u00e9dico exclusivo para los estudiantes de la UAJMS, dedicado a la atenci\u00f3n integral de la salud, desarrollando actividades de promoci\u00f3n, prevenci\u00f3n, curaci\u00f3n, recuperaci\u00f3n y rehabilitaci\u00f3n.<\/em><!--more-->[\/vc_column_text][vc_column_text css=\u00bb.vc_custom_1612963171173{padding-top: 15px !important;}\u00bb]<strong>\u00bfCOMO ACCEDER AL BENEFICIO DEL SSUE?<\/strong><\/p>\n<p>Para acceder a este beneficio el estudiante de la UAJMS deber\u00e1 cumplir con los siguientes requisitos de afiliaci\u00f3n al SSUE:<br \/>\n1. Fotocopia simple del carnet de identidad.<br \/>\n2. Fotocopia de la matricula vigente.<br \/>\n3. Certificado de no afiliaci\u00f3n a otros seguros.<br \/>\n(Recabar formulario en oficinas del SSUE)[\/vc_column_text][vc_column_text css=\u00bb.vc_custom_1612963419651{padding-top: 15px !important;}\u00bb]<strong>PARA SER ATENDIDO PUEDES ACUDIR A:<\/strong><\/p>\n<p><span>Policonsultorio SSUE, <\/span><span>Campus Universitario zona El Tejar, <\/span><span>Bloque de Bienestar Universitario-Planta Baja<\/span><br \/>\n<span>En horarios de:\u00a0<\/span><strong>8:00 a 12:00 14:30 a 18:30<br \/>\n<\/strong><span>Tel: 66-72989<\/span>[\/vc_column_text][vc_column_text css=\u00bb.vc_custom_1612964326722{padding-top: 15px !important;}\u00bb]<span><\/span><strong>EMERGENCIAS:<\/strong><\/p>\n<p><span>Poli-consultorio del Seguro Social Universitario de Tarija <\/span><span>ubicado en la calle O\u00b4connor esquina Ingavi,\u00a0\u00a0<\/span><span>Tel\u00e9fono 66-45617<\/span><br \/>\n<span>Lunes a Viernes:<\/span><br \/>\n<span>En horarios de:\u00a0<\/span><strong>12:00 a 14:30 19:00 a 8:00 S\u00e1bados, Domingos y Feriados: Todo\u00a0 el d\u00eda<\/strong><!--more--><!--more--><!--more-->[\/vc_column_text][\/vc_column][vc_column width=\u00bb1\/2&#8243;][vc_column_text]\n<p style=\"text-align: left\"><strong>\u00bfCUALES SON LOS SERVICIOS QUE BRINDAMOS?<a href=\"http:\/\/www.uajms.edu.bo\/fod\/wp-content\/uploads\/sites\/16\/2021\/02\/logo-seguro-universitario.png\"><img decoding=\"async\" src=\"http:\/\/www.uajms.edu.bo\/fod\/wp-content\/uploads\/sites\/16\/2021\/02\/logo-seguro-universitario.png\" alt=\"\" width=\"150\" height=\"150\" class=\"size-full wp-image-2187 alignright\" \/><\/a><\/strong><\/p>\n<p style=\"text-align: left\">Los estudiantes que cumplan con los requisitos de afiliaci\u00f3n al SSUE podr\u00e1n acceder a los servicios de:<\/p>\n<ul>\n<li>Medicina general<\/li>\n<li>Ginecolog\u00eda<\/li>\n<li>Cirug\u00eda<\/li>\n<li>Odontolog\u00eda<\/li>\n<li>Psicolog\u00eda<\/li>\n<li>Nutrici\u00f3n<\/li>\n<li>Fisioterapia<\/li>\n<li>Neurolog\u00eda<\/li>\n<li>Nefrolog\u00eda<\/li>\n<li>Traumatolog\u00eda<\/li>\n<li>Oftalmolog\u00eda<\/li>\n<li>Cardiolog\u00eda<\/li>\n<li>Otorrinolaringolog\u00eda<\/li>\n<li>Dermatolog\u00eda<\/li>\n<li>Endocrinolog\u00eda<\/li>\n<li>Gastroenterolog\u00eda<\/li>\n<li>Hematolog\u00eda<\/li>\n<li>Psiquiatr\u00eda<\/li>\n<li>Urolog\u00eda<\/li>\n<li>Oncolog\u00eda<\/li>\n<li>Farmacia<\/li>\n<li>Enfermer\u00eda<\/li>\n<li>Laboratorio<\/li>\n<li>Ex\u00e1menes complementarios<\/li>\n<\/ul>\n<p>&nbsp;<\/p>\n<p><strong>SE INCLUYEN LAS ATENCIONES DE:<\/strong><\/p>\n<ul>\n<li>Consulta externa<\/li>\n<li>Hospitalizaci\u00f3n<\/li>\n<li>Derivaciones a especialidades y estudios<\/li>\n<\/ul>\n<p><strong>SE EXCLUYEN LAS SIGUIENTES ATENCIONES M\u00c9DICAS:<\/strong><\/p>\n<p>Por ser un seguro de car\u00e1cter social destinado al cuidado de la salud de toda la poblaci\u00f3n estudiantil y no un seguro privado<br \/>\nal servicio de particulares, se excluyen las atenciones m\u00e9dicas por:<\/p>\n<ul>\n<li>Contingencias emergentes del estado de ebriedad y\/o uso de psicotr\u00f3picos.<\/li>\n<li>Participaci\u00f3n en ri\u00f1as y peleas, mitines, huelgas, y otros que atenten contra la salud y la vida de las personas.<\/li>\n<li>Hechos delictivos, accidentes de tr\u00e1nsito, exposici\u00f3n voluntaria a un peligro particularmente grave.<\/li>\n<\/ul>\n<p>En estos casos, el costo econ\u00f3mico por las atenciones deber\u00e1 ser cubierto en su totalidad por el o la estudiante, o si corresponde<br \/>\npor el causante de la lesi\u00f3n o enfermedad.<br \/>\nPara tu afiliaci\u00f3n autom\u00e1tica, debes presentarte en el Policonsultorio del SSUE, para firmar tu Declaraci\u00f3n Jurada de que no cuentas<br \/>\ncon un Seguro Social, y comprometerte en el plazo de 30 d\u00edas a presentar los requisitos de afiliaci\u00f3n.[\/vc_column_text][\/vc_column][\/vc_row]\n","protected":false},"excerpt":{"rendered":"<p>[vc_row][vc_column width=\u00bb1\/2&#8243;][vc_custom_heading text=\u00bbUniversidad Aut\u00f3noma \u00abJuan Misael Saracho\u00ab\u00bb font_container=\u00bbtag:h5|text_align:left\u00bb use_theme_fonts=\u00bbyes\u00bb css=\u00bb.vc_custom_1612963054413{margin-top: 0px !important;}\u00bb][vc_custom_heading text=\u00bbSEGURO SOCIAL UNIVERSITARIO ESTUDIANTIL\u00bb use_theme_fonts=\u00bbyes\u00bb css=\u00bb.vc_custom_1612963071674{margin-top: 0px !important;}\u00bb][vc_column_text css=\u00bb.vc_custom_1612964188394{padding-top: 15px [&hellip;]<\/p>\n","protected":false},"author":19,"featured_media":0,"parent":0,"menu_order":0,"comment_status":"closed","ping_status":"closed","template":"page-templates\/template-pagebuilder-full-width.php","meta":{"_joinchat":[],"footnotes":""},"class_list":["post-2136","page","type-page","status-publish","hentry"],"jetpack_sharing_enabled":true,"publishpress_future_action":{"enabled":false,"date":"2026-04-28 12:16:16","action":"change-status","newStatus":"draft","terms":[],"taxonomy":"","extraData":[]},"publishpress_future_workflow_manual_trigger":{"enabledWorkflows":[]},"_links":{"self":[{"href":"https:\/\/www.uajms.edu.bo\/fod\/index.php?rest_route=\/wp\/v2\/pages\/2136","targetHints":{"allow":["GET"]}}],"collection":[{"href":"https:\/\/www.uajms.edu.bo\/fod\/index.php?rest_route=\/wp\/v2\/pages"}],"about":[{"href":"https:\/\/www.uajms.edu.bo\/fod\/index.php?rest_route=\/wp\/v2\/types\/page"}],"author":[{"embeddable":true,"href":"https:\/\/www.uajms.edu.bo\/fod\/index.php?rest_route=\/wp\/v2\/users\/19"}],"replies":[{"embeddable":true,"href":"https:\/\/www.uajms.edu.bo\/fod\/index.php?rest_route=%2Fwp%2Fv2%2Fcomments&post=2136"}],"version-history":[{"count":5,"href":"https:\/\/www.uajms.edu.bo\/fod\/index.php?rest_route=\/wp\/v2\/pages\/2136\/revisions"}],"predecessor-version":[{"id":2189,"href":"https:\/\/www.uajms.edu.bo\/fod\/index.php?rest_route=\/wp\/v2\/pages\/2136\/revisions\/2189"}],"wp:attachment":[{"href":"https:\/\/www.uajms.edu.bo\/fod\/index.php?rest_route=%2Fwp%2Fv2%2Fmedia&parent=2136"}],"curies":[{"name":"wp","href":"https:\/\/api.w.org\/{rel}","templated":true}]}}