

{"id":2561,"date":"2024-12-09T01:59:26","date_gmt":"2024-12-09T05:59:26","guid":{"rendered":"https:\/\/www.uajms.edu.bo\/firnt\/?page_id=2561"},"modified":"2024-12-09T15:18:46","modified_gmt":"2024-12-09T19:18:46","slug":"laboratorios-de-informatica","status":"publish","type":"page","link":"https:\/\/www.uajms.edu.bo\/firnt\/laboratorios-de-informatica\/","title":{"rendered":"laboratorios-de-inform\u00e1tica"},"content":{"rendered":"\t\t<div data-elementor-type=\"wp-page\" data-elementor-id=\"2561\" class=\"elementor elementor-2561\">\n\t\t\t\t\t\t<section class=\"elementor-section elementor-top-section elementor-element elementor-element-ae3da3c elementor-section-boxed elementor-section-height-default elementor-section-height-default\" data-id=\"ae3da3c\" data-element_type=\"section\" data-e-type=\"section\">\n\t\t\t\t\t\t<div class=\"elementor-container elementor-column-gap-default\">\n\t\t\t\t\t<div class=\"elementor-column elementor-col-100 elementor-top-column elementor-element elementor-element-d66b257\" data-id=\"d66b257\" data-element_type=\"column\" data-e-type=\"column\">\n\t\t\t<div class=\"elementor-widget-wrap elementor-element-populated\">\n\t\t\t\t\t\t<div class=\"elementor-element elementor-element-da19c25 elementor-widget elementor-widget-heading\" data-id=\"da19c25\" data-element_type=\"widget\" data-e-type=\"widget\" data-widget_type=\"heading.default\">\n\t\t\t\t<div class=\"elementor-widget-container\">\n\t\t\t\t\t<h2 class=\"elementor-heading-title elementor-size-default\">LABORATORIOS DE INGENIER\u00cdA INFORM\u00c1TICA<\/h2>\t\t\t\t<\/div>\n\t\t\t\t<\/div>\n\t\t\t\t\t<\/div>\n\t\t<\/div>\n\t\t\t\t\t<\/div>\n\t\t<\/section>\n\t\t\t\t<section class=\"elementor-section elementor-top-section elementor-element elementor-element-be0052d elementor-section-boxed elementor-section-height-default elementor-section-height-default\" data-id=\"be0052d\" data-element_type=\"section\" data-e-type=\"section\">\n\t\t\t\t\t\t<div class=\"elementor-container elementor-column-gap-default\">\n\t\t\t\t\t<div class=\"elementor-column elementor-col-100 elementor-top-column elementor-element elementor-element-2ec81df\" data-id=\"2ec81df\" data-element_type=\"column\" data-e-type=\"column\">\n\t\t\t<div class=\"elementor-widget-wrap elementor-element-populated\">\n\t\t\t\t\t\t<div class=\"elementor-element elementor-element-ef064a7 elementor-widget elementor-widget-text-editor\" data-id=\"ef064a7\" data-element_type=\"widget\" data-e-type=\"widget\" data-widget_type=\"text-editor.default\">\n\t\t\t\t<div class=\"elementor-widget-container\">\n\t\t\t\t\t\t\t\t\t<p>Los laboratorios de Ingenier\u00eda Inform\u00e1tica prestan servicios de apoyo a la docencia, la investigaci\u00f3n y\u00a0 al desarrollo de aplicaciones inform\u00e1ticas.<\/p><p>En los ambientes de la Carrera de Inform\u00e1tica se cuenta con una infraestructura adecuada para el desarrollo de trabajos de laboratorio.<\/p><p>Se cuenta con cuatro ambientes:<\/p><ul><li>Dos Salas de Computaci\u00f3n con un total de 85 m\u00e1quinas, uno con 45 m\u00e1quinas (Sala de Computaci\u00f3n I) y el otro con 25 maquinas (Sala de Computaci\u00f3n II).<\/li><li>Un ambiente denominado Laboratorio de Multimedia.<\/li><li>Un ambiente para el Laboratorio de Redes.<\/li><li>Un ambiente para el Laboratorio de Rob\u00f3tica, y<\/li><li>Un ambiente para el Laboratorio de Hardware.<\/li><\/ul><p>Cada ambiente es correctamente ventilado e iluminado, con una amplia zona de acceso y cada ambiente est\u00e1 dotado con implementos de seguridad con extintor por ambiente.<\/p><p>Las Salas de Computaci\u00f3n de Inform\u00e1tica\u00a0 son accesibles a estudiantes, con computadoras en buen estado, con acceso a internet, con proyectores y pizarras acr\u00edlicas durante toda la semana laborable.<\/p><p>Los horarios de atenci\u00f3n son desde las 7 de la ma\u00f1ana hasta las 7 de la noche; pueden utilizar todos los estudiantes de la Carrera de Ingenier\u00eda Inform\u00e1tica siempre y cuando est\u00e9n supervisados por un docente.<\/p><p>Las \u00e1reas de trabajo est\u00e1n perfectamente definidas, delimitadas y se\u00f1alizadas.<\/p><p>El 80% de las materias de la carrera de Ing. Inform\u00e1tica hacen uso de los laboratorios.<\/p>\t\t\t\t\t\t\t\t<\/div>\n\t\t\t\t<\/div>\n\t\t\t\t\t<\/div>\n\t\t<\/div>\n\t\t\t\t\t<\/div>\n\t\t<\/section>\n\t\t\t\t<section class=\"elementor-section elementor-top-section elementor-element elementor-element-c654b17 elementor-section-boxed elementor-section-height-default elementor-section-height-default\" data-id=\"c654b17\" data-element_type=\"section\" data-e-type=\"section\">\n\t\t\t\t\t\t<div class=\"elementor-container elementor-column-gap-default\">\n\t\t\t\t\t<div class=\"elementor-column elementor-col-100 elementor-top-column elementor-element elementor-element-45b21aa\" data-id=\"45b21aa\" data-element_type=\"column\" data-e-type=\"column\">\n\t\t\t<div class=\"elementor-widget-wrap elementor-element-populated\">\n\t\t\t\t\t\t<div class=\"elementor-element elementor-element-fa83954 elementor-widget elementor-widget-gallery\" data-id=\"fa83954\" data-element_type=\"widget\" data-e-type=\"widget\" data-widget_type=\"gallery.default\">\n\t\t\t\t<div class=\"elementor-widget-container\">\n\t\t\t\t\t \t\t\t\t<\/div>\n\t\t\t\t<\/div>\n\t\t\t\t\t<\/div>\n\t\t<\/div>\n\t\t\t\t\t<\/div>\n\t\t<\/section>\n\t\t\t\t<\/div>\n\t\t","protected":false},"excerpt":{"rendered":"<p>LABORATORIOS DE INGENIER\u00cdA INFORM\u00c1TICA Los laboratorios de Ingenier\u00eda Inform\u00e1tica prestan servicios de apoyo a la docencia, la investigaci\u00f3n y\u00a0 al desarrollo de aplicaciones inform\u00e1ticas. En los ambientes de la Carrera&hellip;&nbsp;<a href=\"https:\/\/www.uajms.edu.bo\/firnt\/laboratorios-de-informatica\/\" rel=\"bookmark\">Leer m\u00e1s &raquo;<span class=\"screen-reader-text\">laboratorios-de-inform\u00e1tica<\/span><\/a><\/p>\n","protected":false},"author":161,"featured_media":0,"parent":0,"menu_order":0,"comment_status":"closed","ping_status":"closed","template":"page-templates\/template-pagebuilder-full-width.php","meta":{"neve_meta_sidebar":"","neve_meta_container":"","neve_meta_enable_content_width":"","neve_meta_content_width":0,"neve_meta_title_alignment":"","neve_meta_author_avatar":"","neve_post_elements_order":"","neve_meta_disable_header":"","neve_meta_disable_footer":"","neve_meta_disable_title":"","_joinchat":[],"footnotes":""},"class_list":["post-2561","page","type-page","status-publish","hentry"],"publishpress_future_action":{"enabled":false,"date":"2026-05-12 09:51:44","action":"change-status","newStatus":"draft","terms":[],"taxonomy":"","extraData":[]},"publishpress_future_workflow_manual_trigger":{"enabledWorkflows":[]},"_links":{"self":[{"href":"https:\/\/www.uajms.edu.bo\/firnt\/wp-json\/wp\/v2\/pages\/2561","targetHints":{"allow":["GET"]}}],"collection":[{"href":"https:\/\/www.uajms.edu.bo\/firnt\/wp-json\/wp\/v2\/pages"}],"about":[{"href":"https:\/\/www.uajms.edu.bo\/firnt\/wp-json\/wp\/v2\/types\/page"}],"author":[{"embeddable":true,"href":"https:\/\/www.uajms.edu.bo\/firnt\/wp-json\/wp\/v2\/users\/161"}],"replies":[{"embeddable":true,"href":"https:\/\/www.uajms.edu.bo\/firnt\/wp-json\/wp\/v2\/comments?post=2561"}],"version-history":[{"count":5,"href":"https:\/\/www.uajms.edu.bo\/firnt\/wp-json\/wp\/v2\/pages\/2561\/revisions"}],"predecessor-version":[{"id":2701,"href":"https:\/\/www.uajms.edu.bo\/firnt\/wp-json\/wp\/v2\/pages\/2561\/revisions\/2701"}],"wp:attachment":[{"href":"https:\/\/www.uajms.edu.bo\/firnt\/wp-json\/wp\/v2\/media?parent=2561"}],"curies":[{"name":"wp","href":"https:\/\/api.w.org\/{rel}","templated":true}]}}