

{"id":383,"date":"2018-11-19T09:29:05","date_gmt":"2018-11-19T13:29:05","guid":{"rendered":"http:\/\/www.uajms.edu.bo\/finanzas\/?page_id=383"},"modified":"2025-10-09T11:13:26","modified_gmt":"2025-10-09T15:13:26","slug":"sgaf-descargas","status":"publish","type":"page","link":"https:\/\/www.uajms.edu.bo\/finanzas\/sgaf-descargas\/","title":{"rendered":"SECRETARIA DE GESTI\u00d3N ADMINISTRATIVA Y FINANCIERA"},"content":{"rendered":"<h2 style=\"text-align: center\">MANUALES Y FLUJOGRAMAS<\/h2>\n<h3 style=\"text-align: center\">Flujograma para la Elaboraci\u00f3n y Aprobaci\u00f3n de un Proyecto en la Etapa de Pre-Inversi\u00f3n<\/h3>\n<ol>\n<li style=\"text-align: left\">Descargar Carta de Ministerio de Planificaci\u00f3n y Resoluci\u00f3n UAJMS\u00a0: \u00ab<a href=\"http:\/\/www.uajms.edu.bo\/finanzas\/descargas\/carta-min-planif-y-resolucion-uajms\/\" rel=\"attachment wp-att-377\">Carta M.P. y RR UAJMS.pdf<\/a>\u00ab<\/li>\n<li>Descargar Diagrama Proyectos de Etapa Preinversi\u00f3n : \u00ab<a href=\"http:\/\/www.uajms.edu.bo\/finanzas\/descargas\/diagama-proyectos_etapa-de-preinversion_02\/\" rel=\"attachment wp-att-378\">Diagrama Elab. y Aprob. de Proyectos.pdf<\/a>\u00ab<\/li>\n<li>Descarga Modelo de Formulario para Perfil: \u00ab<a href=\"http:\/\/www.uajms.edu.bo\/finanzas\/descargas\/formulario-de-perfil_02\/\" rel=\"attachment wp-att-379\">Formulario de PERFIL_02.docx<\/a>\u00ab<\/li>\n<li>Descarga de Reglamento Especifico de Preinversi\u00f3n. : \u00ab<a href=\"http:\/\/www.uajms.edu.bo\/finanzas\/descargas\/re-ip-uajms-11-20161-enviado-al-ministerio\/\" rel=\"attachment wp-att-380\">Reglamento de Preinversion.pdf<\/a>\u00ab<\/li>\n<\/ol>\n<h3 style=\"text-align: center\">Manual Sistema Administrativo E-Proyectos<\/h3>\n<ol>\n<li style=\"text-align: left\">Descargar Manual De Sistema Eproyectos: \u00ab<a href=\"http:\/\/www.uajms.edu.bo\/finanzas\/sgaf-descargas\/manual_proyectos\/\" rel=\"attachment wp-att-398\">MANUAL_PROYECTOS.pdf<\/a>\u00ab<\/li>\n<\/ol>\n","protected":false},"excerpt":{"rendered":"<p>MANUALES Y FLUJOGRAMAS Flujograma para la Elaboraci\u00f3n y Aprobaci\u00f3n de un Proyecto en la Etapa de Pre-Inversi\u00f3n Descargar Carta de Ministerio de Planificaci\u00f3n y Resoluci\u00f3n UAJMS\u00a0: \u00abCarta M.P. y RR [&hellip;]<\/p>\n","protected":false},"author":10,"featured_media":0,"parent":0,"menu_order":0,"comment_status":"closed","ping_status":"closed","template":"","meta":{"_joinchat":[],"footnotes":""},"class_list":["post-383","page","type-page","status-publish","hentry"],"publishpress_future_action":{"enabled":false,"date":"2026-04-28 07:51:24","action":"change-status","newStatus":"draft","terms":[],"taxonomy":"","extraData":[]},"publishpress_future_workflow_manual_trigger":{"enabledWorkflows":[]},"_links":{"self":[{"href":"https:\/\/www.uajms.edu.bo\/finanzas\/wp-json\/wp\/v2\/pages\/383","targetHints":{"allow":["GET"]}}],"collection":[{"href":"https:\/\/www.uajms.edu.bo\/finanzas\/wp-json\/wp\/v2\/pages"}],"about":[{"href":"https:\/\/www.uajms.edu.bo\/finanzas\/wp-json\/wp\/v2\/types\/page"}],"author":[{"embeddable":true,"href":"https:\/\/www.uajms.edu.bo\/finanzas\/wp-json\/wp\/v2\/users\/10"}],"replies":[{"embeddable":true,"href":"https:\/\/www.uajms.edu.bo\/finanzas\/wp-json\/wp\/v2\/comments?post=383"}],"version-history":[{"count":5,"href":"https:\/\/www.uajms.edu.bo\/finanzas\/wp-json\/wp\/v2\/pages\/383\/revisions"}],"predecessor-version":[{"id":1113,"href":"https:\/\/www.uajms.edu.bo\/finanzas\/wp-json\/wp\/v2\/pages\/383\/revisions\/1113"}],"wp:attachment":[{"href":"https:\/\/www.uajms.edu.bo\/finanzas\/wp-json\/wp\/v2\/media?parent=383"}],"curies":[{"name":"wp","href":"https:\/\/api.w.org\/{rel}","templated":true}]}}