

{"id":2700,"date":"2019-04-12T15:41:47","date_gmt":"2019-04-12T15:41:47","guid":{"rendered":"http:\/\/www.uajms.edu.bo\/fcyt\/?page_id=2700"},"modified":"2022-11-15T20:13:44","modified_gmt":"2022-11-15T20:13:44","slug":"centro-de-investigacion-del-agua","status":"publish","type":"page","link":"https:\/\/www.uajms.edu.bo\/fcyt\/centro-de-investigacion-del-agua\/","title":{"rendered":"Centro de Investigaci\u00f3n del Agua"},"content":{"rendered":"<div class=\"jumbotron\" style=\"color: #fefefe; background-image: url('http:\/\/www.uajms.edu.bo\/fcyt\/wp-content\/uploads\/sites\/24\/2019\/04\/bannerciagua.jpg'); background-position: top left;\">\n<h1 class=\"display-4\" style=\"text-shadow: 2px 2px 4px #000000;\">CIAGUA<\/h1>\n<hr class=\"my-4\" \/>\n<p class=\"leaf\" style=\"text-shadow: 2px 2px 4px #000000;\">Centro de Investigaci\u00f3n del Agua<\/p>\n<\/div>\n<p><strong>CREACI\u00d3N DEL CENTRO<\/strong><\/p>\n<p>El Centro de Investigaci\u00f3n del Agua se cre\u00f3 como una iniciativa de algunos docentes del departamento de hidr\u00e1ulica y obras sanitarias, que preocupados por las pocas actividades de investigaci\u00f3n formales que se generaban en la universidad a pesar de la disponibilidad de equipamiento en el laboratorio de hidr\u00e1ulica.<\/p>\n<p>A partir de marzo del 2016 se fueron generando reuniones quincenales para iniciar con la organizaci\u00f3n y estructuraci\u00f3n del naciente centro de investigaci\u00f3n.<\/p>\n<p>Se identific\u00f3 como prioridad la vinculaci\u00f3n de la Universidad con actores clave, mediante convenios y acuerdos espec\u00edficos para iniciar el relacionamiento y proponer trabajos de manera conjunta en la tem\u00e1tica del agua.<\/p>\n<p>Se comenz\u00f3 a participar de actividades cient\u00edficas, como congresos, simposios, talleres y\/u otros donde se tocaba la tem\u00e1tica del agua.<\/p>\n<p>Se identificaron 3 l\u00edneas de investigaci\u00f3n estrat\u00e9gicas y sus correspondientes responsables, quedando la estructura del Centro de Investigaci\u00f3n de la siguiente manera:<\/p>\n<table>\n<tbody>\n<tr>\n<td width=\"294\"><strong>L\u00cdNEA DE\u00a0 INVESTIGACI\u00d3N<\/strong><\/td>\n<td width=\"294\"><strong>DOCENTE INVESTIGADOR A CARGO<\/strong><\/td>\n<\/tr>\n<tr>\n<td width=\"294\">Hidr\u00e1ulica e Hidrolog\u00eda<\/td>\n<td width=\"294\">Ing. Mois\u00e9s Perales Avil\u00e9s<\/td>\n<\/tr>\n<tr>\n<td width=\"294\">Sanitaria y Reuso de Agua<\/td>\n<td width=\"294\">Ing. Mario Carmelo Gamarra Mendoza<\/td>\n<\/tr>\n<tr>\n<td width=\"294\">Ambiental y Energ\u00edas Renovables<\/td>\n<td width=\"294\">Ing. Henry Monz\u00f3n De Los R\u00edos<\/td>\n<\/tr>\n<\/tbody>\n<\/table>\n<p>&nbsp;<\/p>\n<p>Resultado de los avances logrados y ya consolidada la estructura del Centro de Investigaci\u00f3n se logr\u00f3 gestionar con la ayuda de las autoridades del departamento y Facultativas la designaci\u00f3n de un docente investigador a medio tiempo que recay\u00f3 sobre la responsabilidad del Ing. Mois\u00e9s Perales Avil\u00e9s, que a partir de marzo del<\/p>\n<p><strong>ORGANIGRAMA<\/strong><\/p>\n<p><strong><a href=\"http:\/\/www.uajms.edu.bo\/fcyt\/wp-content\/uploads\/sites\/24\/2019\/04\/CIAGUA.jpg\"><img fetchpriority=\"high\" decoding=\"async\" class=\"alignnone size-full wp-image-2708\" src=\"http:\/\/www.uajms.edu.bo\/fcyt\/wp-content\/uploads\/sites\/24\/2019\/04\/CIAGUA.jpg\" alt=\"\" width=\"960\" height=\"720\" srcset=\"https:\/\/www.uajms.edu.bo\/fcyt\/wp-content\/uploads\/sites\/24\/2019\/04\/CIAGUA.jpg 960w, https:\/\/www.uajms.edu.bo\/fcyt\/wp-content\/uploads\/sites\/24\/2019\/04\/CIAGUA-600x450.jpg 600w, https:\/\/www.uajms.edu.bo\/fcyt\/wp-content\/uploads\/sites\/24\/2019\/04\/CIAGUA-768x576.jpg 768w\" sizes=\"(max-width: 960px) 100vw, 960px\" \/><\/a><\/strong><\/p>\n<p><strong>CONVENIOS Y ACUERDOS FIRMADOS<\/strong><\/p>\n<table>\n<tbody>\n<tr>\n<td width=\"444\"><strong>ENTIDAD<\/strong><\/td>\n<td width=\"145\"><strong>FECHA<\/strong><\/td>\n<\/tr>\n<tr>\n<td width=\"444\">Servicio Nacional de Meteorolog\u00eda e Hidrolog\u00eda SENAMHI<\/td>\n<td width=\"145\">09\/ago\/2017<\/td>\n<\/tr>\n<tr>\n<td width=\"444\">Proyecto M\u00faltiple San Jacinto<\/td>\n<td width=\"145\">11\/sep\/2017<\/td>\n<\/tr>\n<tr>\n<td width=\"444\">Sub Gobernaci\u00f3n del El Puente<\/td>\n<td width=\"145\">28\/nov\/2017<\/td>\n<\/tr>\n<tr>\n<td width=\"444\">Universidad Privada Boliviana<\/td>\n<td width=\"145\">13\/dic\/2017<\/td>\n<\/tr>\n<tr>\n<td width=\"444\">Oficina T\u00e9cnica Nacional de los R\u00edos Pilcomayo y Bermejo OTNPB<\/td>\n<td width=\"145\">15\/may\/2018<\/td>\n<\/tr>\n<tr>\n<td width=\"444\">Sociedad Cient\u00edfica de Estudiantes de Ingenier\u00eda Civil SO.CIE.CIV<\/td>\n<td width=\"145\">08\/oct\/2018<\/td>\n<\/tr>\n<\/tbody>\n<\/table>\n<p><strong>TESISTAS <\/strong><\/p>\n<p>El Centro de Investigaci\u00f3n del Agua desde sus inicios trabaj\u00f3 de manera coordinada con los estudiantes, es por este motivo mediante convocatorio, se invit\u00f3 a los estudiantes cursantes de la asignatura de proyecto de Grado I a postular para realizar sus trabajos en el Centro. Resultado de la primera convocatoria se logr\u00f3 consolidar un grupo de 6 tesistas durante la gesti\u00f3n 2017 y 20 tesistas en la gesti\u00f3n 2018.<\/p>\n<p><strong>GESTI\u00d3N 2017<\/strong><\/p>\n<table>\n<tbody>\n<tr>\n<td style=\"width: 32px;\"><strong>N<sup>o<\/sup><\/strong><\/td>\n<td style=\"width: 235px;\" width=\"237\"><strong>NOMBRE<\/strong><\/td>\n<\/tr>\n<tr>\n<td style=\"width: 32px;\">1<\/td>\n<td style=\"width: 235px;\" width=\"237\">Alissa Flores<\/td>\n<\/tr>\n<tr>\n<td style=\"width: 32px;\">2<\/td>\n<td style=\"width: 235px;\" width=\"237\">Karina S\u00e1nchez Flores<\/td>\n<\/tr>\n<tr>\n<td style=\"width: 32px;\">3<\/td>\n<td style=\"width: 235px;\" width=\"237\">Luis Compara Calle<\/td>\n<\/tr>\n<tr>\n<td style=\"width: 32px;\">4<\/td>\n<td style=\"width: 235px;\" width=\"237\">Gustavo Valdez Bejarano<\/td>\n<\/tr>\n<tr>\n<td style=\"width: 32px;\">5<\/td>\n<td style=\"width: 235px;\" width=\"237\">Yamil Osorio Guerrero<\/td>\n<\/tr>\n<tr>\n<td style=\"width: 32px;\">6<\/td>\n<td style=\"width: 235px;\" width=\"237\">Iracema Paniagua<\/td>\n<\/tr>\n<\/tbody>\n<\/table>\n<p>&nbsp;<\/p>\n<p><strong>GESTI\u00d3N 2018<\/strong><\/p>\n<table>\n<tbody>\n<tr>\n<td width=\"28\"><strong>N<sup>o<\/sup><\/strong><\/td>\n<td width=\"246\"><strong>NOMBRE<\/strong><\/td>\n<\/tr>\n<tr>\n<td width=\"28\">1<\/td>\n<td width=\"246\">Juan Pedro Zenteno Gareca<\/td>\n<\/tr>\n<tr>\n<td width=\"28\">2<\/td>\n<td width=\"246\">Nelvy Armando Irahola Cruz<\/td>\n<\/tr>\n<tr>\n<td width=\"28\">3<\/td>\n<td width=\"246\">Wilma Ver\u00f3nica Carrazana Gallardo<\/td>\n<\/tr>\n<tr>\n<td width=\"28\">4<\/td>\n<td width=\"246\">Jos\u00e9 Daniel T\u00e9llez<\/td>\n<\/tr>\n<tr>\n<td width=\"28\">5<\/td>\n<td width=\"246\">Eynar Sossa<\/td>\n<\/tr>\n<tr>\n<td width=\"28\">6<\/td>\n<td width=\"246\">Geraldine Esther Mendoza<\/td>\n<\/tr>\n<tr>\n<td width=\"28\">7<\/td>\n<td width=\"246\">Viviana Ancasi<\/td>\n<\/tr>\n<tr>\n<td width=\"28\">8<\/td>\n<td width=\"246\">Pablo Antonio Cruz L\u00f3pez<\/td>\n<\/tr>\n<tr>\n<td width=\"28\">9<\/td>\n<td width=\"246\">Y\u00e9sica M\u00e9ndez<\/td>\n<\/tr>\n<tr>\n<td width=\"28\">10<\/td>\n<td width=\"246\">Yessenia Ledezma Farf\u00e1n<\/td>\n<\/tr>\n<tr>\n<td width=\"28\">11<\/td>\n<td width=\"246\">Maguiver Cutipa Le\u00f3n<\/td>\n<\/tr>\n<tr>\n<td width=\"28\">12<\/td>\n<td width=\"246\">Mar\u00eda Fernanda Coca Subelza<\/td>\n<\/tr>\n<tr>\n<td width=\"28\">13<\/td>\n<td width=\"246\">Beimar Estrada<\/td>\n<\/tr>\n<tr>\n<td width=\"28\">14<\/td>\n<td width=\"246\">Guilder Ninaja<\/td>\n<\/tr>\n<tr>\n<td width=\"28\">15<\/td>\n<td width=\"246\">Gustavo Tacacho<\/td>\n<\/tr>\n<tr>\n<td width=\"28\">16<\/td>\n<td width=\"246\">Roc\u00edo Rodr\u00edguez<\/td>\n<\/tr>\n<tr>\n<td width=\"28\">17<\/td>\n<td width=\"246\">Melquisedec T\u00f3rrez<\/td>\n<\/tr>\n<\/tbody>\n<\/table>\n<p>&nbsp;<\/p>\n<p><strong>PROYECTOS EJECUTADOS<\/strong><\/p>\n<table width=\"971\">\n<tbody>\n<tr>\n<td width=\"29\">N<sup>o<\/sup><\/td>\n<td width=\"354\">DESCRIPCI\u00d3N<\/td>\n<td width=\"87\">MONTO<\/td>\n<td width=\"164\">RESPONSABLE<\/td>\n<td width=\"134\">PERIODO<br \/>\nDE EJECUCI\u00d3N<\/td>\n<td width=\"203\">FINANCIADOR<\/td>\n<\/tr>\n<tr>\n<td>1<\/td>\n<td>Acreditaci\u00f3n IBMETRO<\/td>\n<td>\u00a0\u00a0\u00a0\u00a0\u00a0 71.417,02<\/td>\n<td>Mario Gamarra Mendoza<\/td>\n<td>Feb\/2018 &#8211; Dic\/2018<\/td>\n<td>CTB &#8211; Cooperaci\u00f3n T\u00e9cnica Belga<\/td>\n<\/tr>\n<tr>\n<td>2<\/td>\n<td>Batimetr\u00eda obra de toma embalse San Jacinto<\/td>\n<td>\u00a0\u00a0\u00a0\u00a0\u00a0 15.000,00<\/td>\n<td>Mois\u00e9s Perales Avil\u00e9s<\/td>\n<td>abr\/2018 &#8211; may\/2018<\/td>\n<td>ENDE &#8211; GUARACAHI<\/td>\n<\/tr>\n<tr>\n<td>3<\/td>\n<td>Capacitaci\u00f3n Grilla Meteorol\u00f3gica<\/td>\n<td>\u00a0\u00a0\u00a0\u00a0\u00a0 90.480,00<\/td>\n<td width=\"164\">Mois\u00e9s Perales Avil\u00e9s<br \/>\nMario Gamarra Mendoza<\/td>\n<td>Feb\/2018 &#8211; Dic\/2018<\/td>\n<td>CTB &#8211; Cooperaci\u00f3n T\u00e9cnica Belga<\/td>\n<\/tr>\n<tr>\n<td>4<\/td>\n<td width=\"354\">\u201cEvaluaci\u00f3n de las Caracter\u00edsticas F\u00edsicas, Qu\u00edmicas y Biol\u00f3gicas de las Aguas Residuales que ingresan a la Planta de Tratamiento de Aguas Residuales (PTAR de San Luis-Tarija\u201d.<\/td>\n<td>\u00a0\u00a0\u00a0\u00a0\u00a0 97.450,00<\/td>\n<td width=\"164\">Mario Gamarra Mendoza<br \/>\nMois\u00e9s Perales Avil\u00e9s<\/td>\n<td width=\"134\">02\/ene\/2019 &#8211;<br \/>\n23\/marzo\/2019<\/td>\n<td width=\"203\">Cooperaci\u00f3n Espa\u00f1ola<br \/>\n&#8211; Programa CIMAS &#8211; SENASBA<\/td>\n<\/tr>\n<\/tbody>\n<\/table>\n<p><strong>PROYECTOS EN EJECUCI\u00d3N<\/strong><\/p>\n<table width=\"987\">\n<tbody>\n<tr>\n<td width=\"35\">N<sup>o<\/sup><\/td>\n<td width=\"367\">DESCRIPCI\u00d3N<\/td>\n<td width=\"104\">MONTO<\/td>\n<td width=\"165\">RESPONSABLE<\/td>\n<td width=\"132\">PERIODO<br \/>\nDE EJECUCI\u00d3N<\/td>\n<td width=\"184\">FINANCIADOR<\/td>\n<\/tr>\n<tr>\n<td>1<\/td>\n<td width=\"367\">Proyecto de Investigaci\u00f3n Aplicada: Protocolo de medici\u00f3n batim\u00e9trica para el monitoreo de embalses y lagunas naturales en el departamento de Tarija y Chuquisaca<\/td>\n<td>\u00a0\u00a0\u00a0\u00a0\u00a0\u00a0\u00a0\u00a0 422.460,70<\/td>\n<td>Mois\u00e9s Perales Avil\u00e9s<\/td>\n<td>mar\/2019 &#8211; mayo\/2019<\/td>\n<td width=\"184\">MMAYA<br \/>\nMinisterio de Medio Ambiente y Agua<\/td>\n<\/tr>\n<tr>\n<td>2<\/td>\n<td>Levantamiento hidrogr\u00e1fico del embalse San Jacinto<\/td>\n<td>\u00a0\u00a0\u00a0\u00a0\u00a0\u00a0\u00a0\u00a0\u00a0\u00a0 85.000,00<\/td>\n<td>Mois\u00e9s Perales Avil\u00e9s<\/td>\n<td>mar\/2019 &#8211; mayo\/2019<\/td>\n<td>ENDE &#8211; GUARACACHI<\/td>\n<\/tr>\n<tr>\n<td>3<\/td>\n<td width=\"367\">Plan director de la cuenca del r\u00edo Guadalquivir<br \/>\nPROCUENCA &#8211; GIZ<\/td>\n<td>&#8212;<\/td>\n<td>Mario Gamarra Mendoza<\/td>\n<td>ene\/2019 &#8211; dic\/2019<\/td>\n<td width=\"184\">Cooperaci\u00f3n T\u00e9cnica Alemana<br \/>\nGIZ<\/td>\n<\/tr>\n<tr>\n<td>4<\/td>\n<td width=\"367\">NUCIF<br \/>\nNetwork de universidades para el conocimiento y la integraci\u00f3n de Frontera<\/td>\n<td>\u00a0\u00a0\u00a0\u00a0\u00a0 1.940.000,00<\/td>\n<td width=\"165\">Henry Monz\u00f3n De Los R\u00edos<\/td>\n<td>ene\/2019 &#8211; dic\/2019<\/td>\n<td width=\"184\">Erasmus +<br \/>\nUni\u00f3n Europea<\/td>\n<\/tr>\n<tr>\n<td>5<\/td>\n<td width=\"367\">Mejora de la gobernanza para el dise\u00f1o, ejecuci\u00f3n y monitoreo de pol\u00edticas sostenibles de gesti\u00f3n integral del agua y saneamiento en el departamento de Tarija<\/td>\n<td>\u00a0\u00a0\u00a0\u00a0\u00a0 9.312.000,00<\/td>\n<td>Mois\u00e9s Perales Avil\u00e9s<\/td>\n<td>mar\/2019 &#8211; dic\/2019<\/td>\n<td>Uni\u00f3n Europea<\/td>\n<\/tr>\n<\/tbody>\n<\/table>\n<p><strong><br \/>\nPROYECTOS ACAD\u00c9MICOS<\/strong><\/p>\n<table width=\"848\">\n<tbody>\n<tr>\n<td width=\"33\">N<sup>o<\/sup><\/td>\n<td width=\"337\">TEMA<\/td>\n<td width=\"342\">Equipo de Investigaci\u00f3n<\/td>\n<td width=\"136\">PERIODO<br \/>\nDE EJECUCI\u00d3N<\/td>\n<\/tr>\n<tr>\n<td>1<\/td>\n<td width=\"337\">An\u00e1lisis de escenarios de tiempo y demanda para la simulaci\u00f3n del embalse Huacata, aplicando el software Hec ResSim<\/td>\n<td width=\"342\">Director del proyecto: Ing Mois\u00e9s Perales Avil\u00e9s<br \/>\nInvestigador Junior: Univ. Karina S\u00e1nchez Fl\u00f3res<br \/>\nT\u00e9cnico Auxiliar 1: Luis Compara Calle<\/td>\n<td width=\"136\">mar\/2017 &#8211; nov\/2017<\/td>\n<\/tr>\n<tr>\n<td>2<\/td>\n<td width=\"337\">Propuesta metodol\u00f3gica para levantamiento batim\u00e9trico con Hypack en embalses en el Departamento de Tarija<\/td>\n<td width=\"342\">Director del proyecto: Ing Mois\u00e9s Perales Avil\u00e9s<br \/>\nInvestigador 1: Ing. Mario Carmelo Gamarra Mendoza<br \/>\nInvestigador 2: Ing. Adelaida Evelyn Escalante \u00c1lvarez<br \/>\nInvestigador Junior: Lorena Alissa Bernardeth Flores R\u00edos<br \/>\nT\u00e9cnico auxiliar 1: Juan Pedro Zenteno Gareca<br \/>\nT\u00e9cnico auxiliar 2: Nelvy Armando Irahola Cruz<\/td>\n<td width=\"136\">mar\/2017 \u2013 nov\/2017<\/td>\n<\/tr>\n<tr>\n<td>3<\/td>\n<td width=\"337\">Determinaci\u00f3n de cuatro redes geod\u00e9sicas en las presas Huacata, Calderas, La Hondura y El Molino, utilizando el m\u00e9todo diferencial para el monitoreo de embalses en el departamento de Tarija<\/td>\n<td width=\"342\">Director del proyecto: Ing Mois\u00e9s Perales Avil\u00e9s<br \/>\nInvestigador 1: Ing. Adelaida Evelyn Escalante \u00c1lvarez<br \/>\nInvestigador 2:<br \/>\nInvestigador Junior: Univ. Karina S\u00e1nchez Fl\u00f3res<br \/>\nT\u00e9cnico Auxiliar 1: Luis Compara Calle<\/td>\n<td>junio\/2017 \u2013 abril\/2018<\/td>\n<\/tr>\n<tr>\n<td>4<\/td>\n<td width=\"337\">Ajuste de la batimetr\u00eda de 1989 y cuantificaci\u00f3n del volumen de sedimentos en el embalse San Jacinto previsto para el periodo 2013 &#8211; 2016<\/td>\n<td width=\"342\">Director del proyecto: Ing Mois\u00e9s Perales Avil\u00e9s<br \/>\nInvestigador 1: Ing.\u00a0 Evelyn Escalante \u00c1lvarez<br \/>\nInvestigador Junior: Univ. Iracema Mariel Paniagua Ram\u00edrez<\/td>\n<td>Jun\/2017 &#8211; abr\/2018<\/td>\n<\/tr>\n<tr>\n<td>5<\/td>\n<td width=\"337\">An\u00e1lisis t\u00e9cnico y econ\u00f3mico de levantamientos batim\u00e9tricos por los m\u00e9todos de ecosonda y perfilador ac\u00fastico doppler de corriente. Aplicaci\u00f3n: Presa La Hondura del departamento de Tarija<\/td>\n<td width=\"342\">Director del proyecto: Ing Mois\u00e9s Perales Avil\u00e9s<br \/>\nInvestigador Junior: Univ. Iracema Mariel Paniagua Ram\u00edrez<br \/>\nT\u00e9cnico Auxiliar 1: Juan Pedro Zenteno Gareca<br \/>\nT\u00e9cnico Auxiliar 2: Nelvy Armando Irahola Cruz<\/td>\n<td>abr\/2018 &#8211; dic\/2018<\/td>\n<\/tr>\n<tr>\n<td>6<\/td>\n<td width=\"337\">Propuesta de un plan de gesti\u00f3n de calidad bajo norma NB\/ISO\/IEC 17020 para el laboratorio de hidr\u00e1ulica y sanitaria de la carrera de ingenier\u00eda civil dela Universidad Aut\u00f3noma Juan Misael Saracho<\/td>\n<td width=\"342\">Director del Proyecto: Ing. Mario Gamarra Mendoza<br \/>\nInvestigador Junior: Yessenia Ledezma Farf\u00e1n<br \/>\nT\u00e9cnico Auxiliar: Elizabeth Aramayo<\/td>\n<td>feb\/2018 &#8211; mar\/2019<\/td>\n<\/tr>\n<tr>\n<td>7<\/td>\n<td width=\"337\">An\u00e1lisis de la grilla meteorol\u00f3gica (GMET) para la cuenca del r\u00edo Camacho para la aplicaci\u00f3n de planes de aprovechamiento h\u00eddrico local.<\/td>\n<td width=\"342\">Director del Proyecto: Ing. Mois\u00e9s Perales Avil\u00e9s<br \/>\nInvestigador 1: Ing Mario Gamarra Mendoza<br \/>\nInvestigador Junior: Viviana Ancasi Zegarra<\/td>\n<td>en ejecuci\u00f3n<\/td>\n<\/tr>\n<tr>\n<td>8<\/td>\n<td width=\"337\">Gu\u00eda metodol\u00f3gica para el an\u00e1lisis y cr\u00edtica de estaciones termopluviom\u00e9tricas mediante la aplicaci\u00f3n de RStudio en plataforma Linux para su aplicaci\u00f3n en GMET<\/td>\n<td width=\"342\">Director del Proyecto: Ing. Mois\u00e9s Perales Avil\u00e9s<br \/>\nInvestigador 1: Ing Mario Gamarra Mendoza<br \/>\nInvestigador Junior: Eynar Sossa Ruiz<\/td>\n<td>en ejecuci\u00f3n<\/td>\n<\/tr>\n<tr>\n<td>9<\/td>\n<td width=\"337\">Verificaci\u00f3n de la grilla climatol\u00f3gica GET (1986 &#8211; 2016) para la cuenca del r\u00edo Guadalquivir<\/td>\n<td width=\"342\">Director del Proyecto: Ing. Mois\u00e9s Perales Avil\u00e9s<br \/>\nInvestigador 1: Ing Mario Gamarra Mendoza<br \/>\nInvestigador Junior: Jos\u00e9 Daniel Tellez Quiroz<\/td>\n<td>en ejecuci\u00f3n<\/td>\n<\/tr>\n<tr>\n<td>10<\/td>\n<td width=\"337\">An\u00e1lisis de criterios de selecci\u00f3n de estaciones para la generaci\u00f3n de la grilla meteorol\u00f3gica GMET en la cuenca del r\u00edo Guadalquivir<\/td>\n<td width=\"342\">Director del Proyecto: Ing. Mois\u00e9s Perales Avil\u00e9s<br \/>\nInvestigador 1: Ing Mario Gamarra Mendoza<br \/>\nInvestigador Junior: Geraldine Mendoza Portal<\/td>\n<td>en ejecuci\u00f3n<\/td>\n<\/tr>\n<tr>\n<td>11<\/td>\n<td width=\"337\">Determinaci\u00f3n de par\u00e1metros hidrogeol\u00f3gicos y radios de influencia en pozos que se encuentran dentro del \u00e1rea de conseci\u00f3n de COSAALT<\/td>\n<td width=\"342\">Director del Proyecto: Mario Gamarra Mendoza<br \/>\nInvestigador Junior: Gustavo Ariel Tacacho Condori<\/td>\n<td width=\"136\">en ejecuci\u00f3n<\/td>\n<\/tr>\n<tr>\n<td>12<\/td>\n<td width=\"337\">Caracterizaci\u00f3n de las aguas geradas en el matadero y dise\u00f1o de una planta piloto de tratamiento de las aguas residuales industriales con el posterior aprovechamiento de sus subproductos. Aplicaci\u00f3n Matadero Municipal de la ciudad de Tarija<\/td>\n<td width=\"342\">Director del Proyecto: Ing. Mois\u00e9s Perales Avil\u00e9s<br \/>\nInvestigador 1: Ing Mario Gamarra Mendoza<br \/>\nInvestigador Junior: Jos\u00e9 Daniel Tellez Quiroz<\/td>\n<td width=\"136\">en ejecuci\u00f3n<\/td>\n<\/tr>\n<tr>\n<td>13<\/td>\n<td width=\"337\">Caracterizaci\u00f3n de las aguas residuales urbanas de la ciudad de Tarija y dise\u00f1o de una planta piloto de tratamiento con tecnolog\u00eda anaerobia (UASB) ubicada al ingreso de las lagunas de estabilizaci\u00f3n de San Lu\u00eds<\/td>\n<td width=\"342\">Director del Proyecto: Ing. Mario Gamarra Mendoza<br \/>\nInvestigador Junior: Pablo Antonio Cruz L\u00f3pez<\/td>\n<td width=\"136\">en ejecuci\u00f3n<\/td>\n<\/tr>\n<tr>\n<td>14<\/td>\n<td width=\"337\">Evaluaci\u00f3n del agua facturada en el sistema de agua potable de la zona del barrio Catedral<\/td>\n<td width=\"342\">Director del Proyecto: Ing. Mario Gamarra Mendoza<br \/>\nInvestigador Junior: Beimar Estrada Manrique<\/td>\n<td width=\"136\">en ejecuci\u00f3n<\/td>\n<\/tr>\n<tr>\n<td>15<\/td>\n<td width=\"337\">An\u00e1lisis hidroqu\u00edmico del acu\u00edfero que abastece de agua potable a la ciudad de Tarija<\/td>\n<td width=\"342\">Director del Proyecto: Ing. Mario Gamarra Mendoza<br \/>\nInvestigador Junior: Dorian Colque<\/td>\n<td width=\"136\">en ejecuci\u00f3n<\/td>\n<\/tr>\n<tr>\n<td>16<\/td>\n<td width=\"337\">An\u00e1lisis y determinaci\u00f3n del agua no facturada (ANF) en el sistema de abastecimiento de agua potable en la subzona El C\u00e1rmen Aranjuez<\/td>\n<td width=\"342\">Director del Proyecto: Ing. Mario Gamarra Mendoza<br \/>\nInvestigador Junior: Roc\u00edo Rodr\u00edguez<\/td>\n<td width=\"136\">en ejecuci\u00f3n<\/td>\n<\/tr>\n<tr>\n<td>17<\/td>\n<td width=\"337\">Estudio para la elaboraci\u00f3n y control de fugas con la ayuda del ge\u00f3fono en el sistema de agua en el barrio Catedral de la ciudad de Tarija<\/td>\n<td width=\"342\">Director del Proyecto: Ing. Mario Gamarra Mendoza<br \/>\nInvestigador Junior: Melquisedec Mamani T\u00f3rrez<\/td>\n<td width=\"136\">en ejecuci\u00f3n<\/td>\n<\/tr>\n<tr>\n<td>15<\/td>\n<td width=\"337\">Elaboraci\u00f3n de mapas piezom\u00e9tricos y modelaci\u00f3n de perfiles litol\u00f3gicos de los pozos subterr\u00e1neos que estan en el \u00e1rea de concesi\u00f3n de COSAALT LTDA.<\/td>\n<td width=\"342\">Director del Proyecto: Ing. Mario Gamarra Mendoza<br \/>\nInvestigador Junior: Guilder Guillermo Ninaja Cruz<\/td>\n<td width=\"136\">en ejecuci\u00f3n<\/td>\n<\/tr>\n<\/tbody>\n<\/table>\n<p><strong>PROYECTOS IDH ESTUDIANTIL<\/strong><\/p>\n<table width=\"806\">\n<tbody>\n<tr>\n<td width=\"35\">N<sup>o<\/sup><\/td>\n<td width=\"352\">TEMA<\/td>\n<td width=\"270\">Equipo de Investigaci\u00f3n<\/td>\n<td width=\"149\">ASESOR<\/td>\n<\/tr>\n<tr>\n<td>1<\/td>\n<td width=\"352\">Determinaci\u00f3n del hormig\u00f3n capaz de resistir la acci\u00f3n de aguas residuales de las lagunas de oxidaci\u00f3n del barrio San Luis en la ciudad de Tarija<\/td>\n<td width=\"270\">Valeriano Le\u00f3n Khalil<br \/>\nAyala Jurado Leydi Guisela<br \/>\nCastro Espinoza Sergio Andr\u00e9s<br \/>\nFern\u00e1ndez Cuenca Juan Gabriel<br \/>\nEncinas Aruquipa Dayana Yasmin<br \/>\nValenzuela Bel\u00e9n Adriana \u00c1ngela D\u00e9bora<\/td>\n<td width=\"149\">Mario Gamarra Mendoza<\/td>\n<\/tr>\n<tr>\n<td>2<\/td>\n<td width=\"352\">Determinaci\u00f3n de la variabilidad de la zona de recarga en la coordillera de Sama debido a los asentamientos y al uso de suelo en los Municipios de mayor afectaci\u00f3n.<\/td>\n<td width=\"270\">Martinez Gonzales Iris Yuvinka<br \/>\nP\u00e9rez Armella Fernando<br \/>\nLlanos Puita \u00c1lvaro<br \/>\nLlanos Lamas Braian<br \/>\nSandoval R. Pool Max<\/td>\n<td width=\"149\">Mois\u00e9s Perales Avil\u00e9s<\/td>\n<\/tr>\n<tr>\n<td>3<\/td>\n<td width=\"352\">Medici\u00f3n del di\u00f3xido de carbono, sulfuro hidr\u00f3geno generados por las lagunas de oxidaci\u00f3n del barrio San Luis<\/td>\n<td width=\"270\">Quispe Ver\u00f3nica<br \/>\nAlem\u00e1n Galean Jhoselin<br \/>\nAguilar Sergio<br \/>\nCondori Danny<br \/>\nVelasquez Rosslin<br \/>\nCondori Kevin<\/td>\n<td width=\"149\">Mario Gamarra Mendoza<\/td>\n<\/tr>\n<\/tbody>\n<\/table>\n<p><strong>PROYECTOS EN GESTI\u00d3N<\/strong><\/p>\n<table width=\"1078\">\n<tbody>\n<tr>\n<td width=\"46\">N<sup>o<\/sup><\/td>\n<td width=\"453\">DESCRIPCI\u00d3N<\/td>\n<td width=\"97\">MONTO<\/td>\n<td width=\"147\">RESPONSABLE<\/td>\n<td width=\"132\">PERIODO<br \/>\nDE EJECUCI\u00d3N<\/td>\n<td width=\"203\">FINANCIADOR<\/td>\n<\/tr>\n<tr>\n<td>1<\/td>\n<td>Proyecto de investigaci\u00f3n aplicada; Monitoreo de sedimentos en Los Cintis<\/td>\n<td>\u00a0\u00a0 1.000.000,00<\/td>\n<td>Mois\u00e9s Perales Avil\u00e9s<\/td>\n<td width=\"132\">nov &#8211; mar 2019<br \/>\nnov &#8211; mar 2020<\/td>\n<td>KFW<\/td>\n<\/tr>\n<tr>\n<td>2<\/td>\n<td width=\"453\">SERVICIO<br \/>\nMonitoreo de las aguas residuales de la planta de tratamiento del barrio Catedral<\/td>\n<td>\u00a0\u00a0\u00a0\u00a0\u00a0\u00a0\u00a0\u00a0\u00a0\u00a0 5.600,00<\/td>\n<td>Mario Gamarra Mendoza<\/td>\n<td>abr-19<\/td>\n<td width=\"203\">Rothwell Water Co.<\/td>\n<\/tr>\n<\/tbody>\n<\/table>\n<p>&nbsp;<\/p>\n","protected":false},"excerpt":{"rendered":"<p>CIAGUA Centro de Investigaci\u00f3n del Agua CREACI\u00d3N DEL CENTRO El Centro de Investigaci\u00f3n del Agua se cre\u00f3 como una iniciativa de algunos docentes del departamento de hidr\u00e1ulica y obras sanitarias, [&hellip;]<\/p>\n","protected":false},"author":1,"featured_media":0,"parent":0,"menu_order":0,"comment_status":"closed","ping_status":"closed","template":"","meta":{"_joinchat":[],"footnotes":""},"class_list":["post-2700","page","type-page","status-publish","hentry"],"jetpack_sharing_enabled":true,"publishpress_future_action":{"enabled":false,"date":"2026-04-29 10:35:47","action":"change-status","newStatus":"draft","terms":[],"taxonomy":"","extraData":[]},"publishpress_future_workflow_manual_trigger":{"enabledWorkflows":[]},"_links":{"self":[{"href":"https:\/\/www.uajms.edu.bo\/fcyt\/wp-json\/wp\/v2\/pages\/2700","targetHints":{"allow":["GET"]}}],"collection":[{"href":"https:\/\/www.uajms.edu.bo\/fcyt\/wp-json\/wp\/v2\/pages"}],"about":[{"href":"https:\/\/www.uajms.edu.bo\/fcyt\/wp-json\/wp\/v2\/types\/page"}],"author":[{"embeddable":true,"href":"https:\/\/www.uajms.edu.bo\/fcyt\/wp-json\/wp\/v2\/users\/1"}],"replies":[{"embeddable":true,"href":"https:\/\/www.uajms.edu.bo\/fcyt\/wp-json\/wp\/v2\/comments?post=2700"}],"version-history":[{"count":5,"href":"https:\/\/www.uajms.edu.bo\/fcyt\/wp-json\/wp\/v2\/pages\/2700\/revisions"}],"predecessor-version":[{"id":3683,"href":"https:\/\/www.uajms.edu.bo\/fcyt\/wp-json\/wp\/v2\/pages\/2700\/revisions\/3683"}],"wp:attachment":[{"href":"https:\/\/www.uajms.edu.bo\/fcyt\/wp-json\/wp\/v2\/media?parent=2700"}],"curies":[{"name":"wp","href":"https:\/\/api.w.org\/{rel}","templated":true}]}}