

{"id":2209,"date":"2018-11-12T12:46:09","date_gmt":"2018-11-12T12:46:09","guid":{"rendered":"http:\/\/www.uajms.edu.bo\/fcyt\/?page_id=2209"},"modified":"2022-11-15T12:22:58","modified_gmt":"2022-11-15T12:22:58","slug":"laboratorio-de-hormigones","status":"publish","type":"page","link":"https:\/\/www.uajms.edu.bo\/fcyt\/laboratorio-de-hormigones\/","title":{"rendered":"Laboratorio de Hormigones"},"content":{"rendered":"<div class=\"jumbotron\" style=\" color:#fefefe;background-image: url(http:\/\/www.uajms.edu.bo\/fcyt\/wp-content\/uploads\/sites\/24\/2019\/03\/Civil-Engineering-bg.jpg);background-position:bottom left;\">\n<h1 class=\"display-4\">LABORATORIO DE HORMIGONES<\/h1>\n<hr class=\"my-4\"\/>\n<\/div>\n<p><strong>BREVE RESE\u00d1A HIST\u00d3RICA<\/strong><\/p>\n<p>El Laboratorio de Hormigones fue creado el a\u00f1o 1997 y el 21 de junio del 2016, con la implementaci\u00f3n de una infraestructura nueva y equipamiento complementario, entre ellos una prensa universal de \u00faltima generaci\u00f3n se consolida como una unidad acad\u00e9mica y de producci\u00f3n.<\/p>\n<p>Brinda servicios de especialidad, acad\u00e9micos y tambi\u00e9n de aplicaci\u00f3n en el \u00e1rea de la Ingenier\u00eda Civil.<\/p>\n<p>En la gesti\u00f3n 2018 el laboratorio realiz\u00f3 actividades muy importantes, en aspectos Acad\u00e9micos, Administrativos y de Extensi\u00f3n.<\/p>\n<p>La carrera de Ingenier\u00eda Civil, dentro de su malla curricular, cuenta con las materias de Tecnolog\u00eda del Hormig\u00f3n y Materiales de Construcci\u00f3n, que imparten los conocimientos del hormig\u00f3n y materiales, como ciencia, que tiene directa relaci\u00f3n con el uso en la construcci\u00f3n de obras civiles.<\/p>\n<p>En el enfoque de los servicios externos, ante el desarrollo y generaci\u00f3n de proyectos en la sociedad, esta \u00faltima mediante las empresas del rubro; que requieren constantemente de los servicios de especialidad que brinda el laboratorio.<\/p>\n<p>Entonces, se hace\u00a0 necesaria la realizaci\u00f3n de ensayos normalizados dentro de un laboratorio que contenga los equipos especializados y suficientes, de tal manera que se puedan cumplir las premisas tanto de la misi\u00f3n como visi\u00f3n, concretando as\u00ed, los objetivos y aspiraciones planteados en la carrera.<\/p>\n<p>El laboratorio debe estar preparado para asistir a todos los servicios mencionados, por lo que la planificaci\u00f3n de sus actividades tanto acad\u00e9mica como administrativa, debe estar sujeta a un reglamento que norme su correcta funcionalidad y fortalezca la formaci\u00f3n que brinda a la carrera de ingenier\u00eda civil.<\/p>\n<p><strong>VISI\u00d3N.<\/strong><\/p>\n<p>La visi\u00f3n del Laboratorio de Hormigones es \u201cConstituirse y ser reconocido como el Laboratorio de referencia en la Regi\u00f3n, a trav\u00e9s de la realizaci\u00f3n de ensayos en hormigones y materiales, que contribuyan en la investigaci\u00f3n y desarrollo tecnol\u00f3gico para el sector de Ingenier\u00eda\u201d.<\/p>\n<p><strong>MISI\u00d3N<\/strong><\/p>\n<p>La misi\u00f3n del Laboratorio de Hormigones es \u201cContribuir con el desarrollo de la regi\u00f3n, a partir de la prestaci\u00f3n de los servicios de ensayos confiables en muestras de hormigones, con el apoyo a los procesos de investigaci\u00f3n, docencia y la orientaci\u00f3n efectiva a los usuarios en procura de la mejora de sus pr\u00e1cticas y proyectos\u201d.<\/p>\n<p><strong>OBJETIVOS GENERALES<\/strong><\/p>\n<ul>\n<li>Brindar apoyo acad\u00e9mico y t\u00e9cnico a los estudiantes de la carrera de Ingenier\u00eda Civil, tanto de materias espec\u00edficas como tambi\u00e9n a usuarios y docentes que hacen investigaci\u00f3n para la elaboraci\u00f3n de proyectos.<\/li>\n<li>Prestar servicios a instituciones p\u00fablicas y privadas, como as\u00ed a personas particulares, que requieran de trabajos de consultor\u00eda estructural. Con el prop\u00f3sito de generar recursos para la UAJMS y su auto-sostenibilidad.<\/li>\n<\/ul>\n<p><strong>OBJETIVOS ESPEC\u00cdFICOS<\/strong><\/p>\n<ul>\n<li>Disponer de un reglamento completo respecto de las funciones del Laboratorio, tanto en el enfoque acad\u00e9mico como administrativo.<\/li>\n<li>Disponer de una planificaci\u00f3n y ordenaci\u00f3n adecuada de las actividades del laboratorio de hormigones.<\/li>\n<li>Disponer de reglamentos internos de; seguridad y uso de los equipos del laboratorio.<\/li>\n<li>Disponer de reglamento administrativo financiero, para el manejo de los recursos del laboratorio.<\/li>\n<\/ul>\n<p><strong>ESTRUCTURA ORGANIZATIVA<\/strong><\/p>\n<p><strong><a href=\"http:\/\/www.uajms.edu.bo\/fcyt\/wp-content\/uploads\/sites\/24\/2018\/11\/Organigrama.png\"><img fetchpriority=\"high\" decoding=\"async\" class=\"alignnone size-full wp-image-2210\" src=\"http:\/\/www.uajms.edu.bo\/fcyt\/wp-content\/uploads\/sites\/24\/2018\/11\/Organigrama.png\" alt=\"\" width=\"442\" height=\"208\" srcset=\"https:\/\/www.uajms.edu.bo\/fcyt\/wp-content\/uploads\/sites\/24\/2018\/11\/Organigrama.png 442w, https:\/\/www.uajms.edu.bo\/fcyt\/wp-content\/uploads\/sites\/24\/2018\/11\/Organigrama-600x282.png 600w, https:\/\/www.uajms.edu.bo\/fcyt\/wp-content\/uploads\/sites\/24\/2018\/11\/Organigrama-768x361.png 768w\" sizes=\"(max-width: 442px) 100vw, 442px\" \/><\/a><\/strong><\/p>\n<p><strong>SERVICIOS<\/strong><\/p>\n<ul>\n<li>Provisi\u00f3n de equipos para pr\u00e1cticas acad\u00e9micas<\/li>\n<li>Ensayos de caracterizaci\u00f3n de hormigones (Muestras en Laboratorio)<\/li>\n<li>Ensayos de caracterizaci\u00f3n de hormigones (En Sitio)<\/li>\n<li>Dosificaci\u00f3n de hormigones<\/li>\n<li>Pruebas de calidad en materiales fabricados de hormig\u00f3n<\/li>\n<li>Rotura de probetas y vigas de hormig\u00f3n<\/li>\n<li>Asesor\u00eda en general<\/li>\n<\/ul>\n<p><strong>ENSAYOS <\/strong><\/p>\n<table width=\"0\">\n<tbody>\n<tr>\n<td width=\"27\"><strong>N\u00ba<\/strong><\/td>\n<td width=\"509\"><strong>LABORATORIO DE HORMIGONES<\/strong><\/td>\n<\/tr>\n<tr>\n<td width=\"27\">1<\/td>\n<td width=\"509\">Finura del cemento<\/td>\n<\/tr>\n<tr>\n<td width=\"27\">2<\/td>\n<td width=\"509\">Peso espec\u00edfico del cemento<\/td>\n<\/tr>\n<tr>\n<td width=\"27\">3<\/td>\n<td width=\"509\">An\u00e1lisis granulom\u00e9trico de los agregados grueso y fino<\/td>\n<\/tr>\n<tr>\n<td width=\"27\">4<\/td>\n<td width=\"509\">Peso espec\u00edfico y absorci\u00f3n del agregado grueso<\/td>\n<\/tr>\n<tr>\n<td width=\"27\">5<\/td>\n<td width=\"509\">Determinaci\u00f3n del peso unitario de los agregados<\/td>\n<\/tr>\n<tr>\n<td width=\"27\">6<\/td>\n<td width=\"509\">Durabilidad y solidez\u00a0 de los agregados en una soluci\u00f3n qu\u00edmica<\/td>\n<\/tr>\n<tr>\n<td width=\"27\">7<\/td>\n<td width=\"509\">Dosificaci\u00f3n de mezclas de hormig\u00f3n y morteros<\/td>\n<\/tr>\n<tr>\n<td width=\"27\">8<\/td>\n<td width=\"509\">Consistencia del hormig\u00f3n a base del ensayo de asentamiento<\/td>\n<\/tr>\n<tr>\n<td width=\"27\">9<\/td>\n<td width=\"509\">Determinaci\u00f3n del peso unitario, rendimiento y contenido de aire<\/td>\n<\/tr>\n<tr>\n<td width=\"27\">10<\/td>\n<td width=\"509\">Preparaci\u00f3n y curado de probetas de hormig\u00f3n<\/td>\n<\/tr>\n<tr>\n<td width=\"27\">11<\/td>\n<td width=\"509\">Determinaci\u00f3n de la resistencia a compresi\u00f3n del hormig\u00f3n<\/td>\n<\/tr>\n<tr>\n<td width=\"27\">12<\/td>\n<td width=\"509\">Determinaci\u00f3n de la resistencia a flexi\u00f3n del hormig\u00f3n<\/td>\n<\/tr>\n<\/tbody>\n<\/table>\n<p><strong>Producci\u00f3n en Venta de Servicios<\/strong><\/p>\n<p>Una de las funciones m\u00e1s importantes que el laboratorio cumple es realizar ensayos de solicitud externa, que generan recursos directos para la universidad, tanto de instituciones p\u00fablicas como de empresas privadas.<\/p>\n<p><strong>Actividades de Extensi\u00f3n Universitaria:<\/strong><\/p>\n<p>Se desarrolla actividades, tanto interna como externamente, tal como el evento denominado UNIVERSIDAD ABIERTA, dirigido a la orientaci\u00f3n profesional para estudiantes de \u00faltimo a\u00f1o de secundaria.<\/p>\n<p>Apoyo y Colaboraci\u00f3n en la realizaci\u00f3n de estudios estructurales: Realizaci\u00f3n de estudios de patolog\u00edas estructurales, realizando Esclerometr\u00eda y an\u00e1lisis para diferentes bloques que se encuentran dentro del campus universitario. Siempre obedeciendo a cualquier instrucci\u00f3n de colaboraci\u00f3n que vengan de nuestras autoridades.<\/p>\n<p><strong>Actividades Acad\u00e9micas<\/strong>:<\/p>\n<p>Se realizar la coordinaci\u00f3n correspondiente para brindar la prestaci\u00f3n de servicios acad\u00e9micos, tanto a las materias principales de laboratorio, materias afines, y las materias que sirven para optar la titulaci\u00f3n con el ajuste al redise\u00f1o curricular; adem\u00e1s, de algunos temas de investigaci\u00f3n que se requieren en cualquier instancia de postgrado.<\/p>\n<p>En coordinaci\u00f3n con el departamento de UNADA se realiza la programaci\u00f3n de horarios y la oficializaci\u00f3n de listas para los estudiantes que cursaron las materias de CIV-371 Tecnolog\u00eda del Hormig\u00f3n.<\/p>\n<p><strong>Investigaci\u00f3n:<\/strong><\/p>\n<p>Se atiende de manera efectiva a estudiantes, en sus trabajos de investigaci\u00f3n.<\/p>\n<p><strong>Interacci\u00f3n<\/strong><\/p>\n<p>El Laboratorio de Hormigones, tiene constante interacci\u00f3n con los usuarios, ya sean docentes o estudiantes. Tambi\u00e9n existe interacci\u00f3n con las empresas o personas que solicitan los diferentes servicios.<\/p>\n<p>Tambi\u00e9n existe coordinaci\u00f3n con la Direcci\u00f3n del Departamento, con Decanatura y la unidad de Infraestructura de la universidad.<\/p>\n<p><strong>Proyectos<\/strong><\/p>\n<ul>\n<li>En la gesti\u00f3n 2018 el Laboratorio de Hormigones realiz\u00f3 el \u201cProyecto de Implementaci\u00f3n del Laboratorio\u201d para conseguir recursos y lograr trabajar como empresa en la prestaci\u00f3n de servicios.<\/li>\n<li>Se colabor\u00f3 con la conclusi\u00f3n del proyecto de Construcci\u00f3n y Equipamiento de los Laboratorios de la carrera de Ingenier\u00eda Civil, espec\u00edficamente en la adquisici\u00f3n de equipamiento.<\/li>\n<li>Para la gesti\u00f3n 2019 se proyecta mejorar el laboratorio, tanto en infraestructura como en los procedimientos de administraci\u00f3n. Implementando un modelo de gesti\u00f3n simple pero efectivo, en donde el cliente, los estudiantes y docentes se sientan c\u00f3modos.<\/li>\n<li>Tambi\u00e9n realizar las acciones y procedimientos que permitan lograr una acreditaci\u00f3n de IBMETRO y de esa manera enmarcarse en las normas de calidad, para prestar servicios de manera reglamentada.<\/li>\n<li>Se viene preparando un proyecto de implementaci\u00f3n, que permitir\u00e1 conseguir recursos y potenciar el laboratorio, tanto en equipos como en infraestructura.<\/li>\n<li>Proyectos de extensi\u00f3n universitaria para el seguimiento de obras fiscales.<\/li>\n<li>Profundizaci\u00f3n del an\u00e1lisis estructural en hormigones especiales.<\/li>\n<li>Optimizaci\u00f3n de la resistencia del hormig\u00f3n para infraestructuras.<\/li>\n<li>Estudio sobre el hormig\u00f3n liviano.<\/li>\n<\/ul>\n<p>&nbsp;<\/p>\n<p>&nbsp;<\/p>\n","protected":false},"excerpt":{"rendered":"<p>LABORATORIO DE HORMIGONES BREVE RESE\u00d1A HIST\u00d3RICA El Laboratorio de Hormigones fue creado el a\u00f1o 1997 y el 21 de junio del 2016, con la implementaci\u00f3n de una infraestructura nueva y [&hellip;]<\/p>\n","protected":false},"author":1,"featured_media":0,"parent":0,"menu_order":0,"comment_status":"closed","ping_status":"closed","template":"","meta":{"_joinchat":[],"footnotes":""},"class_list":["post-2209","page","type-page","status-publish","hentry"],"jetpack_sharing_enabled":true,"publishpress_future_action":{"enabled":false,"date":"2026-04-24 11:41:44","action":"change-status","newStatus":"draft","terms":[],"taxonomy":"","extraData":[]},"publishpress_future_workflow_manual_trigger":{"enabledWorkflows":[]},"_links":{"self":[{"href":"https:\/\/www.uajms.edu.bo\/fcyt\/wp-json\/wp\/v2\/pages\/2209","targetHints":{"allow":["GET"]}}],"collection":[{"href":"https:\/\/www.uajms.edu.bo\/fcyt\/wp-json\/wp\/v2\/pages"}],"about":[{"href":"https:\/\/www.uajms.edu.bo\/fcyt\/wp-json\/wp\/v2\/types\/page"}],"author":[{"embeddable":true,"href":"https:\/\/www.uajms.edu.bo\/fcyt\/wp-json\/wp\/v2\/users\/1"}],"replies":[{"embeddable":true,"href":"https:\/\/www.uajms.edu.bo\/fcyt\/wp-json\/wp\/v2\/comments?post=2209"}],"version-history":[{"count":6,"href":"https:\/\/www.uajms.edu.bo\/fcyt\/wp-json\/wp\/v2\/pages\/2209\/revisions"}],"predecessor-version":[{"id":3589,"href":"https:\/\/www.uajms.edu.bo\/fcyt\/wp-json\/wp\/v2\/pages\/2209\/revisions\/3589"}],"wp:attachment":[{"href":"https:\/\/www.uajms.edu.bo\/fcyt\/wp-json\/wp\/v2\/media?parent=2209"}],"curies":[{"name":"wp","href":"https:\/\/api.w.org\/{rel}","templated":true}]}}