

{"version":"1.0","provider_name":"Facultad de Ciencias Integradas de Villa Montes","provider_url":"https:\/\/www.uajms.edu.bo\/fciv","title":"Inauguraci\u00f3n de la FCIVM - Facultad de Ciencias Integradas de Villa Montes","type":"rich","width":600,"height":338,"html":"<blockquote class=\"wp-embedded-content\" data-secret=\"WfBr5fkw9V\"><a href=\"https:\/\/www.uajms.edu.bo\/fciv\/2013\/09\/03\/inauguracion-de-la-fcivm\/\">Inauguraci\u00f3n de la FCIVM<\/a><\/blockquote><iframe sandbox=\"allow-scripts\" security=\"restricted\" src=\"https:\/\/www.uajms.edu.bo\/fciv\/2013\/09\/03\/inauguracion-de-la-fcivm\/embed\/#?secret=WfBr5fkw9V\" width=\"600\" height=\"338\" title=\"\u00abInauguraci\u00f3n de la FCIVM\u00bb \u2014 Facultad de Ciencias Integradas de Villa Montes\" data-secret=\"WfBr5fkw9V\" frameborder=\"0\" marginwidth=\"0\" marginheight=\"0\" scrolling=\"no\" class=\"wp-embedded-content\"><\/iframe><script type=\"text\/javascript\">\n\/* <![CDATA[ *\/\n\/*! This file is auto-generated *\/\n!function(d,l){\"use strict\";l.querySelector&&d.addEventListener&&\"undefined\"!=typeof URL&&(d.wp=d.wp||{},d.wp.receiveEmbedMessage||(d.wp.receiveEmbedMessage=function(e){var t=e.data;if((t||t.secret||t.message||t.value)&&!\/[^a-zA-Z0-9]\/.test(t.secret)){for(var s,r,n,a=l.querySelectorAll('iframe[data-secret=\"'+t.secret+'\"]'),o=l.querySelectorAll('blockquote[data-secret=\"'+t.secret+'\"]'),c=new RegExp(\"^https?:$\",\"i\"),i=0;i<o.length;i++)o[i].style.display=\"none\";for(i=0;i<a.length;i++)s=a[i],e.source===s.contentWindow&&(s.removeAttribute(\"style\"),\"height\"===t.message?(1e3<(r=parseInt(t.value,10))?r=1e3:~~r<200&&(r=200),s.height=r):\"link\"===t.message&&(r=new URL(s.getAttribute(\"src\")),n=new URL(t.value),c.test(n.protocol))&&n.host===r.host&&l.activeElement===s&&(d.top.location.href=t.value))}},d.addEventListener(\"message\",d.wp.receiveEmbedMessage,!1),l.addEventListener(\"DOMContentLoaded\",function(){for(var e,t,s=l.querySelectorAll(\"iframe.wp-embedded-content\"),r=0;r<s.length;r++)(t=(e=s[r]).getAttribute(\"data-secret\"))||(t=Math.random().toString(36).substring(2,12),e.src+=\"#?secret=\"+t,e.setAttribute(\"data-secret\",t)),e.contentWindow.postMessage({message:\"ready\",secret:t},\"*\")},!1)))}(window,document);\n\/\/# sourceURL=https:\/\/www.uajms.edu.bo\/fciv\/wp-includes\/js\/wp-embed.min.js\n\/* ]]> *\/\n<\/script>\n","description":"Viernes, 9 \u00a0de agosto de 2013 La inauguraci\u00f3n de la Facultad de Ciencias Integradas Villa Montes fue una realidad, encabezada por la m\u00e1xima autoridad de la Universidad Aut\u00f3noma \u00abJuan Misael Saracho\u00bb el Rector MSC. Ing. Marcelo Hoyos Montecinos, La Decana &hellip; Sigue leyendo &rarr;"}

Inauguración de la FCIVM - Facultad de Ciencias Integradas de Villa Montes

<blockquote class="wp-embedded-content" data-secret="WfBr5fkw9V"><a href="https://www.uajms.edu.bo/fciv/2013/09/03/inauguracion-de-la-fcivm/">Inauguración de la FCIVM</a></blockquote><iframe sandbox="allow-scripts" security="restricted" src="https://www.uajms.edu.bo/fciv/2013/09/03/inauguracion-de-la-fcivm/embed/#?secret=WfBr5fkw9V" width="600" height="338" title="«Inauguración de la FCIVM» — Facultad de Ciencias Integradas de Villa Montes" data-secret="WfBr5fkw9V" frameborder="0" marginwidth="0" marginheight="0" scrolling="no" class="wp-embedded-content"></iframe><script type="text/javascript">
/* <![CDATA[ */
/*! This file is auto-generated */
!function(d,l){"use strict";l.querySelector&&d.addEventListener&&"undefined"!=typeof URL&&(d.wp=d.wp||{},d.wp.receiveEmbedMessage||(d.wp.receiveEmbedMessage=function(e){var t=e.data;if((t||t.secret||t.message||t.value)&&!/[^a-zA-Z0-9]/.test(t.secret)){for(var s,r,n,a=l.querySelectorAll('iframe[data-secret="'+t.secret+'"]'),o=l.querySelectorAll('blockquote[data-secret="'+t.secret+'"]'),c=new RegExp("^https?:$","i"),i=0;i<o.length;i++)o[i].style.display="none";for(i=0;i<a.length;i++)s=a[i],e.source===s.contentWindow&&(s.removeAttribute("style"),"height"===t.message?(1e3<(r=parseInt(t.value,10))?r=1e3:~~r<200&&(r=200),s.height=r):"link"===t.message&&(r=new URL(s.getAttribute("src")),n=new URL(t.value),c.test(n.protocol))&&n.host===r.host&&l.activeElement===s&&(d.top.location.href=t.value))}},d.addEventListener("message",d.wp.receiveEmbedMessage,!1),l.addEventListener("DOMContentLoaded",function(){for(var e,t,s=l.querySelectorAll("iframe.wp-embedded-content"),r=0;r<s.length;r++)(t=(e=s[r]).getAttribute("data-secret"))||(t=Math.random().toString(36).substring(2,12),e.src+="#?secret="+t,e.setAttribute("data-secret",t)),e.contentWindow.postMessage({message:"ready",secret:t},"*")},!1)))}(window,document);
//# sourceURL=https://www.uajms.edu.bo/fciv/wp-includes/js/wp-embed.min.js
/* ]]> */
</script>

Viernes, 9  de agosto de 2013 La inauguración de la Facultad de Ciencias Integradas Villa Montes fue una realidad, encabezada por la máxima autoridad de la Universidad Autónoma «Juan Misael Saracho» el Rector MSC. Ing. Marcelo Hoyos Montecinos, La Decana &hellip; Sigue leyendo &rarr;
