

{"id":394,"date":"2018-05-04T13:47:24","date_gmt":"2018-05-04T13:47:24","guid":{"rendered":"http:\/\/www.uajms.edu.bo\/dpu\/?page_id=394"},"modified":"2018-06-18T16:04:03","modified_gmt":"2018-06-18T16:04:03","slug":"resoluciones","status":"publish","type":"page","link":"https:\/\/www.uajms.edu.bo\/dpu\/resoluciones\/","title":{"rendered":"Resoluciones"},"content":{"rendered":"<p>&nbsp;<\/p>\n<table style=\"height: 153px\" border=\"blue\">\n<tbody>\n<tr>\n<td style=\"text-align: center\"><span style=\"color: #1e74b9\"><strong>N\u00ba. Resoluci\u00f3n<\/strong><\/span><\/td>\n<td style=\"text-align: center\"><span style=\"color: #1e74b9\"><strong>Descripci\u00f3n<\/strong><\/span><\/td>\n<td style=\"text-align: center\"><span style=\"color: #1e74b9\"><strong>Fecha\/Resoluci\u00f3n<\/strong><\/span><\/td>\n<td style=\"text-align: center\"><span style=\"color: #1e74b9\"><strong>Archivo<\/strong><\/span><\/td>\n<\/tr>\n<tr>\n<td style=\"text-align: center\"><span style=\"color: #333333\">\u00a0674<\/span><\/td>\n<td style=\"text-align: left\" width=\"700\"><span style=\"color: #333333\">Aprobar el anteproyecto de POA-PRESUPUESTO institucional 2017, el mismo asciende a Bs. 335.986.911 (Trescientos Treinta y Cinco Millones, Novecientos Ochenta y Seis Mil Novecientos Once 00\/100 Bolivianos.<\/span><\/td>\n<td style=\"text-align: center\"><span style=\"color: #333333\">14-09-2016<\/span><\/td>\n<td><strong><a href=\"http:\/\/www.uajms.edu.bo\/dpu\/wp-content\/uploads\/sites\/26\/2018\/06\/674.pdf\" target=\"_blank\" rel=\"noopener\"><img data-recalc-dims=\"1\" decoding=\"async\" data-attachment-id=\"227\" data-permalink=\"https:\/\/www.uajms.edu.bo\/dpu\/?attachment_id=227\" data-orig-file=\"https:\/\/i0.wp.com\/www.uajms.edu.bo\/dpu\/wp-content\/uploads\/sites\/26\/2018\/02\/1-copia.png?fit=266%2C267&amp;ssl=1\" data-orig-size=\"266,267\" data-comments-opened=\"1\" data-image-meta=\"{&quot;aperture&quot;:&quot;0&quot;,&quot;credit&quot;:&quot;&quot;,&quot;camera&quot;:&quot;&quot;,&quot;caption&quot;:&quot;&quot;,&quot;created_timestamp&quot;:&quot;0&quot;,&quot;copyright&quot;:&quot;&quot;,&quot;focal_length&quot;:&quot;0&quot;,&quot;iso&quot;:&quot;0&quot;,&quot;shutter_speed&quot;:&quot;0&quot;,&quot;title&quot;:&quot;&quot;,&quot;orientation&quot;:&quot;0&quot;}\" data-image-title=\"1 copia\" data-image-description=\"\" data-image-caption=\"\" data-medium-file=\"https:\/\/i0.wp.com\/www.uajms.edu.bo\/dpu\/wp-content\/uploads\/sites\/26\/2018\/02\/1-copia.png?fit=266%2C267&amp;ssl=1\" data-large-file=\"https:\/\/i0.wp.com\/www.uajms.edu.bo\/dpu\/wp-content\/uploads\/sites\/26\/2018\/02\/1-copia.png?fit=266%2C267&amp;ssl=1\" class=\"aligncenter wp-image-227 size-full\" src=\"https:\/\/i0.wp.com\/www.uajms.edu.bo\/dpu\/wp-content\/uploads\/sites\/26\/2018\/02\/1-copia.png?resize=50%2C50\" alt=\"\" width=\"50\" height=\"50\" srcset=\"https:\/\/i0.wp.com\/www.uajms.edu.bo\/dpu\/wp-content\/uploads\/sites\/26\/2018\/02\/1-copia.png?w=266&amp;ssl=1 266w, https:\/\/i0.wp.com\/www.uajms.edu.bo\/dpu\/wp-content\/uploads\/sites\/26\/2018\/02\/1-copia.png?resize=150%2C150&amp;ssl=1 150w, https:\/\/i0.wp.com\/www.uajms.edu.bo\/dpu\/wp-content\/uploads\/sites\/26\/2018\/02\/1-copia.png?resize=180%2C180&amp;ssl=1 180w\" sizes=\"(max-width: 50px) 100vw, 50px\" \/><\/a><\/strong><\/td>\n<\/tr>\n<tr>\n<td style=\"text-align: center\"><span style=\"color: #333333\">\u00a0129<\/span><\/td>\n<td style=\"text-align: left\"><span style=\"color: #333333\">Aprobar la Metodolog\u00eda, la conformaci\u00f3n de Comisiones de Trabajo y el Cronograma para la elaboraci\u00f3n del Plan Estrat\u00e9gico de Desarrollo Institucional 2017- 2021.<\/span><\/td>\n<td style=\"text-align: center\"><span style=\"color: #333333\">07-04-2017<\/span><\/td>\n<td>\u00a0<strong><a href=\"http:\/\/www.uajms.edu.bo\/dpu\/wp-content\/uploads\/sites\/26\/2018\/06\/129.pdf\" target=\"_blank\" rel=\"noopener\"><img data-recalc-dims=\"1\" decoding=\"async\" data-attachment-id=\"227\" data-permalink=\"https:\/\/www.uajms.edu.bo\/dpu\/?attachment_id=227\" data-orig-file=\"https:\/\/i0.wp.com\/www.uajms.edu.bo\/dpu\/wp-content\/uploads\/sites\/26\/2018\/02\/1-copia.png?fit=266%2C267&amp;ssl=1\" data-orig-size=\"266,267\" data-comments-opened=\"1\" data-image-meta=\"{&quot;aperture&quot;:&quot;0&quot;,&quot;credit&quot;:&quot;&quot;,&quot;camera&quot;:&quot;&quot;,&quot;caption&quot;:&quot;&quot;,&quot;created_timestamp&quot;:&quot;0&quot;,&quot;copyright&quot;:&quot;&quot;,&quot;focal_length&quot;:&quot;0&quot;,&quot;iso&quot;:&quot;0&quot;,&quot;shutter_speed&quot;:&quot;0&quot;,&quot;title&quot;:&quot;&quot;,&quot;orientation&quot;:&quot;0&quot;}\" data-image-title=\"1 copia\" data-image-description=\"\" data-image-caption=\"\" data-medium-file=\"https:\/\/i0.wp.com\/www.uajms.edu.bo\/dpu\/wp-content\/uploads\/sites\/26\/2018\/02\/1-copia.png?fit=266%2C267&amp;ssl=1\" data-large-file=\"https:\/\/i0.wp.com\/www.uajms.edu.bo\/dpu\/wp-content\/uploads\/sites\/26\/2018\/02\/1-copia.png?fit=266%2C267&amp;ssl=1\" class=\"aligncenter wp-image-227 size-full\" src=\"https:\/\/i0.wp.com\/www.uajms.edu.bo\/dpu\/wp-content\/uploads\/sites\/26\/2018\/02\/1-copia.png?resize=50%2C50\" alt=\"\" width=\"50\" height=\"50\" srcset=\"https:\/\/i0.wp.com\/www.uajms.edu.bo\/dpu\/wp-content\/uploads\/sites\/26\/2018\/02\/1-copia.png?w=266&amp;ssl=1 266w, https:\/\/i0.wp.com\/www.uajms.edu.bo\/dpu\/wp-content\/uploads\/sites\/26\/2018\/02\/1-copia.png?resize=150%2C150&amp;ssl=1 150w, https:\/\/i0.wp.com\/www.uajms.edu.bo\/dpu\/wp-content\/uploads\/sites\/26\/2018\/02\/1-copia.png?resize=180%2C180&amp;ssl=1 180w\" sizes=\"(max-width: 50px) 100vw, 50px\" \/><\/a><\/strong><\/td>\n<\/tr>\n<tr>\n<td style=\"text-align: center\"><span style=\"color: #333333\">\u00a0208<\/span><\/td>\n<td style=\"text-align: left\"><span style=\"color: #333333\">Aprobar el POA y PRESUPUESTO INSITUCIONAL MODIFICADO 2017, con recursos provenientes de Caja y Bancos, anticipos financieros.<\/span><\/td>\n<td style=\"text-align: center\"><span style=\"color: #333333\">\u00a002-06-2017<\/span><\/td>\n<td>\u00a0<strong><a href=\"http:\/\/www.uajms.edu.bo\/dpu\/wp-content\/uploads\/sites\/26\/2018\/06\/208.pdf\" target=\"_blank\" rel=\"noopener\"><img data-recalc-dims=\"1\" decoding=\"async\" data-attachment-id=\"227\" data-permalink=\"https:\/\/www.uajms.edu.bo\/dpu\/?attachment_id=227\" data-orig-file=\"https:\/\/i0.wp.com\/www.uajms.edu.bo\/dpu\/wp-content\/uploads\/sites\/26\/2018\/02\/1-copia.png?fit=266%2C267&amp;ssl=1\" data-orig-size=\"266,267\" data-comments-opened=\"1\" data-image-meta=\"{&quot;aperture&quot;:&quot;0&quot;,&quot;credit&quot;:&quot;&quot;,&quot;camera&quot;:&quot;&quot;,&quot;caption&quot;:&quot;&quot;,&quot;created_timestamp&quot;:&quot;0&quot;,&quot;copyright&quot;:&quot;&quot;,&quot;focal_length&quot;:&quot;0&quot;,&quot;iso&quot;:&quot;0&quot;,&quot;shutter_speed&quot;:&quot;0&quot;,&quot;title&quot;:&quot;&quot;,&quot;orientation&quot;:&quot;0&quot;}\" data-image-title=\"1 copia\" data-image-description=\"\" data-image-caption=\"\" data-medium-file=\"https:\/\/i0.wp.com\/www.uajms.edu.bo\/dpu\/wp-content\/uploads\/sites\/26\/2018\/02\/1-copia.png?fit=266%2C267&amp;ssl=1\" data-large-file=\"https:\/\/i0.wp.com\/www.uajms.edu.bo\/dpu\/wp-content\/uploads\/sites\/26\/2018\/02\/1-copia.png?fit=266%2C267&amp;ssl=1\" class=\"aligncenter wp-image-227 size-full\" src=\"https:\/\/i0.wp.com\/www.uajms.edu.bo\/dpu\/wp-content\/uploads\/sites\/26\/2018\/02\/1-copia.png?resize=50%2C50\" alt=\"\" width=\"50\" height=\"50\" srcset=\"https:\/\/i0.wp.com\/www.uajms.edu.bo\/dpu\/wp-content\/uploads\/sites\/26\/2018\/02\/1-copia.png?w=266&amp;ssl=1 266w, https:\/\/i0.wp.com\/www.uajms.edu.bo\/dpu\/wp-content\/uploads\/sites\/26\/2018\/02\/1-copia.png?resize=150%2C150&amp;ssl=1 150w, https:\/\/i0.wp.com\/www.uajms.edu.bo\/dpu\/wp-content\/uploads\/sites\/26\/2018\/02\/1-copia.png?resize=180%2C180&amp;ssl=1 180w\" sizes=\"(max-width: 50px) 100vw, 50px\" \/><\/a><\/strong><\/td>\n<\/tr>\n<tr>\n<td style=\"text-align: center\"><span style=\"color: #333333\">440\u00a0<\/span><\/td>\n<td style=\"text-align: left\"><span style=\"color: #333333\">Aprobar el anteproyecto de POA-PRESUPUESTO institucional 2018, el mismo asciende a Bs. 315.240.000 (Son Trecientos Quince Millones Doscientos Cuarenta Mil.00\/100 Bolivianos).<\/span><\/td>\n<td style=\"text-align: center\"><span style=\"color: #333333\">14-09-2017\u00a0<\/span><\/td>\n<td>\u00a0<strong><a href=\"http:\/\/www.uajms.edu.bo\/dpu\/wp-content\/uploads\/sites\/26\/2018\/06\/440.pdf\" target=\"_blank\" rel=\"noopener\"><img data-recalc-dims=\"1\" decoding=\"async\" data-attachment-id=\"227\" data-permalink=\"https:\/\/www.uajms.edu.bo\/dpu\/?attachment_id=227\" data-orig-file=\"https:\/\/i0.wp.com\/www.uajms.edu.bo\/dpu\/wp-content\/uploads\/sites\/26\/2018\/02\/1-copia.png?fit=266%2C267&amp;ssl=1\" data-orig-size=\"266,267\" data-comments-opened=\"1\" data-image-meta=\"{&quot;aperture&quot;:&quot;0&quot;,&quot;credit&quot;:&quot;&quot;,&quot;camera&quot;:&quot;&quot;,&quot;caption&quot;:&quot;&quot;,&quot;created_timestamp&quot;:&quot;0&quot;,&quot;copyright&quot;:&quot;&quot;,&quot;focal_length&quot;:&quot;0&quot;,&quot;iso&quot;:&quot;0&quot;,&quot;shutter_speed&quot;:&quot;0&quot;,&quot;title&quot;:&quot;&quot;,&quot;orientation&quot;:&quot;0&quot;}\" data-image-title=\"1 copia\" data-image-description=\"\" data-image-caption=\"\" data-medium-file=\"https:\/\/i0.wp.com\/www.uajms.edu.bo\/dpu\/wp-content\/uploads\/sites\/26\/2018\/02\/1-copia.png?fit=266%2C267&amp;ssl=1\" data-large-file=\"https:\/\/i0.wp.com\/www.uajms.edu.bo\/dpu\/wp-content\/uploads\/sites\/26\/2018\/02\/1-copia.png?fit=266%2C267&amp;ssl=1\" class=\"aligncenter wp-image-227 size-full\" src=\"https:\/\/i0.wp.com\/www.uajms.edu.bo\/dpu\/wp-content\/uploads\/sites\/26\/2018\/02\/1-copia.png?resize=50%2C50\" alt=\"\" width=\"50\" height=\"50\" srcset=\"https:\/\/i0.wp.com\/www.uajms.edu.bo\/dpu\/wp-content\/uploads\/sites\/26\/2018\/02\/1-copia.png?w=266&amp;ssl=1 266w, https:\/\/i0.wp.com\/www.uajms.edu.bo\/dpu\/wp-content\/uploads\/sites\/26\/2018\/02\/1-copia.png?resize=150%2C150&amp;ssl=1 150w, https:\/\/i0.wp.com\/www.uajms.edu.bo\/dpu\/wp-content\/uploads\/sites\/26\/2018\/02\/1-copia.png?resize=180%2C180&amp;ssl=1 180w\" sizes=\"(max-width: 50px) 100vw, 50px\" \/><\/a><\/strong><\/td>\n<\/tr>\n<tr>\n<td style=\"text-align: center\"><span style=\"color: #333333\">460\u00a0<\/span><\/td>\n<td style=\"text-align: left\"><span style=\"color: #333333\"><span style=\"color: #333333\">A<\/span><\/span><span style=\"color: #333333\">probar la Modificaci\u00f3n POA \u2013 Presupuesto Intrainstitucional.<\/span><\/td>\n<td style=\"text-align: center\">26-09-2017<\/td>\n<td>\u00a0<strong><a href=\"http:\/\/www.uajms.edu.bo\/dpu\/wp-content\/uploads\/sites\/26\/2018\/06\/460.pdf\" target=\"_blank\" rel=\"noopener\"><img data-recalc-dims=\"1\" decoding=\"async\" data-attachment-id=\"227\" data-permalink=\"https:\/\/www.uajms.edu.bo\/dpu\/?attachment_id=227\" data-orig-file=\"https:\/\/i0.wp.com\/www.uajms.edu.bo\/dpu\/wp-content\/uploads\/sites\/26\/2018\/02\/1-copia.png?fit=266%2C267&amp;ssl=1\" data-orig-size=\"266,267\" data-comments-opened=\"1\" data-image-meta=\"{&quot;aperture&quot;:&quot;0&quot;,&quot;credit&quot;:&quot;&quot;,&quot;camera&quot;:&quot;&quot;,&quot;caption&quot;:&quot;&quot;,&quot;created_timestamp&quot;:&quot;0&quot;,&quot;copyright&quot;:&quot;&quot;,&quot;focal_length&quot;:&quot;0&quot;,&quot;iso&quot;:&quot;0&quot;,&quot;shutter_speed&quot;:&quot;0&quot;,&quot;title&quot;:&quot;&quot;,&quot;orientation&quot;:&quot;0&quot;}\" data-image-title=\"1 copia\" data-image-description=\"\" data-image-caption=\"\" data-medium-file=\"https:\/\/i0.wp.com\/www.uajms.edu.bo\/dpu\/wp-content\/uploads\/sites\/26\/2018\/02\/1-copia.png?fit=266%2C267&amp;ssl=1\" data-large-file=\"https:\/\/i0.wp.com\/www.uajms.edu.bo\/dpu\/wp-content\/uploads\/sites\/26\/2018\/02\/1-copia.png?fit=266%2C267&amp;ssl=1\" class=\"aligncenter wp-image-227 size-full\" src=\"https:\/\/i0.wp.com\/www.uajms.edu.bo\/dpu\/wp-content\/uploads\/sites\/26\/2018\/02\/1-copia.png?resize=50%2C50\" alt=\"\" width=\"50\" height=\"50\" srcset=\"https:\/\/i0.wp.com\/www.uajms.edu.bo\/dpu\/wp-content\/uploads\/sites\/26\/2018\/02\/1-copia.png?w=266&amp;ssl=1 266w, https:\/\/i0.wp.com\/www.uajms.edu.bo\/dpu\/wp-content\/uploads\/sites\/26\/2018\/02\/1-copia.png?resize=150%2C150&amp;ssl=1 150w, https:\/\/i0.wp.com\/www.uajms.edu.bo\/dpu\/wp-content\/uploads\/sites\/26\/2018\/02\/1-copia.png?resize=180%2C180&amp;ssl=1 180w\" sizes=\"(max-width: 50px) 100vw, 50px\" \/><\/a><\/strong><\/td>\n<\/tr>\n<tr>\n<td style=\"text-align: center\"><span style=\"color: #333333\">527\u00a0<\/span><\/td>\n<td style=\"text-align: left\"><span style=\"color: #333333\"><span style=\"color: #333333\">Aprobar la composici\u00f3n de las diferentes comisiones que a trav\u00e9s de las mismas estar\u00e1 a cargo la elaboraci\u00f3n del PEI 2017 \u2013 2020, de acuerdo a la n\u00f3mina adjunta<\/span><\/span><span style=\"color: #333333\">.<\/span><\/td>\n<td style=\"text-align: center\">01-11-2017<\/td>\n<td>\u00a0<strong><a href=\"http:\/\/www.uajms.edu.bo\/dpu\/wp-content\/uploads\/sites\/26\/2018\/06\/527.pdf\" target=\"_blank\" rel=\"noopener\"><img data-recalc-dims=\"1\" decoding=\"async\" data-attachment-id=\"227\" data-permalink=\"https:\/\/www.uajms.edu.bo\/dpu\/?attachment_id=227\" data-orig-file=\"https:\/\/i0.wp.com\/www.uajms.edu.bo\/dpu\/wp-content\/uploads\/sites\/26\/2018\/02\/1-copia.png?fit=266%2C267&amp;ssl=1\" data-orig-size=\"266,267\" data-comments-opened=\"1\" data-image-meta=\"{&quot;aperture&quot;:&quot;0&quot;,&quot;credit&quot;:&quot;&quot;,&quot;camera&quot;:&quot;&quot;,&quot;caption&quot;:&quot;&quot;,&quot;created_timestamp&quot;:&quot;0&quot;,&quot;copyright&quot;:&quot;&quot;,&quot;focal_length&quot;:&quot;0&quot;,&quot;iso&quot;:&quot;0&quot;,&quot;shutter_speed&quot;:&quot;0&quot;,&quot;title&quot;:&quot;&quot;,&quot;orientation&quot;:&quot;0&quot;}\" data-image-title=\"1 copia\" data-image-description=\"\" data-image-caption=\"\" data-medium-file=\"https:\/\/i0.wp.com\/www.uajms.edu.bo\/dpu\/wp-content\/uploads\/sites\/26\/2018\/02\/1-copia.png?fit=266%2C267&amp;ssl=1\" data-large-file=\"https:\/\/i0.wp.com\/www.uajms.edu.bo\/dpu\/wp-content\/uploads\/sites\/26\/2018\/02\/1-copia.png?fit=266%2C267&amp;ssl=1\" class=\"aligncenter wp-image-227 size-full\" src=\"https:\/\/i0.wp.com\/www.uajms.edu.bo\/dpu\/wp-content\/uploads\/sites\/26\/2018\/02\/1-copia.png?resize=50%2C50\" alt=\"\" width=\"50\" height=\"50\" srcset=\"https:\/\/i0.wp.com\/www.uajms.edu.bo\/dpu\/wp-content\/uploads\/sites\/26\/2018\/02\/1-copia.png?w=266&amp;ssl=1 266w, https:\/\/i0.wp.com\/www.uajms.edu.bo\/dpu\/wp-content\/uploads\/sites\/26\/2018\/02\/1-copia.png?resize=150%2C150&amp;ssl=1 150w, https:\/\/i0.wp.com\/www.uajms.edu.bo\/dpu\/wp-content\/uploads\/sites\/26\/2018\/02\/1-copia.png?resize=180%2C180&amp;ssl=1 180w\" sizes=\"(max-width: 50px) 100vw, 50px\" \/><\/a><\/strong><\/td>\n<\/tr>\n<tr>\n<td style=\"text-align: center\"><span style=\"color: #333333\">612<\/span><\/td>\n<td style=\"text-align: left\"><span style=\"color: #333333\"><span style=\"color: #333333\">Aprobar el PLAN ESTRAT\u00c9GICO INSTITUCIONAL &#8211; PEI 2017 \u2013 2020<\/span><\/span><\/td>\n<td style=\"text-align: center\">28-12-2017<\/td>\n<td>\u00a0<strong><a href=\"http:\/\/www.uajms.edu.bo\/dpu\/wp-content\/uploads\/sites\/26\/2018\/06\/612.pdf\" target=\"_blank\" rel=\"noopener\"><img data-recalc-dims=\"1\" decoding=\"async\" data-attachment-id=\"227\" data-permalink=\"https:\/\/www.uajms.edu.bo\/dpu\/?attachment_id=227\" data-orig-file=\"https:\/\/i0.wp.com\/www.uajms.edu.bo\/dpu\/wp-content\/uploads\/sites\/26\/2018\/02\/1-copia.png?fit=266%2C267&amp;ssl=1\" data-orig-size=\"266,267\" data-comments-opened=\"1\" data-image-meta=\"{&quot;aperture&quot;:&quot;0&quot;,&quot;credit&quot;:&quot;&quot;,&quot;camera&quot;:&quot;&quot;,&quot;caption&quot;:&quot;&quot;,&quot;created_timestamp&quot;:&quot;0&quot;,&quot;copyright&quot;:&quot;&quot;,&quot;focal_length&quot;:&quot;0&quot;,&quot;iso&quot;:&quot;0&quot;,&quot;shutter_speed&quot;:&quot;0&quot;,&quot;title&quot;:&quot;&quot;,&quot;orientation&quot;:&quot;0&quot;}\" data-image-title=\"1 copia\" data-image-description=\"\" data-image-caption=\"\" data-medium-file=\"https:\/\/i0.wp.com\/www.uajms.edu.bo\/dpu\/wp-content\/uploads\/sites\/26\/2018\/02\/1-copia.png?fit=266%2C267&amp;ssl=1\" data-large-file=\"https:\/\/i0.wp.com\/www.uajms.edu.bo\/dpu\/wp-content\/uploads\/sites\/26\/2018\/02\/1-copia.png?fit=266%2C267&amp;ssl=1\" class=\"aligncenter wp-image-227 size-full\" src=\"https:\/\/i0.wp.com\/www.uajms.edu.bo\/dpu\/wp-content\/uploads\/sites\/26\/2018\/02\/1-copia.png?resize=50%2C50\" alt=\"\" width=\"50\" height=\"50\" srcset=\"https:\/\/i0.wp.com\/www.uajms.edu.bo\/dpu\/wp-content\/uploads\/sites\/26\/2018\/02\/1-copia.png?w=266&amp;ssl=1 266w, https:\/\/i0.wp.com\/www.uajms.edu.bo\/dpu\/wp-content\/uploads\/sites\/26\/2018\/02\/1-copia.png?resize=150%2C150&amp;ssl=1 150w, https:\/\/i0.wp.com\/www.uajms.edu.bo\/dpu\/wp-content\/uploads\/sites\/26\/2018\/02\/1-copia.png?resize=180%2C180&amp;ssl=1 180w\" sizes=\"(max-width: 50px) 100vw, 50px\" \/><\/a><\/strong><\/td>\n<\/tr>\n<tr>\n<td style=\"text-align: center\"><span style=\"color: #333333\">129<\/span><\/td>\n<td style=\"text-align: left\"><span style=\"color: #333333\"><span style=\"color: #333333\">Aprobar el Plan Operativo Anual\u00a0 actualizado al 31 de diciembre de 2017<\/span><\/span><\/td>\n<td style=\"text-align: center\">20-04-2018<\/td>\n<td>\u00a0<strong><a href=\"http:\/\/www.uajms.edu.bo\/dpu\/wp-content\/uploads\/sites\/26\/2018\/06\/129_2018.pdf\" target=\"_blank\" rel=\"noopener\"><img data-recalc-dims=\"1\" decoding=\"async\" data-attachment-id=\"227\" data-permalink=\"https:\/\/www.uajms.edu.bo\/dpu\/?attachment_id=227\" data-orig-file=\"https:\/\/i0.wp.com\/www.uajms.edu.bo\/dpu\/wp-content\/uploads\/sites\/26\/2018\/02\/1-copia.png?fit=266%2C267&amp;ssl=1\" data-orig-size=\"266,267\" data-comments-opened=\"1\" data-image-meta=\"{&quot;aperture&quot;:&quot;0&quot;,&quot;credit&quot;:&quot;&quot;,&quot;camera&quot;:&quot;&quot;,&quot;caption&quot;:&quot;&quot;,&quot;created_timestamp&quot;:&quot;0&quot;,&quot;copyright&quot;:&quot;&quot;,&quot;focal_length&quot;:&quot;0&quot;,&quot;iso&quot;:&quot;0&quot;,&quot;shutter_speed&quot;:&quot;0&quot;,&quot;title&quot;:&quot;&quot;,&quot;orientation&quot;:&quot;0&quot;}\" data-image-title=\"1 copia\" data-image-description=\"\" data-image-caption=\"\" data-medium-file=\"https:\/\/i0.wp.com\/www.uajms.edu.bo\/dpu\/wp-content\/uploads\/sites\/26\/2018\/02\/1-copia.png?fit=266%2C267&amp;ssl=1\" data-large-file=\"https:\/\/i0.wp.com\/www.uajms.edu.bo\/dpu\/wp-content\/uploads\/sites\/26\/2018\/02\/1-copia.png?fit=266%2C267&amp;ssl=1\" class=\"aligncenter wp-image-227 size-full\" src=\"https:\/\/i0.wp.com\/www.uajms.edu.bo\/dpu\/wp-content\/uploads\/sites\/26\/2018\/02\/1-copia.png?resize=50%2C50\" alt=\"\" width=\"50\" height=\"50\" srcset=\"https:\/\/i0.wp.com\/www.uajms.edu.bo\/dpu\/wp-content\/uploads\/sites\/26\/2018\/02\/1-copia.png?w=266&amp;ssl=1 266w, https:\/\/i0.wp.com\/www.uajms.edu.bo\/dpu\/wp-content\/uploads\/sites\/26\/2018\/02\/1-copia.png?resize=150%2C150&amp;ssl=1 150w, https:\/\/i0.wp.com\/www.uajms.edu.bo\/dpu\/wp-content\/uploads\/sites\/26\/2018\/02\/1-copia.png?resize=180%2C180&amp;ssl=1 180w\" sizes=\"(max-width: 50px) 100vw, 50px\" \/><\/a><\/strong><\/td>\n<\/tr>\n<\/tbody>\n<\/table>\n<p>&nbsp;<\/p>\n","protected":false},"excerpt":{"rendered":"<p>&nbsp; N\u00ba. Resoluci\u00f3n Descripci\u00f3n Fecha\/Resoluci\u00f3n Archivo \u00a0674 Aprobar el anteproyecto de POA-PRESUPUESTO institucional 2017, el mismo asciende a Bs. 335.986.911 (Trescientos Treinta y Cinco Millones, Novecientos Ochenta y Seis Mil [&hellip;]<\/p>\n","protected":false},"author":123,"featured_media":0,"parent":0,"menu_order":0,"comment_status":"closed","ping_status":"closed","template":"","meta":{"jetpack_post_was_ever_published":false,"_joinchat":[],"footnotes":""},"class_list":["post-394","page","type-page","status-publish","hentry"],"jetpack_sharing_enabled":true,"jetpack_shortlink":"https:\/\/wp.me\/P9PoFo-6m","jetpack-related-posts":[],"publishpress_future_action":{"enabled":false,"date":"2026-04-24 03:15:56","action":"change-status","newStatus":"draft","terms":[],"taxonomy":"","extraData":[]},"publishpress_future_workflow_manual_trigger":{"enabledWorkflows":[]},"_links":{"self":[{"href":"https:\/\/www.uajms.edu.bo\/dpu\/wp-json\/wp\/v2\/pages\/394","targetHints":{"allow":["GET"]}}],"collection":[{"href":"https:\/\/www.uajms.edu.bo\/dpu\/wp-json\/wp\/v2\/pages"}],"about":[{"href":"https:\/\/www.uajms.edu.bo\/dpu\/wp-json\/wp\/v2\/types\/page"}],"author":[{"embeddable":true,"href":"https:\/\/www.uajms.edu.bo\/dpu\/wp-json\/wp\/v2\/users\/123"}],"replies":[{"embeddable":true,"href":"https:\/\/www.uajms.edu.bo\/dpu\/wp-json\/wp\/v2\/comments?post=394"}],"version-history":[{"count":5,"href":"https:\/\/www.uajms.edu.bo\/dpu\/wp-json\/wp\/v2\/pages\/394\/revisions"}],"predecessor-version":[{"id":500,"href":"https:\/\/www.uajms.edu.bo\/dpu\/wp-json\/wp\/v2\/pages\/394\/revisions\/500"}],"wp:attachment":[{"href":"https:\/\/www.uajms.edu.bo\/dpu\/wp-json\/wp\/v2\/media?parent=394"}],"curies":[{"name":"wp","href":"https:\/\/api.w.org\/{rel}","templated":true}]}}