

{"id":13,"date":"2015-07-28T12:52:01","date_gmt":"2015-07-28T12:52:01","guid":{"rendered":"http:\/\/www.uajms.edu.bo\/dpu\/?page_id=13"},"modified":"2026-04-01T11:15:01","modified_gmt":"2026-04-01T15:15:01","slug":"funciones","status":"publish","type":"page","link":"https:\/\/www.uajms.edu.bo\/dpu\/funciones\/","title":{"rendered":"Funciones"},"content":{"rendered":"<h1><strong>Funciones<\/strong><\/h1>\n<blockquote>\n<ol>\n<li>Dirigir, coordinar y efectuar el planeamiento institucional.<\/li>\n<li>Coordinar con los diferentes niveles jer\u00e1rquicos (Rector, Secretarios, Decanos, etc.) la formulaci\u00f3n de planes en base a la normativa vigente, as\u00ed como los presupuestos correspondientes.<\/li>\n<li>Desarrollar procesos conducentes a la elaboraci\u00f3n de diagn\u00f3sticos, estudios especiales y otras actividades correspondientes a la preparaci\u00f3n de planes, presupuestos, evaluaciones y gesti\u00f3n de la informaci\u00f3n.<\/li>\n<li>Monitorear, evaluar y realizar la prospecci\u00f3n del entorno.<\/li>\n<li>Mantener la continuidad de la Planificaci\u00f3n Institucional.<\/li>\n<li>Dise\u00f1ar, capacitar, implementar sistemas de calidad en la instituci\u00f3n.<\/li>\n<li>Orientar y capacitar a las unidades administrativas y acad\u00e9micas sobre la elaboraci\u00f3n de los planes operativos anuales.<\/li>\n<li>Realizar el seguimiento a la ejecuci\u00f3n de los planes operativos y formular los informes de evaluaci\u00f3n respectivos.<\/li>\n<li>Revisar el cumplimiento de los objetivos y metas fijados en las actividades y proyectos a cargo de la entidad u organismo.<\/li>\n<li>Proponer a las autoridades universitarias acciones apropiadas, de acuerdo con los resultados obtenidos con base en los estudios y an\u00e1lisis correspondientes.<\/li>\n<li>Coordinar y mantener las relaciones de planeamiento universitario con el CEUB;<\/li>\n<li>Planificar y ejecutar actividades de desarrollo organizacional y normatividad.<\/li>\n<li>Actualizar los sistemas, procesos y procedimientos del Departamento de Planificaci\u00f3n.<\/li>\n<li>Dise\u00f1ar, elaborar y monitorear los sistemas de informaci\u00f3n acordes con la automatizaci\u00f3n de la informaci\u00f3n.<\/li>\n<li>Desarrollar y perfeccionar los sistemas de informaci\u00f3n, de modo que coadyuven con la toma de decisiones, en forma oportuna, directa y racional.<\/li>\n<li>Revisar y mantener actualizado los sistemas de estad\u00edsticas universitarias.<\/li>\n<li>Realizar y analizar estad\u00edsticas acad\u00e9micas de las facultades y carreras, para verificar el cumplimiento de los \u00edndices m\u00ednimos.<\/li>\n<li>Evaluar el cumplimiento de las normas, disposiciones legales y pol\u00edticas aplicables al departamento de planificaci\u00f3n.<\/li>\n<li>Examinar la asignaci\u00f3n y uso de los recursos financieros del programa de inversi\u00f3n.<\/li>\n<\/ol>\n<\/blockquote>\n","protected":false},"excerpt":{"rendered":"<p>Funciones Dirigir, coordinar y efectuar el planeamiento institucional. Coordinar con los diferentes niveles jer\u00e1rquicos (Rector, Secretarios, Decanos, etc.) la formulaci\u00f3n de planes en base a la normativa vigente, as\u00ed como [&hellip;]<\/p>\n","protected":false},"author":123,"featured_media":0,"parent":0,"menu_order":0,"comment_status":"closed","ping_status":"open","template":"","meta":{"jetpack_post_was_ever_published":false,"_joinchat":[],"footnotes":""},"class_list":["post-13","page","type-page","status-publish","hentry"],"jetpack_sharing_enabled":true,"jetpack_shortlink":"https:\/\/wp.me\/P9PoFo-d","jetpack-related-posts":[],"publishpress_future_action":{"enabled":false,"date":"2026-04-23 04:02:43","action":"change-status","newStatus":"draft","terms":[],"taxonomy":"","extraData":[]},"publishpress_future_workflow_manual_trigger":{"enabledWorkflows":[]},"_links":{"self":[{"href":"https:\/\/www.uajms.edu.bo\/dpu\/wp-json\/wp\/v2\/pages\/13","targetHints":{"allow":["GET"]}}],"collection":[{"href":"https:\/\/www.uajms.edu.bo\/dpu\/wp-json\/wp\/v2\/pages"}],"about":[{"href":"https:\/\/www.uajms.edu.bo\/dpu\/wp-json\/wp\/v2\/types\/page"}],"author":[{"embeddable":true,"href":"https:\/\/www.uajms.edu.bo\/dpu\/wp-json\/wp\/v2\/users\/123"}],"replies":[{"embeddable":true,"href":"https:\/\/www.uajms.edu.bo\/dpu\/wp-json\/wp\/v2\/comments?post=13"}],"version-history":[{"count":5,"href":"https:\/\/www.uajms.edu.bo\/dpu\/wp-json\/wp\/v2\/pages\/13\/revisions"}],"predecessor-version":[{"id":1712,"href":"https:\/\/www.uajms.edu.bo\/dpu\/wp-json\/wp\/v2\/pages\/13\/revisions\/1712"}],"wp:attachment":[{"href":"https:\/\/www.uajms.edu.bo\/dpu\/wp-json\/wp\/v2\/media?parent=13"}],"curies":[{"name":"wp","href":"https:\/\/api.w.org\/{rel}","templated":true}]}}