

{"id":6,"date":"2018-05-16T15:00:18","date_gmt":"2018-05-16T15:00:18","guid":{"rendered":"http:\/\/www.uajms.edu.bo\/ceanid\/?page_id=6"},"modified":"2022-06-29T19:56:46","modified_gmt":"2022-06-29T19:56:46","slug":"acerca-de2","status":"publish","type":"page","link":"https:\/\/www.uajms.edu.bo\/ceanid\/acerca-de2\/","title":{"rendered":"Quienes Somos?"},"content":{"rendered":"<p><strong>CEANID<\/strong> Es una unidad de servicio dependiente de la Facultad de Ciencias y Tecnolog\u00eda de la Universidad Aut\u00f3noma Juan Misael Saracho, que atiende las necesidades de an\u00e1lisis, asesoramiento t\u00e9cnico e investigaci\u00f3n, destinado a los sectores agropecuario, industrial, salud, nutrici\u00f3n, saneamiento b\u00e1sico y ambiental, sin dejar de proporcionar el respaldo a las actividades de apoyo acad\u00e9mico, trabajos de tesis, pos-grado e investigaci\u00f3n.<\/p>\n<ul>\n<li>Es miembro de la Red de Laboratorios Oficiales de An\u00e1lisis de Alimentos <strong>\u201cRELOAA\u201d<\/strong>.<\/li>\n<li>Es miembro de la Red Nacional de Laboratorios de Micro Nutrientes.<\/li>\n<li>Es miembro de la Red Interamericana de Laboratorios de An\u00e1lisis de Alimentos <strong>\u201cRILAA\u201d<\/strong>.<\/li>\n<li>Es Laboratorio Oficial del Ministerio de Salud y Deportes a nivel de todo el Departamento de Tarija.<\/li>\n<\/ul>\n<p>Es Laboratorio autorizado por el Servicio Nacional de Sanidad Agropecuaria e Inocuidad Alimentaria <strong>\u201cSENASAG\u201d<\/strong>, para prestar servicios de an\u00e1lisis con car\u00e1cter oficial en Bolivia.<\/p>\n","protected":false},"excerpt":{"rendered":"<p>CEANID Es una unidad de servicio dependiente de la Facultad de Ciencias y Tecnolog\u00eda de la Universidad Aut\u00f3noma Juan Misael Saracho, que atiende las necesidades de an\u00e1lisis, asesoramiento t\u00e9cnico e [&hellip;]<\/p>\n","protected":false},"author":1,"featured_media":0,"parent":0,"menu_order":0,"comment_status":"closed","ping_status":"closed","template":"","meta":{"_joinchat":[],"footnotes":""},"class_list":["post-6","page","type-page","status-publish","hentry"],"publishpress_future_action":{"enabled":false,"date":"2026-04-26 13:06:15","action":"change-status","newStatus":"draft","terms":[],"taxonomy":"","extraData":[]},"publishpress_future_workflow_manual_trigger":{"enabledWorkflows":[]},"_links":{"self":[{"href":"https:\/\/www.uajms.edu.bo\/ceanid\/wp-json\/wp\/v2\/pages\/6","targetHints":{"allow":["GET"]}}],"collection":[{"href":"https:\/\/www.uajms.edu.bo\/ceanid\/wp-json\/wp\/v2\/pages"}],"about":[{"href":"https:\/\/www.uajms.edu.bo\/ceanid\/wp-json\/wp\/v2\/types\/page"}],"author":[{"embeddable":true,"href":"https:\/\/www.uajms.edu.bo\/ceanid\/wp-json\/wp\/v2\/users\/1"}],"replies":[{"embeddable":true,"href":"https:\/\/www.uajms.edu.bo\/ceanid\/wp-json\/wp\/v2\/comments?post=6"}],"version-history":[{"count":6,"href":"https:\/\/www.uajms.edu.bo\/ceanid\/wp-json\/wp\/v2\/pages\/6\/revisions"}],"predecessor-version":[{"id":2213,"href":"https:\/\/www.uajms.edu.bo\/ceanid\/wp-json\/wp\/v2\/pages\/6\/revisions\/2213"}],"wp:attachment":[{"href":"https:\/\/www.uajms.edu.bo\/ceanid\/wp-json\/wp\/v2\/media?parent=6"}],"curies":[{"name":"wp","href":"https:\/\/api.w.org\/{rel}","templated":true}]}}